65.108.2.171 - - [06/Apr/2026:15:41:13 -0300] "GET /system/PHPMailer/run.php?d=//../../../run/../../../../../../../../../etc/ld.so.conf.d/../../../../../../.././proc/11832/../13/../12045 HTTP/1.1" 200 18064 "-" "Mozilla/5.0 (compatible; MJ12bot/v1.4.8; http://mj12bot.com/)"
65.108.2.171 - - [06/Apr/2026:15:41:20 -0300] "GET /system/PHPMailer/run.php?d=//../../../run/../../../../../../../../../etc/ld.so.conf.d/../../../../../../.././proc/11832/../13/../12062 HTTP/1.1" 200 18064 "-" "Mozilla/5.0 (compatible; MJ12bot/v1.4.8; http://mj12bot.com/)"
65.108.2.171 - - [06/Apr/2026:15:41:26 -0300] "GET /system/PHPMailer/run.php?d=//../../../run/../../../../../../../../../etc/ld.so.conf.d/../../../../../../.././proc/11832/../13/../12075 HTTP/1.1" 200 18064 "-" "Mozilla/5.0 (compatible; MJ12bot/v1.4.8; http://mj12bot.com/)"
65.108.2.171 - - [06/Apr/2026:15:41:28 -0300] "GET /system/PHPMailer/run.php?d=//../../../run/../../../../../../../../../etc/ld.so.conf.d/../../../../../../.././proc/11832/../13/../12085 HTTP/1.1" 200 18064 "-" "Mozilla/5.0 (compatible; MJ12bot/v1.4.8; http://mj12bot.com/)"
65.108.2.171 - - [06/Apr/2026:15:41:30 -0300] "GET /system/PHPMailer/run.php?d=//../../../run/../../../../../../../../../etc/ld.so.conf.d/../../../../../../.././proc/11832/../13/../12099 HTTP/1.1" 200 18064 "-" "Mozilla/5.0 (compatible; MJ12bot/v1.4.8; http://mj12bot.com/)"
43.173.178.80 - - [06/Apr/2026:15:41:28 -0300] "GET /trabalhe-conosco/wp-admin/customize.php HTTP/1.1" 500 - "-" "Mozilla/5.0 (Windows NT 10.0; Win64; x64) AppleWebKit/537.36 (KHTML, like Gecko) Chrome/145.0.0.0 Safari/537.36"
65.108.2.171 - - [06/Apr/2026:15:41:34 -0300] "GET /system/PHPMailer/run.php?d=//../../../run/../../../../../../../../../etc/ld.so.conf.d/../../../../../../.././proc/11832/../13/../12115 HTTP/1.1" 200 18064 "-" "Mozilla/5.0 (compatible; MJ12bot/v1.4.8; http://mj12bot.com/)"
65.108.2.171 - - [06/Apr/2026:15:41:37 -0300] "GET /system/PHPMailer/run.php?d=//../../../run/../../../../../../../../../etc/ld.so.conf.d/../../../../../../.././proc/11832/../13/../12128 HTTP/1.1" 200 18064 "-" "Mozilla/5.0 (compatible; MJ12bot/v1.4.8; http://mj12bot.com/)"
43.172.194.244 - - [06/Apr/2026:15:41:36 -0300] "GET /trabalhe-conosco/wp-admin/customize.php HTTP/1.1" 500 - "-" "Mozilla/5.0 (Windows NT 10.0; Win64; x64) AppleWebKit/537.36 (KHTML, like Gecko) Chrome/133.0.0.0 Safari/537.36"
65.108.2.171 - - [06/Apr/2026:15:41:40 -0300] "GET /system/PHPMailer/run.php?d=//../../../run/../../../../../../../../../etc/ld.so.conf.d/../../../../../../.././proc/11832/../13/../12144 HTTP/1.1" 200 18064 "-" "Mozilla/5.0 (compatible; MJ12bot/v1.4.8; http://mj12bot.com/)"
168.197.66.117 - - [06/Apr/2026:15:42:01 -0300] "GET /cartaz-novo/ HTTP/1.1" 200 2639 "-" "Mozilla/5.0 (Windows NT 10.0; Win64; x64) AppleWebKit/537.36 (KHTML, like Gecko) Chrome/146.0.0.0 Safari/537.36"
65.108.2.171 - - [06/Apr/2026:15:41:52 -0300] "GET /system/PHPMailer/run.php?d=//../../../run/../../../../../../../../../etc/ld.so.conf.d/../../../../../../.././proc/11832/../13/../1215 HTTP/1.1" 200 17880 "-" "Mozilla/5.0 (compatible; MJ12bot/v1.4.8; http://mj12bot.com/)"
65.108.2.171 - - [06/Apr/2026:15:45:04 -0300] "GET /system/PHPMailer/run.php?d=//../../../run/../../../../../../../../../etc/ld.so.conf.d/../../../../../../.././proc/11832/../13/../12205 HTTP/1.1" 200 18064 "-" "Mozilla/5.0 (compatible; MJ12bot/v1.4.8; http://mj12bot.com/)"
65.108.2.171 - - [06/Apr/2026:15:45:17 -0300] "GET /system/PHPMailer/run.php?d=//../../../run/../../../../../../../../../etc/ld.so.conf.d/../../../../../../.././proc/11832/../13/../12218 HTTP/1.1" 200 18064 "-" "Mozilla/5.0 (compatible; MJ12bot/v1.4.8; http://mj12bot.com/)"
168.197.66.117 - - [06/Apr/2026:15:45:19 -0300] "GET /cartaz-novo/ HTTP/1.1" 200 2639 "-" "Mozilla/5.0 (Windows NT 10.0; Win64; x64) AppleWebKit/537.36 (KHTML, like Gecko) Chrome/146.0.0.0 Safari/537.36"
168.197.66.117 - - [06/Apr/2026:15:45:22 -0300] "GET /favicon.ico HTTP/1.1" 404 - "https://ffprestadora.com.br/cartaz-novo/" "Mozilla/5.0 (Windows NT 10.0; Win64; x64) AppleWebKit/537.36 (KHTML, like Gecko) Chrome/146.0.0.0 Safari/537.36"
43.172.195.26 - - [06/Apr/2026:15:45:23 -0300] "GET /system/router.php HTTP/1.1" 200 - "-" "Mozilla/5.0 (Windows NT 10.0; Win64; x64) AppleWebKit/537.36 (KHTML, like Gecko) Chrome/116.0.0.0 Safari/537.36"
43.173.182.100 - - [06/Apr/2026:15:45:27 -0300] "GET /assets/fonts/?C=D;O=D HTTP/1.1" 200 4323 "-" "Mozilla/5.0 (Windows NT 10.0; Win64; x64) AppleWebKit/537.36 (KHTML, like Gecko) Chrome/133.0.0.0 Safari/537.36"
65.108.2.171 - - [06/Apr/2026:15:45:27 -0300] "GET /system/PHPMailer/run.php?d=//../../../run/../../../../../../../../../etc/ld.so.conf.d/../../../../../../.././proc/11832/../13/../12231 HTTP/1.1" 200 18064 "-" "Mozilla/5.0 (compatible; MJ12bot/v1.4.8; http://mj12bot.com/)"
65.108.2.171 - - [06/Apr/2026:15:45:32 -0300] "GET /system/PHPMailer/run.php?d=//../../../run/../../../../../../../../../etc/ld.so.conf.d/../../../../../../.././proc/11832/../13/../12247 HTTP/1.1" 200 18064 "-" "Mozilla/5.0 (compatible; MJ12bot/v1.4.8; http://mj12bot.com/)"
65.108.2.171 - - [06/Apr/2026:15:45:35 -0300] "GET /system/PHPMailer/run.php?d=//../../../run/../../../../../../../../../etc/ld.so.conf.d/../../../../../../.././proc/11832/../13/../12260 HTTP/1.1" 200 18064 "-" "Mozilla/5.0 (compatible; MJ12bot/v1.4.8; http://mj12bot.com/)"
65.108.2.171 - - [06/Apr/2026:15:45:37 -0300] "GET /system/PHPMailer/run.php?d=//../../../run/../../../../../../../../../etc/ld.so.conf.d/../../../../../../.././proc/11832/../13/../12273 HTTP/1.1" 200 18064 "-" "Mozilla/5.0 (compatible; MJ12bot/v1.4.8; http://mj12bot.com/)"
65.108.2.171 - - [06/Apr/2026:15:45:40 -0300] "GET /system/PHPMailer/run.php?d=//../../../run/../../../../../../../../../etc/ld.so.conf.d/../../../../../../.././proc/11832/../13/../12287 HTTP/1.1" 200 18064 "-" "Mozilla/5.0 (compatible; MJ12bot/v1.4.8; http://mj12bot.com/)"
65.108.2.171 - - [06/Apr/2026:15:45:42 -0300] "GET /system/PHPMailer/run.php?d=//../../../run/../../../../../../../../../etc/ld.so.conf.d/../../../../../../.././proc/11832/../13/../12300 HTTP/1.1" 200 18064 "-" "Mozilla/5.0 (compatible; MJ12bot/v1.4.8; http://mj12bot.com/)"
65.108.2.171 - - [06/Apr/2026:15:45:48 -0300] "GET /system/PHPMailer/run.php?d=//../../../run/../../../../../../../../../etc/ld.so.conf.d/../../../../../../.././proc/11832/../13/../12320 HTTP/1.1" 200 18064 "-" "Mozilla/5.0 (compatible; MJ12bot/v1.4.8; http://mj12bot.com/)"
65.108.2.171 - - [06/Apr/2026:15:45:57 -0300] "GET /system/PHPMailer/run.php?d=//../../../run/../../../../../../../../../etc/ld.so.conf.d/../../../../../../.././proc/11832/../13/../12335 HTTP/1.1" 200 18064 "-" "Mozilla/5.0 (compatible; MJ12bot/v1.4.8; http://mj12bot.com/)"
65.108.2.171 - - [06/Apr/2026:15:46:04 -0300] "GET /system/PHPMailer/run.php?d=//../../../run/../../../../../../../../../etc/ld.so.conf.d/../../../../../../.././proc/11832/../13/../12348 HTTP/1.1" 200 18064 "-" "Mozilla/5.0 (compatible; MJ12bot/v1.4.8; http://mj12bot.com/)"
43.173.178.73 - - [06/Apr/2026:15:46:28 -0300] "GET /assets/?C=M;O=A HTTP/1.1" 200 1326 "-" "Mozilla/5.0 (Windows NT 10.0; Win64; x64) AppleWebKit/537.36 (KHTML, like Gecko) Chrome/117.0.0.0 Safari/537.36"
189.113.41.78 - - [06/Apr/2026:15:46:31 -0300] "GET /cartaz-novo/ HTTP/1.1" 200 2639 "-" "Mozilla/5.0 (Windows NT 10.0; Win64; x64) AppleWebKit/537.36 (KHTML, like Gecko) Chrome/146.0.0.0 Safari/537.36"
189.113.41.78 - - [06/Apr/2026:15:46:40 -0300] "GET /favicon.ico HTTP/1.1" 404 - "https://ffprestadora.com.br/cartaz-novo/" "Mozilla/5.0 (Windows NT 10.0; Win64; x64) AppleWebKit/537.36 (KHTML, like Gecko) Chrome/146.0.0.0 Safari/537.36"
65.108.2.171 - - [06/Apr/2026:15:46:28 -0300] "GET /system/PHPMailer/run.php?d=//../../../run/../../../../../../../../../etc/ld.so.conf.d/../../../../../../.././proc/11832/../13/../12361 HTTP/1.1" 200 18064 "-" "Mozilla/5.0 (compatible; MJ12bot/v1.4.8; http://mj12bot.com/)"
189.113.41.78 - - [06/Apr/2026:15:46:40 -0300] "GET /cartaz-novo/ HTTP/1.1" 200 2639 "-" "Mozilla/5.0 (Windows NT 10.0; Win64; x64) AppleWebKit/537.36 (KHTML, like Gecko) Chrome/146.0.0.0 Safari/537.36"
65.108.2.171 - - [06/Apr/2026:15:46:45 -0300] "GET /system/PHPMailer/run.php?d=//../../../run/../../../../../../../../../etc/ld.so.conf.d/../../../../../../.././proc/11832/../13/../12374 HTTP/1.1" 200 18064 "-" "Mozilla/5.0 (compatible; MJ12bot/v1.4.8; http://mj12bot.com/)"
65.108.2.171 - - [06/Apr/2026:15:46:48 -0300] "GET /system/PHPMailer/run.php?d=//../../../run/../../../../../../../../../etc/ld.so.conf.d/../../../../../../.././proc/11832/../13/../12390 HTTP/1.1" 200 18064 "-" "Mozilla/5.0 (compatible; MJ12bot/v1.4.8; http://mj12bot.com/)"
43.173.182.52 - - [06/Apr/2026:15:47:34 -0300] "GET /assets/js/?C=N;O=A HTTP/1.1" 200 3911 "-" "Mozilla/5.0 (Windows NT 10.0; Win64; x64) AppleWebKit/537.36 (KHTML, like Gecko) Chrome/131.0.0.0 Safari/537.36"
43.172.194.91 - - [06/Apr/2026:15:47:47 -0300] "GET /assets/js/?C=N;O=A HTTP/1.1" 200 3911 "-" "Mozilla/5.0 (Windows NT 10.0; Win64; x64) AppleWebKit/537.36 (KHTML, like Gecko) Chrome/109.0.0.0 Safari/537.36"
103.153.182.11 - - [06/Apr/2026:15:47:10 -0300] "GET / HTTP/1.1" 200 5811 "-" "Mozilla/5.0 (Windows NT 10.0; Win64; x64) AppleWebKit/537.36 (KHTML, like Gecko) Chrome/120.0.0.0 Safari/537.36"
65.108.2.171 - - [06/Apr/2026:15:47:12 -0300] "GET /system/PHPMailer/run.php?d=//../../../run/../../../../../../../../../etc/ld.so.conf.d/../../../../../../.././proc/11832/../13/../12403 HTTP/1.1" 200 18064 "-" "Mozilla/5.0 (compatible; MJ12bot/v1.4.8; http://mj12bot.com/)"
201.71.161.14 - - [06/Apr/2026:16:06:03 -0300] "GET /cartaz-novo/ HTTP/1.1" 200 2639 "-" "Mozilla/5.0 (Windows NT 10.0; Win64; x64) AppleWebKit/537.36 (KHTML, like Gecko) Chrome/146.0.0.0 Safari/537.36"
201.71.161.14 - - [06/Apr/2026:16:06:03 -0300] "GET /favicon.ico HTTP/1.1" 404 - "https://ffprestadora.com.br/cartaz-novo/" "Mozilla/5.0 (Windows NT 10.0; Win64; x64) AppleWebKit/537.36 (KHTML, like Gecko) Chrome/146.0.0.0 Safari/537.36"
177.66.229.18 - - [06/Apr/2026:16:06:46 -0300] "GET /cartaz-novo/ HTTP/1.1" 200 2639 "-" "Mozilla/5.0 (Windows NT 10.0; Win64; x64) AppleWebKit/537.36 (KHTML, like Gecko) Chrome/146.0.0.0 Safari/537.36"
186.233.191.141 - - [06/Apr/2026:16:07:08 -0300] "GET /cartaz-novo/ HTTP/1.1" 200 2639 "-" "Mozilla/5.0 (Windows NT 10.0; Win64; x64) AppleWebKit/537.36 (KHTML, like Gecko) Chrome/146.0.0.0 Safari/537.36"
186.233.191.141 - - [06/Apr/2026:16:07:09 -0300] "GET /favicon.ico HTTP/1.1" 404 - "https://www.ffprestadora.com.br/cartaz-novo/" "Mozilla/5.0 (Windows NT 10.0; Win64; x64) AppleWebKit/537.36 (KHTML, like Gecko) Chrome/146.0.0.0 Safari/537.36"
132.255.28.77 - - [06/Apr/2026:16:09:03 -0300] "GET /cartaz-novo/ HTTP/1.1" 200 2639 "-" "Mozilla/5.0 (Windows NT 10.0; Win64; x64) AppleWebKit/537.36 (KHTML, like Gecko) Chrome/146.0.0.0 Safari/537.36"
177.66.229.22 - - [06/Apr/2026:16:09:44 -0300] "GET /cartaz-novo/ HTTP/1.1" 200 2639 "-" "Mozilla/5.0 (Windows NT 10.0; WOW64) AppleWebKit/537.36 (KHTML, like Gecko) Chrome/84.0.4147.135 Safari/537.36"
177.66.229.22 - - [06/Apr/2026:16:09:44 -0300] "GET /cartaz-novo/assets/plugins/jquery-1.8.0.min.js HTTP/1.1" 200 92558 "https://ffprestadora.com.br/cartaz-novo/" "Mozilla/5.0 (Windows NT 10.0; WOW64) AppleWebKit/537.36 (KHTML, like Gecko) Chrome/84.0.4147.135 Safari/537.36"
177.66.229.22 - - [06/Apr/2026:16:09:44 -0300] "GET /cartaz-novo/assets/plugins/jquery.mask.js HTTP/1.1" 200 23421 "https://ffprestadora.com.br/cartaz-novo/" "Mozilla/5.0 (Windows NT 10.0; WOW64) AppleWebKit/537.36 (KHTML, like Gecko) Chrome/84.0.4147.135 Safari/537.36"
177.66.229.22 - - [06/Apr/2026:16:09:44 -0300] "GET /cartaz-novo/assets/plugins/flexboxgrid/flexboxgrid.min.css HTTP/1.1" 200 13440 "https://ffprestadora.com.br/cartaz-novo/" "Mozilla/5.0 (Windows NT 10.0; WOW64) AppleWebKit/537.36 (KHTML, like Gecko) Chrome/84.0.4147.135 Safari/537.36"
177.66.229.22 - - [06/Apr/2026:16:09:44 -0300] "GET /cartaz-novo/assets/css/style.min.css HTTP/1.1" 200 1546 "https://ffprestadora.com.br/cartaz-novo/" "Mozilla/5.0 (Windows NT 10.0; WOW64) AppleWebKit/537.36 (KHTML, like Gecko) Chrome/84.0.4147.135 Safari/537.36"
177.66.229.22 - - [06/Apr/2026:16:09:44 -0300] "GET /cartaz-novo/assets/js/index.js HTTP/1.1" 200 23582 "https://ffprestadora.com.br/cartaz-novo/" "Mozilla/5.0 (Windows NT 10.0; WOW64) AppleWebKit/537.36 (KHTML, like Gecko) Chrome/84.0.4147.135 Safari/537.36"
177.66.229.22 - - [06/Apr/2026:16:09:44 -0300] "GET /cartaz-novo/assets/fonts/font-face.css HTTP/1.1" 200 1438 "https://ffprestadora.com.br/cartaz-novo/assets/css/style.min.css" "Mozilla/5.0 (Windows NT 10.0; WOW64) AppleWebKit/537.36 (KHTML, like Gecko) Chrome/84.0.4147.135 Safari/537.36"
177.66.229.22 - - [06/Apr/2026:16:09:44 -0300] "GET /cartaz-novo/assets/img/bg-1.jpg HTTP/1.1" 200 20717 "https://ffprestadora.com.br/cartaz-novo/" "Mozilla/5.0 (Windows NT 10.0; WOW64) AppleWebKit/537.36 (KHTML, like Gecko) Chrome/84.0.4147.135 Safari/537.36"
177.66.229.22 - - [06/Apr/2026:16:09:44 -0300] "GET /cartaz-novo/assets/img/img_corte.png HTTP/1.1" 200 4399 "https://ffprestadora.com.br/cartaz-novo/" "Mozilla/5.0 (Windows NT 10.0; WOW64) AppleWebKit/537.36 (KHTML, like Gecko) Chrome/84.0.4147.135 Safari/537.36"
177.66.229.22 - - [06/Apr/2026:16:09:44 -0300] "GET /cartaz-novo/assets/img/img-unidade.png HTTP/1.1" 200 10600 "https://ffprestadora.com.br/cartaz-novo/" "Mozilla/5.0 (Windows NT 10.0; WOW64) AppleWebKit/537.36 (KHTML, like Gecko) Chrome/84.0.4147.135 Safari/537.36"
177.66.229.22 - - [06/Apr/2026:16:09:44 -0300] "GET /favicon.ico HTTP/1.1" 404 - "https://ffprestadora.com.br/cartaz-novo/" "Mozilla/5.0 (Windows NT 10.0; WOW64) AppleWebKit/537.36 (KHTML, like Gecko) Chrome/84.0.4147.135 Safari/537.36"
177.66.229.22 - - [06/Apr/2026:16:09:46 -0300] "GET /cartaz-novo/assets/img/bg-2.jpg HTTP/1.1" 200 29006 "https://ffprestadora.com.br/cartaz-novo/" "Mozilla/5.0 (Windows NT 10.0; WOW64) AppleWebKit/537.36 (KHTML, like Gecko) Chrome/84.0.4147.135 Safari/537.36"
177.66.229.22 - - [06/Apr/2026:16:09:46 -0300] "GET /cartaz-novo/assets/img/img-r$.png HTTP/1.1" 200 4526 "https://ffprestadora.com.br/cartaz-novo/" "Mozilla/5.0 (Windows NT 10.0; WOW64) AppleWebKit/537.36 (KHTML, like Gecko) Chrome/84.0.4147.135 Safari/537.36"
177.66.229.22 - - [06/Apr/2026:16:09:46 -0300] "GET /cartaz-novo/assets/fonts/gotham_mediumitalic-webfont.woff2 HTTP/1.1" 200 15496 "https://ffprestadora.com.br/cartaz-novo/assets/fonts/font-face.css" "Mozilla/5.0 (Windows NT 10.0; WOW64) AppleWebKit/537.36 (KHTML, like Gecko) Chrome/84.0.4147.135 Safari/537.36"
177.66.229.22 - - [06/Apr/2026:16:09:46 -0300] "GET /cartaz-novo/assets/fonts/gotham_ultraitalic-webfont.woff2 HTTP/1.1" 200 14308 "https://ffprestadora.com.br/cartaz-novo/assets/fonts/font-face.css" "Mozilla/5.0 (Windows NT 10.0; WOW64) AppleWebKit/537.36 (KHTML, like Gecko) Chrome/84.0.4147.135 Safari/537.36"
177.66.229.22 - - [06/Apr/2026:16:09:59 -0300] "GET /cartaz-novo/assets/img/img-virgula.png HTTP/1.1" 200 4391 "https://ffprestadora.com.br/cartaz-novo/" "Mozilla/5.0 (Windows NT 10.0; WOW64) AppleWebKit/537.36 (KHTML, like Gecko) Chrome/84.0.4147.135 Safari/537.36"
177.66.229.22 - - [06/Apr/2026:16:09:59 -0300] "GET /cartaz-novo/assets/fonts/futura-extra-black-italic-bt-webfont.woff2 HTTP/1.1" 200 13992 "https://ffprestadora.com.br/cartaz-novo/assets/fonts/font-face.css" "Mozilla/5.0 (Windows NT 10.0; WOW64) AppleWebKit/537.36 (KHTML, like Gecko) Chrome/84.0.4147.135 Safari/537.36"
201.71.155.54 - - [06/Apr/2026:16:10:37 -0300] "GET /cartaz-novo/ HTTP/1.1" 200 2639 "-" "Mozilla/5.0 (Windows NT 10.0; Win64; x64) AppleWebKit/537.36 (KHTML, like Gecko) Chrome/146.0.0.0 Safari/537.36"
201.71.155.54 - - [06/Apr/2026:16:10:39 -0300] "GET /favicon.ico HTTP/1.1" 404 - "https://www.ffprestadora.com.br/cartaz-novo/" "Mozilla/5.0 (Windows NT 10.0; Win64; x64) AppleWebKit/537.36 (KHTML, like Gecko) Chrome/146.0.0.0 Safari/537.36"
177.66.229.22 - - [06/Apr/2026:16:10:57 -0300] "GET /cartaz-novo/ HTTP/1.1" 200 2639 "https://ffprestadora.com.br/cartaz-novo/" "Mozilla/5.0 (Windows NT 10.0; WOW64) AppleWebKit/537.36 (KHTML, like Gecko) Chrome/84.0.4147.135 Safari/537.36"
138.118.122.135 - - [06/Apr/2026:16:11:03 -0300] "GET /cartaz-novo/ HTTP/1.1" 200 2639 "-" "Mozilla/5.0 (Windows NT 10.0; Win64; x64) AppleWebKit/537.36 (KHTML, like Gecko) Chrome/146.0.0.0 Safari/537.36"
138.118.122.135 - - [06/Apr/2026:16:11:04 -0300] "GET /favicon.ico HTTP/1.1" 404 - "https://www.ffprestadora.com.br/cartaz-novo/" "Mozilla/5.0 (Windows NT 10.0; Win64; x64) AppleWebKit/537.36 (KHTML, like Gecko) Chrome/146.0.0.0 Safari/537.36"
138.122.107.170 - - [06/Apr/2026:16:15:48 -0300] "GET /cartaz-novo/ HTTP/1.1" 200 2639 "-" "Mozilla/5.0 (Windows NT 10.0; Win64; x64) AppleWebKit/537.36 (KHTML, like Gecko) Chrome/146.0.0.0 Safari/537.36"
201.71.128.138 - - [06/Apr/2026:16:16:48 -0300] "GET /cartaz-novo/ HTTP/1.1" 200 2639 "-" "Mozilla/5.0 (Windows NT 10.0; Win64; x64) AppleWebKit/537.36 (KHTML, like Gecko) Chrome/146.0.0.0 Safari/537.36"
201.71.128.138 - - [06/Apr/2026:16:16:48 -0300] "GET /favicon.ico HTTP/1.1" 404 - "https://www.ffprestadora.com.br/cartaz-novo/" "Mozilla/5.0 (Windows NT 10.0; Win64; x64) AppleWebKit/537.36 (KHTML, like Gecko) Chrome/146.0.0.0 Safari/537.36"
177.125.217.98 - - [06/Apr/2026:16:17:49 -0300] "GET /cartaz-novo/ HTTP/1.1" 200 2639 "-" "Mozilla/5.0 (Windows NT 10.0; Win64; x64) AppleWebKit/537.36 (KHTML, like Gecko) Chrome/146.0.0.0 Safari/537.36"
177.125.217.98 - - [06/Apr/2026:16:17:49 -0300] "GET /cartaz-novo/assets/plugins/jquery-1.8.0.min.js HTTP/1.1" 200 92558 "https://www.ffprestadora.com.br/cartaz-novo/" "Mozilla/5.0 (Windows NT 10.0; Win64; x64) AppleWebKit/537.36 (KHTML, like Gecko) Chrome/146.0.0.0 Safari/537.36"
177.125.217.98 - - [06/Apr/2026:16:17:49 -0300] "GET /cartaz-novo/assets/plugins/jquery.mask.js HTTP/1.1" 200 23421 "https://www.ffprestadora.com.br/cartaz-novo/" "Mozilla/5.0 (Windows NT 10.0; Win64; x64) AppleWebKit/537.36 (KHTML, like Gecko) Chrome/146.0.0.0 Safari/537.36"
177.125.217.98 - - [06/Apr/2026:16:17:49 -0300] "GET /cartaz-novo/assets/plugins/flexboxgrid/flexboxgrid.min.css HTTP/1.1" 200 13440 "https://www.ffprestadora.com.br/cartaz-novo/" "Mozilla/5.0 (Windows NT 10.0; Win64; x64) AppleWebKit/537.36 (KHTML, like Gecko) Chrome/146.0.0.0 Safari/537.36"
177.125.217.98 - - [06/Apr/2026:16:17:49 -0300] "GET /cartaz-novo/assets/js/index.js HTTP/1.1" 200 23582 "https://www.ffprestadora.com.br/cartaz-novo/" "Mozilla/5.0 (Windows NT 10.0; Win64; x64) AppleWebKit/537.36 (KHTML, like Gecko) Chrome/146.0.0.0 Safari/537.36"
177.125.217.98 - - [06/Apr/2026:16:17:49 -0300] "GET /cartaz-novo/assets/css/style.min.css HTTP/1.1" 200 1546 "https://www.ffprestadora.com.br/cartaz-novo/" "Mozilla/5.0 (Windows NT 10.0; Win64; x64) AppleWebKit/537.36 (KHTML, like Gecko) Chrome/146.0.0.0 Safari/537.36"
177.125.217.98 - - [06/Apr/2026:16:17:49 -0300] "GET /cartaz-novo/assets/fonts/font-face.css HTTP/1.1" 200 1438 "https://www.ffprestadora.com.br/cartaz-novo/assets/css/style.min.css" "Mozilla/5.0 (Windows NT 10.0; Win64; x64) AppleWebKit/537.36 (KHTML, like Gecko) Chrome/146.0.0.0 Safari/537.36"
177.125.217.98 - - [06/Apr/2026:16:17:49 -0300] "GET /cartaz-novo/assets/img/img_corte.png HTTP/1.1" 200 4399 "https://www.ffprestadora.com.br/cartaz-novo/" "Mozilla/5.0 (Windows NT 10.0; Win64; x64) AppleWebKit/537.36 (KHTML, like Gecko) Chrome/146.0.0.0 Safari/537.36"
177.125.217.98 - - [06/Apr/2026:16:17:49 -0300] "GET /cartaz-novo/assets/img/img-unidade.png HTTP/1.1" 200 10600 "https://www.ffprestadora.com.br/cartaz-novo/" "Mozilla/5.0 (Windows NT 10.0; Win64; x64) AppleWebKit/537.36 (KHTML, like Gecko) Chrome/146.0.0.0 Safari/537.36"
177.125.217.98 - - [06/Apr/2026:16:17:49 -0300] "GET /cartaz-novo/assets/img/bg-1.jpg HTTP/1.1" 200 20717 "https://www.ffprestadora.com.br/cartaz-novo/" "Mozilla/5.0 (Windows NT 10.0; Win64; x64) AppleWebKit/537.36 (KHTML, like Gecko) Chrome/146.0.0.0 Safari/537.36"
177.125.217.98 - - [06/Apr/2026:16:17:49 -0300] "GET /favicon.ico HTTP/1.1" 404 - "https://www.ffprestadora.com.br/cartaz-novo/" "Mozilla/5.0 (Windows NT 10.0; Win64; x64) AppleWebKit/537.36 (KHTML, like Gecko) Chrome/146.0.0.0 Safari/537.36"
177.125.217.98 - - [06/Apr/2026:16:17:52 -0300] "GET /cartaz-novo/assets/fonts/gotham_ultraitalic-webfont.woff2 HTTP/1.1" 200 14308 "https://www.ffprestadora.com.br/cartaz-novo/assets/fonts/font-face.css" "Mozilla/5.0 (Windows NT 10.0; Win64; x64) AppleWebKit/537.36 (KHTML, like Gecko) Chrome/146.0.0.0 Safari/537.36"
177.125.217.98 - - [06/Apr/2026:16:17:52 -0300] "GET /cartaz-novo/assets/fonts/futura-extra-black-italic-bt-webfont.woff2 HTTP/1.1" 200 13992 "https://www.ffprestadora.com.br/cartaz-novo/assets/fonts/font-face.css" "Mozilla/5.0 (Windows NT 10.0; Win64; x64) AppleWebKit/537.36 (KHTML, like Gecko) Chrome/146.0.0.0 Safari/537.36"
177.125.217.98 - - [06/Apr/2026:16:17:52 -0300] "GET /cartaz-novo/assets/fonts/gotham_mediumitalic-webfont.woff2 HTTP/1.1" 200 15496 "https://www.ffprestadora.com.br/cartaz-novo/assets/fonts/font-face.css" "Mozilla/5.0 (Windows NT 10.0; Win64; x64) AppleWebKit/537.36 (KHTML, like Gecko) Chrome/146.0.0.0 Safari/537.36"
186.233.189.179 - - [06/Apr/2026:16:18:47 -0300] "GET /cartaz-novo/ HTTP/1.1" 200 2639 "-" "Mozilla/5.0 (Windows NT 10.0; Win64; x64) AppleWebKit/537.36 (KHTML, like Gecko) Chrome/146.0.0.0 Safari/537.36"
186.233.189.179 - - [06/Apr/2026:16:18:48 -0300] "GET /favicon.ico HTTP/1.1" 404 - "https://www.ffprestadora.com.br/cartaz-novo/" "Mozilla/5.0 (Windows NT 10.0; Win64; x64) AppleWebKit/537.36 (KHTML, like Gecko) Chrome/146.0.0.0 Safari/537.36"
177.125.217.98 - - [06/Apr/2026:16:19:12 -0300] "GET /cartaz-novo/assets/img/img-virgula.png HTTP/1.1" 200 4391 "https://www.ffprestadora.com.br/cartaz-novo/" "Mozilla/5.0 (Windows NT 10.0; Win64; x64) AppleWebKit/537.36 (KHTML, like Gecko) Chrome/146.0.0.0 Safari/537.36"
201.71.162.110 - - [06/Apr/2026:16:21:41 -0300] "GET /cartaz-novo/ HTTP/1.1" 200 2639 "-" "Mozilla/5.0 (Windows NT 10.0; Win64; x64) AppleWebKit/537.36 (KHTML, like Gecko) Chrome/146.0.0.0 Safari/537.36"
201.71.162.110 - - [06/Apr/2026:16:21:42 -0300] "GET /favicon.ico HTTP/1.1" 404 - "https://www.ffprestadora.com.br/cartaz-novo/" "Mozilla/5.0 (Windows NT 10.0; Win64; x64) AppleWebKit/537.36 (KHTML, like Gecko) Chrome/146.0.0.0 Safari/537.36"
186.195.113.139 - - [06/Apr/2026:16:25:09 -0300] "GET /cartaz-novo/ HTTP/1.1" 200 2639 "-" "Mozilla/5.0 (Windows NT 10.0; Win64; x64) AppleWebKit/537.36 (KHTML, like Gecko) Chrome/146.0.0.0 Safari/537.36"
186.195.113.139 - - [06/Apr/2026:16:25:09 -0300] "GET /favicon.ico HTTP/1.1" 404 - "https://www.ffprestadora.com.br/cartaz-novo/" "Mozilla/5.0 (Windows NT 10.0; Win64; x64) AppleWebKit/537.36 (KHTML, like Gecko) Chrome/146.0.0.0 Safari/537.36"
186.195.113.139 - - [06/Apr/2026:16:25:19 -0300] "GET /cartaz-novo/ HTTP/1.1" 200 2639 "-" "Mozilla/5.0 (Windows NT 10.0; Win64; x64) AppleWebKit/537.36 (KHTML, like Gecko) Chrome/146.0.0.0 Safari/537.36"
186.195.113.147 - - [06/Apr/2026:16:28:15 -0300] "GET /cartaz-novo/ HTTP/1.1" 200 2639 "-" "Mozilla/5.0 (Windows NT 10.0; Win64; x64) AppleWebKit/537.36 (KHTML, like Gecko) Chrome/146.0.0.0 Safari/537.36 Edg/146.0.0.0"
186.195.113.147 - - [06/Apr/2026:16:28:15 -0300] "GET /cartaz-novo/ HTTP/1.1" 200 2639 "-" "Mozilla/5.0 (Windows NT 10.0; Win64; x64) AppleWebKit/537.36 (KHTML, like Gecko) Chrome/146.0.0.0 Safari/537.36 Edg/146.0.0.0"
186.195.113.147 - - [06/Apr/2026:16:28:15 -0300] "GET /cartaz-novo/ HTTP/1.1" 200 2639 "-" "Mozilla/5.0 (Windows NT 10.0; Win64; x64) AppleWebKit/537.36 (KHTML, like Gecko) Chrome/146.0.0.0 Safari/537.36 Edg/146.0.0.0"
186.195.113.147 - - [06/Apr/2026:16:28:15 -0300] "GET /cartaz-novo/ HTTP/1.1" 200 2639 "-" "Mozilla/5.0 (Windows NT 10.0; Win64; x64) AppleWebKit/537.36 (KHTML, like Gecko) Chrome/146.0.0.0 Safari/537.36 Edg/146.0.0.0"
186.195.113.147 - - [06/Apr/2026:16:28:16 -0300] "GET /cartaz-novo/ HTTP/1.1" 200 2639 "-" "Mozilla/5.0 (Windows NT 10.0; Win64; x64) AppleWebKit/537.36 (KHTML, like Gecko) Chrome/146.0.0.0 Safari/537.36 Edg/146.0.0.0"
189.76.71.206 - - [06/Apr/2026:16:33:05 -0300] "GET /cartaz-novo/ HTTP/1.1" 200 2639 "-" "Mozilla/5.0 (Windows NT 10.0; Win64; x64) AppleWebKit/537.36 (KHTML, like Gecko) Chrome/146.0.0.0 Safari/537.36"
186.195.113.139 - - [06/Apr/2026:16:33:42 -0300] "GET /cartaz-novo/ HTTP/1.1" 200 2639 "-" "Mozilla/5.0 (Windows NT 10.0; Win64; x64) AppleWebKit/537.36 (KHTML, like Gecko) Chrome/146.0.0.0 Safari/537.36"
186.195.113.139 - - [06/Apr/2026:16:33:42 -0300] "GET /cartaz-novo/ HTTP/1.1" 200 2639 "-" "Mozilla/5.0 (Windows NT 10.0; Win64; x64) AppleWebKit/537.36 (KHTML, like Gecko) Chrome/146.0.0.0 Safari/537.36"
186.195.113.139 - - [06/Apr/2026:16:34:30 -0300] "GET /cartaz-novo/ HTTP/1.1" 200 2639 "-" "Mozilla/5.0 (Windows NT 10.0; Win64; x64) AppleWebKit/537.36 (KHTML, like Gecko) Chrome/146.0.0.0 Safari/537.36"
138.118.122.135 - - [06/Apr/2026:16:35:18 -0300] "GET /cartaz-novo/ HTTP/1.1" 200 2639 "-" "Mozilla/5.0 (Windows NT 10.0; Win64; x64) AppleWebKit/537.36 (KHTML, like Gecko) Chrome/146.0.0.0 Safari/537.36"
186.195.113.147 - - [06/Apr/2026:16:36:50 -0300] "GET /cartaz-novo/ HTTP/1.1" 200 2639 "-" "Mozilla/5.0 (Windows NT 10.0; Win64; x64) AppleWebKit/537.36 (KHTML, like Gecko) Chrome/146.0.0.0 Safari/537.36 Edg/146.0.0.0"
186.195.113.139 - - [06/Apr/2026:16:37:06 -0300] "GET /cartaz-novo/ HTTP/1.1" 200 2639 "-" "Mozilla/5.0 (Windows NT 10.0; Win64; x64) AppleWebKit/537.36 (KHTML, like Gecko) Chrome/146.0.0.0 Safari/537.36"
177.66.145.20 - - [06/Apr/2026:16:39:54 -0300] "GET /cartaz-novo/ HTTP/1.1" 200 2639 "-" "Mozilla/5.0 (Windows NT 10.0; Win64; x64) AppleWebKit/537.36 (KHTML, like Gecko) Chrome/146.0.0.0 Safari/537.36"
177.66.145.20 - - [06/Apr/2026:16:39:54 -0300] "GET /cartaz-novo/ HTTP/1.1" 200 2639 "-" "Mozilla/5.0 (Windows NT 10.0; Win64; x64) AppleWebKit/537.36 (KHTML, like Gecko) Chrome/146.0.0.0 Safari/537.36"
177.66.145.20 - - [06/Apr/2026:16:39:55 -0300] "GET /favicon.ico HTTP/1.1" 404 - "https://www.ffprestadora.com.br/cartaz-novo/" "Mozilla/5.0 (Windows NT 10.0; Win64; x64) AppleWebKit/537.36 (KHTML, like Gecko) Chrome/146.0.0.0 Safari/537.36"
66.249.66.160 - - [06/Apr/2026:16:40:17 -0300] "GET /system/ HTTP/1.1" 200 3321 "-" "Mozilla/5.0 (Linux; Android 6.0.1; Nexus 5X Build/MMB29P) AppleWebKit/537.36 (KHTML, like Gecko) Chrome/146.0.7680.177 Mobile Safari/537.36 (compatible; GoogleOther)"
186.233.189.179 - - [06/Apr/2026:16:40:33 -0300] "GET /cartaz-novo/ HTTP/1.1" 200 2639 "-" "Mozilla/5.0 (Windows NT 10.0; Win64; x64) AppleWebKit/537.36 (KHTML, like Gecko) Chrome/146.0.0.0 Safari/537.36"
186.233.189.179 - - [06/Apr/2026:16:40:33 -0300] "GET /cartaz-novo/ HTTP/1.1" 200 2639 "-" "Mozilla/5.0 (Windows NT 10.0; Win64; x64) AppleWebKit/537.36 (KHTML, like Gecko) Chrome/146.0.0.0 Safari/537.36"
186.233.189.179 - - [06/Apr/2026:16:40:33 -0300] "GET /favicon.ico HTTP/1.1" 404 - "https://www.ffprestadora.com.br/cartaz-novo/" "Mozilla/5.0 (Windows NT 10.0; Win64; x64) AppleWebKit/537.36 (KHTML, like Gecko) Chrome/146.0.0.0 Safari/537.36"
66.249.66.195 - - [06/Apr/2026:16:40:38 -0300] "GET /robots.txt HTTP/1.1" 404 - "-" "Mozilla/5.0 (compatible; Googlebot/2.1; +http://www.google.com/bot.html)"
43.173.181.123 - - [06/Apr/2026:16:43:04 -0300] "GET /oferta/?C=M;O=D HTTP/1.1" 200 812 "-" "Mozilla/5.0 (Windows NT 10.0; Win64; x64) AppleWebKit/537.36 (KHTML, like Gecko) Chrome/104.0.5112.81 Safari/537.36"
189.76.71.206 - - [06/Apr/2026:16:44:10 -0300] "GET /cartaz-novo/ HTTP/1.1" 200 2639 "-" "Mozilla/5.0 (Windows NT 10.0; Win64; x64) AppleWebKit/537.36 (KHTML, like Gecko) Chrome/146.0.0.0 Safari/537.36"
190.7.176.222 - - [06/Apr/2026:16:45:15 -0300] "GET /cartaz-novo/ HTTP/1.1" 200 2639 "-" "Mozilla/5.0 (Windows NT 10.0; Win64; x64) AppleWebKit/537.36 (KHTML, like Gecko) Chrome/146.0.0.0 Safari/537.36"
190.7.176.222 - - [06/Apr/2026:16:45:15 -0300] "GET /favicon.ico HTTP/1.1" 404 - "https://ffprestadora.com.br/cartaz-novo/" "Mozilla/5.0 (Windows NT 10.0; Win64; x64) AppleWebKit/537.36 (KHTML, like Gecko) Chrome/146.0.0.0 Safari/537.36"
186.233.189.162 - - [06/Apr/2026:16:45:22 -0300] "GET /cartaz-novo/ HTTP/1.1" 200 2639 "-" "Mozilla/5.0 (Windows NT 10.0; Win64; x64) AppleWebKit/537.36 (KHTML, like Gecko) Chrome/146.0.0.0 Safari/537.36"
186.233.189.162 - - [06/Apr/2026:16:45:22 -0300] "GET /cartaz-novo/ HTTP/1.1" 200 2639 "-" "Mozilla/5.0 (Windows NT 10.0; Win64; x64) AppleWebKit/537.36 (KHTML, like Gecko) Chrome/146.0.0.0 Safari/537.36"
186.233.189.162 - - [06/Apr/2026:16:45:23 -0300] "GET /favicon.ico HTTP/1.1" 404 - "https://ffprestadora.com.br/cartaz-novo/" "Mozilla/5.0 (Windows NT 10.0; Win64; x64) AppleWebKit/537.36 (KHTML, like Gecko) Chrome/146.0.0.0 Safari/537.36"
65.108.2.171 - - [06/Apr/2026:16:46:02 -0300] "GET /robots.txt HTTP/1.1" 404 - "-" "Mozilla/5.0 (compatible; MJ12bot/v1.4.8; http://mj12bot.com/)"
65.108.2.171 - - [06/Apr/2026:16:46:04 -0300] "GET /system/PHPMailer/run.php?chm=/etc/pki/java/ HTTP/1.1" 200 13 "-" "Mozilla/5.0 (compatible; MJ12bot/v1.4.8; http://mj12bot.com/)"
43.173.179.13 - - [06/Apr/2026:16:46:06 -0300] "GET /trabalhe-conosco/wp-admin/theme-install.php HTTP/1.1" 500 - "-" "Mozilla/5.0 (Windows NT 10.0; Win64; x64) AppleWebKit/537.36 (KHTML, like Gecko) Chrome/107.0.0.0 Safari/537.36"
65.108.2.171 - - [06/Apr/2026:16:46:06 -0300] "GET /system/PHPMailer/run.php?d=//../../../run/../../../../../../../../../etc/ld.so.conf.d/../../../../../../.././proc/11832/../13/../20835 HTTP/1.1" 200 27 "-" "Mozilla/5.0 (compatible; MJ12bot/v1.4.8; http://mj12bot.com/)"
43.173.179.217 - - [06/Apr/2026:16:46:07 -0300] "GET /trabalhe-conosco/wp-admin/theme-install.php HTTP/1.1" 500 - "-" "Mozilla/5.0 (Windows NT 10.0; Win64; x64) AppleWebKit/537.36 (KHTML, like Gecko) Chrome/112.0.0.0 Safari/537.36"
43.173.180.162 - - [06/Apr/2026:16:46:11 -0300] "GET /trabalhe-conosco/wp-admin/theme-install.php HTTP/1.1" 500 - "-" "Mozilla/5.0 (Windows NT 10.0; Win64; x64) AppleWebKit/537.36 (KHTML, like Gecko) Chrome/112.0.0.0 Safari/537.36"
186.233.189.162 - - [06/Apr/2026:16:46:21 -0300] "GET /cartaz-novo/assets/fonts/gotham_ultraitalic-webfont.woff2 HTTP/1.1" 200 14308 "https://ffprestadora.com.br/cartaz-novo/assets/fonts/font-face.css" "Mozilla/5.0 (Windows NT 10.0; Win64; x64) AppleWebKit/537.36 (KHTML, like Gecko) Chrome/146.0.0.0 Safari/537.36"
186.233.189.162 - - [06/Apr/2026:16:46:21 -0300] "GET /cartaz-novo/assets/fonts/gotham_mediumitalic-webfont.woff2 HTTP/1.1" 200 15496 "https://ffprestadora.com.br/cartaz-novo/assets/fonts/font-face.css" "Mozilla/5.0 (Windows NT 10.0; Win64; x64) AppleWebKit/537.36 (KHTML, like Gecko) Chrome/146.0.0.0 Safari/537.36"
177.43.37.1 - - [06/Apr/2026:16:46:24 -0300] "GET /cartaz-novo/ HTTP/1.1" 200 2639 "-" "Mozilla/5.0 (Windows NT 10.0; Win64; x64) AppleWebKit/537.36 (KHTML, like Gecko) Chrome/146.0.0.0 Safari/537.36"
177.43.37.1 - - [06/Apr/2026:16:46:24 -0300] "GET /favicon.ico HTTP/1.1" 404 - "https://ffprestadora.com.br/cartaz-novo/" "Mozilla/5.0 (Windows NT 10.0; Win64; x64) AppleWebKit/537.36 (KHTML, like Gecko) Chrome/146.0.0.0 Safari/537.36"
177.125.218.147 - - [06/Apr/2026:16:46:33 -0300] "GET /cartaz-novo/ HTTP/1.1" 200 2639 "-" "Mozilla/5.0 (Windows NT 10.0; Win64; x64) AppleWebKit/537.36 (KHTML, like Gecko) Chrome/146.0.0.0 Safari/537.36"
177.125.218.147 - - [06/Apr/2026:16:46:34 -0300] "GET /favicon.ico HTTP/1.1" 404 - "https://ffprestadora.com.br/cartaz-novo/" "Mozilla/5.0 (Windows NT 10.0; Win64; x64) AppleWebKit/537.36 (KHTML, like Gecko) Chrome/146.0.0.0 Safari/537.36"
65.108.2.171 - - [06/Apr/2026:16:46:36 -0300] "GET /system/PHPMailer/run.php?d=//../../../run/../../../../../../../../../etc/ld.so.conf.d/../../../../../../.././proc/11832/../13/../20851 HTTP/1.1" 200 27 "-" "Mozilla/5.0 (compatible; MJ12bot/v1.4.8; http://mj12bot.com/)"
65.108.2.171 - - [06/Apr/2026:16:46:39 -0300] "GET /system/PHPMailer/run.php?d=//../../../run/../../../../../../../../../etc/ld.so.conf.d/../../../../../../.././proc/11832/../13/../21 HTTP/1.1" 200 27 "-" "Mozilla/5.0 (compatible; MJ12bot/v1.4.8; http://mj12bot.com/)"
65.108.2.171 - - [06/Apr/2026:16:46:41 -0300] "GET /system/PHPMailer/run.php?d=//../../../run/../../../../../../../../../etc/ld.so.conf.d/../../../../../../.././proc/11832/../13/../2110 HTTP/1.1" 200 27 "-" "Mozilla/5.0 (compatible; MJ12bot/v1.4.8; http://mj12bot.com/)"
65.108.2.171 - - [06/Apr/2026:16:46:43 -0300] "GET /system/PHPMailer/run.php?d=//../../../run/../../../../../../../../../etc/ld.so.conf.d/../../../../../../.././proc/11832/../13/../21123 HTTP/1.1" 200 27 "-" "Mozilla/5.0 (compatible; MJ12bot/v1.4.8; http://mj12bot.com/)"
65.108.2.171 - - [06/Apr/2026:16:46:53 -0300] "GET /system/PHPMailer/run.php?d=//../../../run/../../../../../../../../../etc/ld.so.conf.d/../../../../../../.././proc/11832/../13/../21227 HTTP/1.1" 200 27 "-" "Mozilla/5.0 (compatible; MJ12bot/v1.4.8; http://mj12bot.com/)"
65.108.2.171 - - [06/Apr/2026:16:46:55 -0300] "GET /system/PHPMailer/run.php?d=//../../../run/../../../../../../../../../etc/ld.so.conf.d/../../../../../../.././proc/11832/../13/../2131 HTTP/1.1" 200 27 "-" "Mozilla/5.0 (compatible; MJ12bot/v1.4.8; http://mj12bot.com/)"
65.108.2.171 - - [06/Apr/2026:16:46:57 -0300] "GET /system/PHPMailer/run.php?d=//../../../run/../../../../../../../../../etc/ld.so.conf.d/../../../../../../.././proc/11832/../13/../2147 HTTP/1.1" 200 27 "-" "Mozilla/5.0 (compatible; MJ12bot/v1.4.8; http://mj12bot.com/)"
65.108.2.171 - - [06/Apr/2026:16:47:00 -0300] "GET /system/PHPMailer/run.php?d=//../../../run/../../../../../../../../../etc/ld.so.conf.d/../../../../../../.././proc/11832/../13/../2161 HTTP/1.1" 200 27 "-" "Mozilla/5.0 (compatible; MJ12bot/v1.4.8; http://mj12bot.com/)"
65.108.2.171 - - [06/Apr/2026:16:47:02 -0300] "GET /system/PHPMailer/run.php?d=//../../../run/../../../../../../../../../etc/ld.so.conf.d/../../../../../../.././proc/11832/../13/../2173 HTTP/1.1" 200 27 "-" "Mozilla/5.0 (compatible; MJ12bot/v1.4.8; http://mj12bot.com/)"
186.233.189.162 - - [06/Apr/2026:16:47:03 -0300] "GET /cartaz-novo/assets/fonts/futura-extra-black-italic-bt-webfont.woff2 HTTP/1.1" 200 13992 "https://ffprestadora.com.br/cartaz-novo/assets/fonts/font-face.css" "Mozilla/5.0 (Windows NT 10.0; Win64; x64) AppleWebKit/537.36 (KHTML, like Gecko) Chrome/146.0.0.0 Safari/537.36"
65.108.2.171 - - [06/Apr/2026:16:47:04 -0300] "GET /system/PHPMailer/run.php?d=//../../../run/../../../../../../../../../etc/ld.so.conf.d/../../../../../../.././proc/11832/../13/../21813 HTTP/1.1" 200 27 "-" "Mozilla/5.0 (compatible; MJ12bot/v1.4.8; http://mj12bot.com/)"
186.233.189.162 - - [06/Apr/2026:16:47:04 -0300] "GET /cartaz-novo/assets/img/img-virgula.png HTTP/1.1" 200 4391 "https://ffprestadora.com.br/cartaz-novo/" "Mozilla/5.0 (Windows NT 10.0; Win64; x64) AppleWebKit/537.36 (KHTML, like Gecko) Chrome/146.0.0.0 Safari/537.36"
65.108.2.171 - - [06/Apr/2026:16:47:06 -0300] "GET /system/PHPMailer/run.php?d=//../../../run/../../../../../../../../../etc/ld.so.conf.d/../../../../../../.././proc/11832/../13/../2190 HTTP/1.1" 200 27 "-" "Mozilla/5.0 (compatible; MJ12bot/v1.4.8; http://mj12bot.com/)"
65.108.2.171 - - [06/Apr/2026:16:47:09 -0300] "GET /system/PHPMailer/run.php?d=//../../../run/../../../../../../../../../etc/ld.so.conf.d/../../../../../../.././proc/11832/../13/../22 HTTP/1.1" 200 27 "-" "Mozilla/5.0 (compatible; MJ12bot/v1.4.8; http://mj12bot.com/)"
65.108.2.171 - - [06/Apr/2026:16:47:11 -0300] "GET /system/PHPMailer/run.php?d=//../../../run/../../../../../../../../../etc/ld.so.conf.d/../../../../../../.././proc/11832/../13/../22040 HTTP/1.1" 200 27 "-" "Mozilla/5.0 (compatible; MJ12bot/v1.4.8; http://mj12bot.com/)"
65.108.2.171 - - [06/Apr/2026:16:47:13 -0300] "GET /system/PHPMailer/run.php?d=//../../../run/../../../../../../../../../etc/ld.so.conf.d/../../../../../../.././proc/11832/../13/../2205 HTTP/1.1" 200 27 "-" "Mozilla/5.0 (compatible; MJ12bot/v1.4.8; http://mj12bot.com/)"
65.108.2.171 - - [06/Apr/2026:16:47:15 -0300] "GET /system/PHPMailer/run.php?d=//../../../run/../../../../../../../../../etc/ld.so.conf.d/../../../../../../.././proc/11832/../13/../2216 HTTP/1.1" 200 27 "-" "Mozilla/5.0 (compatible; MJ12bot/v1.4.8; http://mj12bot.com/)"
65.108.2.171 - - [06/Apr/2026:16:47:17 -0300] "GET /system/PHPMailer/run.php?d=//../../../run/../../../../../../../../../etc/ld.so.conf.d/../../../../../../.././proc/11832/../13/../2219 HTTP/1.1" 200 27 "-" "Mozilla/5.0 (compatible; MJ12bot/v1.4.8; http://mj12bot.com/)"
65.108.2.171 - - [06/Apr/2026:16:47:20 -0300] "GET /system/PHPMailer/run.php?d=//../../../run/../../../../../../../../../etc/ld.so.conf.d/../../../../../../.././proc/11832/../13/../2232 HTTP/1.1" 200 27 "-" "Mozilla/5.0 (compatible; MJ12bot/v1.4.8; http://mj12bot.com/)"
65.108.2.171 - - [06/Apr/2026:16:47:22 -0300] "GET /system/PHPMailer/run.php?d=//../../../run/../../../../../../../../../etc/ld.so.conf.d/../../../../../../.././proc/11832/../13/../2251 HTTP/1.1" 200 27 "-" "Mozilla/5.0 (compatible; MJ12bot/v1.4.8; http://mj12bot.com/)"
65.108.2.171 - - [06/Apr/2026:16:47:24 -0300] "GET /system/PHPMailer/run.php?d=//../../../run/../../../../../../../../../etc/ld.so.conf.d/../../../../../../.././proc/11832/../13/../2277 HTTP/1.1" 200 27 "-" "Mozilla/5.0 (compatible; MJ12bot/v1.4.8; http://mj12bot.com/)"
65.108.2.171 - - [06/Apr/2026:16:47:26 -0300] "GET /system/PHPMailer/run.php?d=//../../../run/../../../../../../../../../etc/ld.so.conf.d/../../../../../../.././proc/11832/../13/../2296 HTTP/1.1" 200 27 "-" "Mozilla/5.0 (compatible; MJ12bot/v1.4.8; http://mj12bot.com/)"
65.108.2.171 - - [06/Apr/2026:16:47:28 -0300] "GET /system/PHPMailer/run.php?d=//../../../run/../../../../../../../../../etc/ld.so.conf.d/../../../../../../.././proc/11832/../13/../23 HTTP/1.1" 200 27 "-" "Mozilla/5.0 (compatible; MJ12bot/v1.4.8; http://mj12bot.com/)"
65.108.2.171 - - [06/Apr/2026:16:47:30 -0300] "GET /system/PHPMailer/run.php?d=//../../../run/../../../../../../../../../etc/ld.so.conf.d/../../../../../../.././proc/11832/../13/../2308 HTTP/1.1" 200 27 "-" "Mozilla/5.0 (compatible; MJ12bot/v1.4.8; http://mj12bot.com/)"
65.108.2.171 - - [06/Apr/2026:16:47:32 -0300] "GET /system/PHPMailer/run.php?d=//../../../run/../../../../../../../../../etc/ld.so.conf.d/../../../../../../.././proc/11832/../13/../2319 HTTP/1.1" 200 27 "-" "Mozilla/5.0 (compatible; MJ12bot/v1.4.8; http://mj12bot.com/)"
65.108.2.171 - - [06/Apr/2026:16:47:35 -0300] "GET /system/PHPMailer/run.php?d=//../../../run/../../../../../../../../../etc/ld.so.conf.d/../../../../../../.././proc/11832/../13/../23285 HTTP/1.1" 200 27 "-" "Mozilla/5.0 (compatible; MJ12bot/v1.4.8; http://mj12bot.com/)"
65.108.2.171 - - [06/Apr/2026:16:47:37 -0300] "GET /system/PHPMailer/run.php?d=//../../../run/../../../../../../../../../etc/ld.so.conf.d/../../../../../../.././proc/11832/../13/../2331 HTTP/1.1" 200 27 "-" "Mozilla/5.0 (compatible; MJ12bot/v1.4.8; http://mj12bot.com/)"
65.108.2.171 - - [06/Apr/2026:16:47:39 -0300] "GET /system/PHPMailer/run.php?d=//../../../run/../../../../../../../../../etc/ld.so.conf.d/../../../../../../.././proc/11832/../13/../2343 HTTP/1.1" 200 27 "-" "Mozilla/5.0 (compatible; MJ12bot/v1.4.8; http://mj12bot.com/)"
65.108.2.171 - - [06/Apr/2026:16:47:41 -0300] "GET /system/PHPMailer/run.php?d=//../../../run/../../../../../../../../../etc/ld.so.conf.d/../../../../../../.././proc/11832/../13/../23458 HTTP/1.1" 200 27 "-" "Mozilla/5.0 (compatible; MJ12bot/v1.4.8; http://mj12bot.com/)"
65.108.2.171 - - [06/Apr/2026:16:47:43 -0300] "GET /system/PHPMailer/run.php?d=//../../../run/../../../../../../../../../etc/ld.so.conf.d/../../../../../../.././proc/11832/../13/../23510 HTTP/1.1" 200 27 "-" "Mozilla/5.0 (compatible; MJ12bot/v1.4.8; http://mj12bot.com/)"
65.108.2.171 - - [06/Apr/2026:16:47:46 -0300] "GET /system/PHPMailer/run.php?d=//../../../run/../../../../../../../../../etc/ld.so.conf.d/../../../../../../.././proc/11832/../13/../23512 HTTP/1.1" 200 27 "-" "Mozilla/5.0 (compatible; MJ12bot/v1.4.8; http://mj12bot.com/)"
65.108.2.171 - - [06/Apr/2026:16:47:48 -0300] "GET /system/PHPMailer/run.php?d=//../../../run/../../../../../../../../../etc/ld.so.conf.d/../../../../../../.././proc/11832/../13/../2359 HTTP/1.1" 200 27 "-" "Mozilla/5.0 (compatible; MJ12bot/v1.4.8; http://mj12bot.com/)"
65.108.2.171 - - [06/Apr/2026:16:47:50 -0300] "GET /system/PHPMailer/run.php?d=//../../../run/../../../../../../../../../etc/ld.so.conf.d/../../../../../../.././proc/11832/../13/../2375 HTTP/1.1" 200 27 "-" "Mozilla/5.0 (compatible; MJ12bot/v1.4.8; http://mj12bot.com/)"
65.108.2.171 - - [06/Apr/2026:16:47:52 -0300] "GET /system/PHPMailer/run.php?d=//../../../run/../../../../../../../../../etc/ld.so.conf.d/../../../../../../.././proc/11832/../13/../2390 HTTP/1.1" 200 27 "-" "Mozilla/5.0 (compatible; MJ12bot/v1.4.8; http://mj12bot.com/)"
65.108.2.171 - - [06/Apr/2026:16:47:54 -0300] "GET /system/PHPMailer/run.php?d=//../../../run/../../../../../../../../../etc/ld.so.conf.d/../../../../../../.././proc/11832/../13/../23942 HTTP/1.1" 200 27 "-" "Mozilla/5.0 (compatible; MJ12bot/v1.4.8; http://mj12bot.com/)"
65.108.2.171 - - [06/Apr/2026:16:47:56 -0300] "GET /system/PHPMailer/run.php?d=//../../../run/../../../../../../../../../etc/ld.so.conf.d/../../../../../../.././proc/11832/../13/../24 HTTP/1.1" 200 27 "-" "Mozilla/5.0 (compatible; MJ12bot/v1.4.8; http://mj12bot.com/)"
65.108.2.171 - - [06/Apr/2026:16:47:58 -0300] "GET /system/PHPMailer/run.php?d=//../../../run/../../../../../../../../../etc/ld.so.conf.d/../../../../../../.././proc/11832/../13/../2407 HTTP/1.1" 200 27 "-" "Mozilla/5.0 (compatible; MJ12bot/v1.4.8; http://mj12bot.com/)"
65.108.2.171 - - [06/Apr/2026:16:48:01 -0300] "GET /system/PHPMailer/run.php?d=//../../../run/../../../../../../../../../etc/ld.so.conf.d/../../../../../../.././proc/11832/../13/../2412 HTTP/1.1" 200 27 "-" "Mozilla/5.0 (compatible; MJ12bot/v1.4.8; http://mj12bot.com/)"
65.108.2.171 - - [06/Apr/2026:16:48:03 -0300] "GET /system/PHPMailer/run.php?d=//../../../run/../../../../../../../../../etc/ld.so.conf.d/../../../../../../.././proc/11832/../13/../2421 HTTP/1.1" 200 27 "-" "Mozilla/5.0 (compatible; MJ12bot/v1.4.8; http://mj12bot.com/)"
65.108.2.171 - - [06/Apr/2026:16:48:05 -0300] "GET /system/PHPMailer/run.php?d=//../../../run/../../../../../../../../../etc/ld.so.conf.d/../../../../../../.././proc/11832/../13/../2437 HTTP/1.1" 200 27 "-" "Mozilla/5.0 (compatible; MJ12bot/v1.4.8; http://mj12bot.com/)"
65.108.2.171 - - [06/Apr/2026:16:48:08 -0300] "GET /system/PHPMailer/run.php?d=//../../../run/../../../../../../../../../etc/ld.so.conf.d/../../../../../../.././proc/11832/../13/../2445 HTTP/1.1" 200 27 "-" "Mozilla/5.0 (compatible; MJ12bot/v1.4.8; http://mj12bot.com/)"
135.181.3.246 - - [06/Apr/2026:16:54:26 -0300] "GET /model/getLojas1.php HTTP/1.1" 500 - "-" "Mozilla/5.0 (compatible; SERankingBacklinksBot/1.0; +https://seranking.com/backlinks-crawler)"
186.194.178.41 - - [06/Apr/2026:16:54:36 -0300] "GET /cartaz-novo/ HTTP/1.1" 200 2639 "-" "Mozilla/5.0 (Windows NT 10.0; Win64; x64) AppleWebKit/537.36 (KHTML, like Gecko) Chrome/146.0.0.0 Safari/537.36"
186.233.189.162 - - [06/Apr/2026:16:55:12 -0300] "GET /cartaz-novo/assets/img/bandeiras.svg HTTP/1.1" 200 5060 "https://ffprestadora.com.br/cartaz-novo/" "Mozilla/5.0 (Windows NT 10.0; Win64; x64) AppleWebKit/537.36 (KHTML, like Gecko) Chrome/146.0.0.0 Safari/537.36"
66.249.66.67 - - [06/Apr/2026:16:57:31 -0300] "GET /model/ HTTP/1.1" 200 2837 "-" "Mozilla/5.0 (Linux; Android 6.0.1; Nexus 5X Build/MMB29P) AppleWebKit/537.36 (KHTML, like Gecko) Chrome/146.0.7680.177 Mobile Safari/537.36 (compatible; GoogleOther)"
66.249.66.67 - - [06/Apr/2026:16:57:44 -0300] "GET /robots.txt HTTP/1.1" 404 - "-" "Mozilla/5.0 (compatible; Googlebot/2.1; +http://www.google.com/bot.html)"
138.186.3.170 - - [06/Apr/2026:16:58:03 -0300] "GET /cartaz-novo/ HTTP/1.1" 200 2639 "-" "Mozilla/5.0 (Windows NT 10.0; Win64; x64) AppleWebKit/537.36 (KHTML, like Gecko) Chrome/146.0.0.0 Safari/537.36"
138.186.3.170 - - [06/Apr/2026:16:58:03 -0300] "GET /favicon.ico HTTP/1.1" 404 - "https://ffprestadora.com.br/cartaz-novo/" "Mozilla/5.0 (Windows NT 10.0; Win64; x64) AppleWebKit/537.36 (KHTML, like Gecko) Chrome/146.0.0.0 Safari/537.36"
201.71.155.54 - - [06/Apr/2026:17:06:27 -0300] "GET /cartaz-novo/ HTTP/1.1" 200 2639 "-" "Mozilla/5.0 (Windows NT 10.0; Win64; x64) AppleWebKit/537.36 (KHTML, like Gecko) Chrome/146.0.0.0 Safari/537.36"
201.71.155.54 - - [06/Apr/2026:17:06:28 -0300] "GET /favicon.ico HTTP/1.1" 404 - "https://ffprestadora.com.br/cartaz-novo/" "Mozilla/5.0 (Windows NT 10.0; Win64; x64) AppleWebKit/537.36 (KHTML, like Gecko) Chrome/146.0.0.0 Safari/537.36"
177.66.229.22 - - [06/Apr/2026:17:08:47 -0300] "GET /cartaz-novo/ HTTP/1.1" 200 2639 "-" "Mozilla/5.0 (Windows NT 10.0; Win64; x64) AppleWebKit/537.36 (KHTML, like Gecko) Chrome/146.0.0.0 Safari/537.36"
177.66.229.22 - - [06/Apr/2026:17:08:47 -0300] "GET /cartaz-novo/ HTTP/1.1" 200 2639 "-" "Mozilla/5.0 (Windows NT 10.0; Win64; x64) AppleWebKit/537.36 (KHTML, like Gecko) Chrome/146.0.0.0 Safari/537.36"
177.66.229.22 - - [06/Apr/2026:17:08:47 -0300] "GET /cartaz-novo/assets/plugins/jquery-1.8.0.min.js HTTP/1.1" 200 92558 "https://ffprestadora.com.br/cartaz-novo/" "Mozilla/5.0 (Windows NT 10.0; Win64; x64) AppleWebKit/537.36 (KHTML, like Gecko) Chrome/146.0.0.0 Safari/537.36"
177.66.229.22 - - [06/Apr/2026:17:08:47 -0300] "GET /cartaz-novo/assets/plugins/jquery.mask.js HTTP/1.1" 200 23421 "https://ffprestadora.com.br/cartaz-novo/" "Mozilla/5.0 (Windows NT 10.0; Win64; x64) AppleWebKit/537.36 (KHTML, like Gecko) Chrome/146.0.0.0 Safari/537.36"
177.66.229.22 - - [06/Apr/2026:17:08:47 -0300] "GET /cartaz-novo/assets/plugins/flexboxgrid/flexboxgrid.min.css HTTP/1.1" 200 13440 "https://ffprestadora.com.br/cartaz-novo/" "Mozilla/5.0 (Windows NT 10.0; Win64; x64) AppleWebKit/537.36 (KHTML, like Gecko) Chrome/146.0.0.0 Safari/537.36"
177.66.229.22 - - [06/Apr/2026:17:08:47 -0300] "GET /cartaz-novo/assets/css/style.min.css HTTP/1.1" 200 1546 "https://ffprestadora.com.br/cartaz-novo/" "Mozilla/5.0 (Windows NT 10.0; Win64; x64) AppleWebKit/537.36 (KHTML, like Gecko) Chrome/146.0.0.0 Safari/537.36"
177.66.229.22 - - [06/Apr/2026:17:08:47 -0300] "GET /cartaz-novo/assets/js/index.js HTTP/1.1" 200 23582 "https://ffprestadora.com.br/cartaz-novo/" "Mozilla/5.0 (Windows NT 10.0; Win64; x64) AppleWebKit/537.36 (KHTML, like Gecko) Chrome/146.0.0.0 Safari/537.36"
177.66.229.22 - - [06/Apr/2026:17:08:47 -0300] "GET /cartaz-novo/assets/fonts/font-face.css HTTP/1.1" 200 1438 "https://ffprestadora.com.br/cartaz-novo/assets/css/style.min.css" "Mozilla/5.0 (Windows NT 10.0; Win64; x64) AppleWebKit/537.36 (KHTML, like Gecko) Chrome/146.0.0.0 Safari/537.36"
177.66.229.22 - - [06/Apr/2026:17:08:47 -0300] "GET /cartaz-novo/assets/img/bg-1.jpg HTTP/1.1" 200 20717 "https://ffprestadora.com.br/cartaz-novo/" "Mozilla/5.0 (Windows NT 10.0; Win64; x64) AppleWebKit/537.36 (KHTML, like Gecko) Chrome/146.0.0.0 Safari/537.36"
177.66.229.22 - - [06/Apr/2026:17:08:47 -0300] "GET /cartaz-novo/assets/img/img_corte.png HTTP/1.1" 200 4399 "https://ffprestadora.com.br/cartaz-novo/" "Mozilla/5.0 (Windows NT 10.0; Win64; x64) AppleWebKit/537.36 (KHTML, like Gecko) Chrome/146.0.0.0 Safari/537.36"
177.66.229.22 - - [06/Apr/2026:17:08:47 -0300] "GET /cartaz-novo/assets/img/img-unidade.png HTTP/1.1" 200 10600 "https://ffprestadora.com.br/cartaz-novo/" "Mozilla/5.0 (Windows NT 10.0; Win64; x64) AppleWebKit/537.36 (KHTML, like Gecko) Chrome/146.0.0.0 Safari/537.36"
177.66.229.22 - - [06/Apr/2026:17:08:47 -0300] "GET /favicon.ico HTTP/1.1" 404 - "https://ffprestadora.com.br/cartaz-novo/" "Mozilla/5.0 (Windows NT 10.0; Win64; x64) AppleWebKit/537.36 (KHTML, like Gecko) Chrome/146.0.0.0 Safari/537.36"
177.66.229.22 - - [06/Apr/2026:17:08:49 -0300] "GET /cartaz-novo/assets/fonts/gotham_ultraitalic-webfont.woff2 HTTP/1.1" 200 14308 "https://ffprestadora.com.br/cartaz-novo/assets/fonts/font-face.css" "Mozilla/5.0 (Windows NT 10.0; Win64; x64) AppleWebKit/537.36 (KHTML, like Gecko) Chrome/146.0.0.0 Safari/537.36"
177.66.229.22 - - [06/Apr/2026:17:08:49 -0300] "GET /cartaz-novo/assets/fonts/gotham_mediumitalic-webfont.woff2 HTTP/1.1" 200 15496 "https://ffprestadora.com.br/cartaz-novo/assets/fonts/font-face.css" "Mozilla/5.0 (Windows NT 10.0; Win64; x64) AppleWebKit/537.36 (KHTML, like Gecko) Chrome/146.0.0.0 Safari/537.36"
177.66.229.22 - - [06/Apr/2026:17:08:49 -0300] "GET /cartaz-novo/assets/img/bg-2.jpg HTTP/1.1" 200 29006 "https://ffprestadora.com.br/cartaz-novo/" "Mozilla/5.0 (Windows NT 10.0; Win64; x64) AppleWebKit/537.36 (KHTML, like Gecko) Chrome/146.0.0.0 Safari/537.36"
177.66.229.22 - - [06/Apr/2026:17:08:49 -0300] "GET /cartaz-novo/assets/img/img-r$.png HTTP/1.1" 200 4526 "https://ffprestadora.com.br/cartaz-novo/" "Mozilla/5.0 (Windows NT 10.0; Win64; x64) AppleWebKit/537.36 (KHTML, like Gecko) Chrome/146.0.0.0 Safari/537.36"
177.66.229.22 - - [06/Apr/2026:17:08:53 -0300] "GET /cartaz-novo/assets/img/img-virgula.png HTTP/1.1" 200 4391 "https://ffprestadora.com.br/cartaz-novo/" "Mozilla/5.0 (Windows NT 10.0; Win64; x64) AppleWebKit/537.36 (KHTML, like Gecko) Chrome/146.0.0.0 Safari/537.36"
177.66.229.22 - - [06/Apr/2026:17:08:53 -0300] "GET /cartaz-novo/assets/fonts/futura-extra-black-italic-bt-webfont.woff2 HTTP/1.1" 200 13992 "https://ffprestadora.com.br/cartaz-novo/assets/fonts/font-face.css" "Mozilla/5.0 (Windows NT 10.0; Win64; x64) AppleWebKit/537.36 (KHTML, like Gecko) Chrome/146.0.0.0 Safari/537.36"
177.66.229.22 - - [06/Apr/2026:17:12:41 -0300] "GET /cartaz-novo/ HTTP/1.1" 200 2639 "https://ffprestadora.com.br/cartaz-novo/" "Mozilla/5.0 (Windows NT 10.0; Win64; x64) AppleWebKit/537.36 (KHTML, like Gecko) Chrome/146.0.0.0 Safari/537.36"
