201.71.155.54 - - [04/Apr/2026:14:25:52 -0300] "GET /favicon.ico HTTP/1.1" 404 - "https://www.ffprestadora.com.br/cartaz/" "Mozilla/5.0 (Windows NT 10.0; Win64; x64) AppleWebKit/537.36 (KHTML, like Gecko) Chrome/146.0.0.0 Safari/537.36"
201.71.155.54 - - [04/Apr/2026:14:27:09 -0300] "GET /cartaz/assets/imagens/fundo_etiqueta.png HTTP/1.1" 404 - "https://www.ffprestadora.com.br/cartaz/" "Mozilla/5.0 (Windows NT 10.0; Win64; x64) AppleWebKit/537.36 (KHTML, like Gecko) Chrome/146.0.0.0 Safari/537.36"
201.71.155.54 - - [04/Apr/2026:14:27:32 -0300] "GET /cartaz/assets/imagens/fundo_etiqueta.png HTTP/1.1" 404 - "https://www.ffprestadora.com.br/cartaz/" "Mozilla/5.0 (Windows NT 10.0; Win64; x64) AppleWebKit/537.36 (KHTML, like Gecko) Chrome/146.0.0.0 Safari/537.36"
201.71.155.54 - - [04/Apr/2026:14:27:33 -0300] "GET /favicon.ico HTTP/1.1" 404 - "https://www.ffprestadora.com.br/cartaz/" "Mozilla/5.0 (Windows NT 10.0; Win64; x64) AppleWebKit/537.36 (KHTML, like Gecko) Chrome/146.0.0.0 Safari/537.36"
201.71.155.54 - - [04/Apr/2026:14:26:40 -0300] "GET /cartaz-novo/ HTTP/1.1" 200 2639 "-" "Mozilla/5.0 (Windows NT 10.0; Win64; x64) AppleWebKit/537.36 (KHTML, like Gecko) Chrome/146.0.0.0 Safari/537.36"
201.71.155.54 - - [04/Apr/2026:14:26:20 -0300] "GET /cartaz-novo/ HTTP/1.1" 200 2639 "-" "Mozilla/5.0 (Windows NT 10.0; Win64; x64) AppleWebKit/537.36 (KHTML, like Gecko) Chrome/146.0.0.0 Safari/537.36"
201.71.155.54 - - [04/Apr/2026:14:27:57 -0300] "GET /cartaz-novo/ HTTP/1.1" 200 2639 "-" "Mozilla/5.0 (Windows NT 10.0; Win64; x64) AppleWebKit/537.36 (KHTML, like Gecko) Chrome/146.0.0.0 Safari/537.36"
201.71.155.54 - - [04/Apr/2026:14:28:36 -0300] "GET /cartaz-novo/ HTTP/1.1" 200 2639 "-" "Mozilla/5.0 (Windows NT 10.0; Win64; x64) AppleWebKit/537.36 (KHTML, like Gecko) Chrome/146.0.0.0 Safari/537.36"
177.126.102.181 - - [04/Apr/2026:14:30:58 -0300] "GET /cartaz-novo/ HTTP/1.1" 200 2639 "-" "Mozilla/5.0 (Windows NT 10.0; Win64; x64) AppleWebKit/537.36 (KHTML, like Gecko) Chrome/142.0.0.0 Safari/537.36"
177.126.102.181 - - [04/Apr/2026:14:31:03 -0300] "GET /favicon.ico HTTP/1.1" 404 - "https://www.ffprestadora.com.br/cartaz-novo/" "Mozilla/5.0 (Windows NT 10.0; Win64; x64) AppleWebKit/537.36 (KHTML, like Gecko) Chrome/142.0.0.0 Safari/537.36"
190.7.178.186 - - [04/Apr/2026:14:33:59 -0300] "GET /cartaz-novo/ HTTP/1.1" 200 2639 "-" "Mozilla/5.0 (Windows NT 10.0; Win64; x64) AppleWebKit/537.36 (KHTML, like Gecko) Chrome/146.0.0.0 Safari/537.36"
190.7.178.186 - - [04/Apr/2026:14:34:02 -0300] "GET /favicon.ico HTTP/1.1" 404 - "https://www.ffprestadora.com.br/cartaz-novo/" "Mozilla/5.0 (Windows NT 10.0; Win64; x64) AppleWebKit/537.36 (KHTML, like Gecko) Chrome/146.0.0.0 Safari/537.36"
43.172.195.170 - - [04/Apr/2026:14:34:56 -0300] "GET /trabalhe-conosco/system/?C=M;O=A HTTP/1.1" 200 1748 "-" "Mozilla/5.0 (Windows NT 10.0; Win64; x64) AppleWebKit/537.36 (KHTML, like Gecko) Chrome/106.0.5249.119 Safari/537.36"
186.193.69.190 - - [04/Apr/2026:14:42:58 -0300] "GET /cartaz-novo/ HTTP/1.1" 200 2639 "-" "Mozilla/5.0 (Windows NT 10.0; Win64; x64) AppleWebKit/537.36 (KHTML, like Gecko) Chrome/146.0.0.0 Safari/537.36"
177.220.133.178 - - [04/Apr/2026:14:42:57 -0300] "GET /cartaz-novo/ HTTP/1.1" 200 2639 "-" "Mozilla/5.0 (Windows NT 10.0; Win64; x64) AppleWebKit/537.36 (KHTML, like Gecko) Chrome/146.0.0.0 Safari/537.36"
186.233.189.177 - - [04/Apr/2026:14:42:59 -0300] "GET /cartaz-novo/ HTTP/1.1" 200 2639 "-" "Mozilla/5.0 (Windows NT 10.0; Win64; x64) AppleWebKit/537.36 (KHTML, like Gecko) Chrome/146.0.0.0 Safari/537.36 Edg/146.0.0.0"
186.233.189.177 - - [04/Apr/2026:14:43:29 -0300] "GET /favicon.ico HTTP/1.1" 404 - "https://ffprestadora.com.br/cartaz-novo/" "Mozilla/5.0 (Windows NT 10.0; Win64; x64) AppleWebKit/537.36 (KHTML, like Gecko) Chrome/146.0.0.0 Safari/537.36 Edg/146.0.0.0"
131.161.42.6 - - [04/Apr/2026:14:43:03 -0300] "GET /cartaz-novo/ HTTP/1.1" 200 2639 "-" "Mozilla/5.0 (Windows NT 10.0; Win64; x64) AppleWebKit/537.36 (KHTML, like Gecko) Chrome/146.0.0.0 Safari/537.36"
131.161.42.6 - - [04/Apr/2026:14:43:32 -0300] "GET /favicon.ico HTTP/1.1" 404 - "https://ffprestadora.com.br/cartaz-novo/" "Mozilla/5.0 (Windows NT 10.0; Win64; x64) AppleWebKit/537.36 (KHTML, like Gecko) Chrome/146.0.0.0 Safari/537.36"
186.194.178.41 - - [04/Apr/2026:14:43:14 -0300] "GET /cartaz-novo/ HTTP/1.1" 200 2639 "-" "Mozilla/5.0 (Windows NT 10.0; Win64; x64) AppleWebKit/537.36 (KHTML, like Gecko) Chrome/146.0.0.0 Safari/537.36"
177.126.102.181 - - [04/Apr/2026:14:43:22 -0300] "GET /cartaz-novo/ HTTP/1.1" 200 2639 "-" "Mozilla/5.0 (Windows NT 10.0; Win64; x64) AppleWebKit/537.36 (KHTML, like Gecko) Chrome/146.0.0.0 Safari/537.36 Edg/146.0.0.0"
177.126.102.181 - - [04/Apr/2026:14:43:36 -0300] "GET /favicon.ico HTTP/1.1" 404 - "https://www.ffprestadora.com.br/cartaz-novo/" "Mozilla/5.0 (Windows NT 10.0; Win64; x64) AppleWebKit/537.36 (KHTML, like Gecko) Chrome/146.0.0.0 Safari/537.36 Edg/146.0.0.0"
186.194.178.41 - - [04/Apr/2026:14:43:36 -0300] "GET /favicon.ico HTTP/1.1" 404 - "https://www.ffprestadora.com.br/cartaz-novo/" "Mozilla/5.0 (Windows NT 10.0; Win64; x64) AppleWebKit/537.36 (KHTML, like Gecko) Chrome/146.0.0.0 Safari/537.36"
177.220.133.178 - - [04/Apr/2026:14:43:45 -0300] "GET /cartaz-novo/ HTTP/1.1" 200 2639 "-" "Mozilla/5.0 (Windows NT 10.0; Win64; x64) AppleWebKit/537.36 (KHTML, like Gecko) Chrome/146.0.0.0 Safari/537.36"
177.220.133.178 - - [04/Apr/2026:14:43:47 -0300] "GET /favicon.ico HTTP/1.1" 404 - "https://ffprestadora.com.br/cartaz-novo/" "Mozilla/5.0 (Windows NT 10.0; Win64; x64) AppleWebKit/537.36 (KHTML, like Gecko) Chrome/146.0.0.0 Safari/537.36"
186.193.69.190 - - [04/Apr/2026:14:43:54 -0300] "GET /cartaz-novo/ HTTP/1.1" 200 2639 "-" "Mozilla/5.0 (Windows NT 10.0; Win64; x64) AppleWebKit/537.36 (KHTML, like Gecko) Chrome/146.0.0.0 Safari/537.36 Edg/146.0.0.0"
186.193.69.190 - - [04/Apr/2026:14:43:55 -0300] "GET /favicon.ico HTTP/1.1" 404 - "https://ffprestadora.com.br/cartaz-novo/" "Mozilla/5.0 (Windows NT 10.0; Win64; x64) AppleWebKit/537.36 (KHTML, like Gecko) Chrome/146.0.0.0 Safari/537.36 Edg/146.0.0.0"
177.220.133.178 - - [04/Apr/2026:14:43:56 -0300] "GET /cartaz-novo/assets/fonts/Intro-Black.woff2 HTTP/1.1" 200 27820 "https://ffprestadora.com.br/cartaz-novo/assets/fonts/font-face.css" "Mozilla/5.0 (Windows NT 10.0; Win64; x64) AppleWebKit/537.36 (KHTML, like Gecko) Chrome/146.0.0.0 Safari/537.36"
177.220.133.178 - - [04/Apr/2026:14:43:56 -0300] "GET /cartaz-novo/assets/fonts/Intro-Bold.woff2 HTTP/1.1" 200 28596 "https://ffprestadora.com.br/cartaz-novo/assets/fonts/font-face.css" "Mozilla/5.0 (Windows NT 10.0; Win64; x64) AppleWebKit/537.36 (KHTML, like Gecko) Chrome/146.0.0.0 Safari/537.36"
177.220.133.178 - - [04/Apr/2026:14:43:56 -0300] "GET /cartaz-novo/assets/img/bg-clube.png HTTP/1.1" 200 88338 "https://ffprestadora.com.br/cartaz-novo/" "Mozilla/5.0 (Windows NT 10.0; Win64; x64) AppleWebKit/537.36 (KHTML, like Gecko) Chrome/146.0.0.0 Safari/537.36"
186.193.69.190 - - [04/Apr/2026:14:45:56 -0300] "GET /cartaz-novo/ HTTP/1.1" 200 2639 "-" "Mozilla/5.0 (Windows NT 10.0; Win64; x64) AppleWebKit/537.36 (KHTML, like Gecko) Chrome/146.0.0.0 Safari/537.36"
186.193.69.190 - - [04/Apr/2026:14:46:16 -0300] "GET /favicon.ico HTTP/1.1" 404 - "https://www.ffprestadora.com.br/cartaz-novo/" "Mozilla/5.0 (Windows NT 10.0; Win64; x64) AppleWebKit/537.36 (KHTML, like Gecko) Chrome/146.0.0.0 Safari/537.36"
186.193.69.190 - - [04/Apr/2026:14:46:16 -0300] "GET /favicon.ico HTTP/1.1" 404 - "https://www.ffprestadora.com.br/cartaz-novo/" "Mozilla/5.0 (Windows NT 10.0; Win64; x64) AppleWebKit/537.36 (KHTML, like Gecko) Chrome/146.0.0.0 Safari/537.36"
201.71.128.138 - - [04/Apr/2026:14:47:37 -0300] "GET /cartaz-novo/ HTTP/1.1" 200 2639 "-" "Mozilla/5.0 (Windows NT 10.0; Win64; x64) AppleWebKit/537.36 (KHTML, like Gecko) Chrome/146.0.0.0 Safari/537.36"
201.71.128.138 - - [04/Apr/2026:14:48:43 -0300] "GET /cartaz-novo/ HTTP/1.1" 200 2639 "-" "Mozilla/5.0 (Windows NT 10.0; Win64; x64) AppleWebKit/537.36 (KHTML, like Gecko) Chrome/146.0.0.0 Safari/537.36"
190.7.186.222 - - [04/Apr/2026:14:52:32 -0300] "GET /cartaz-novo/assets/img/img-cada.png HTTP/1.1" 200 7139 "https://www.ffprestadora.com.br/cartaz-novo/" "Mozilla/5.0 (Windows NT 10.0; Win64; x64) AppleWebKit/537.36 (KHTML, like Gecko) Chrome/146.0.0.0 Safari/537.36"
201.71.128.138 - - [04/Apr/2026:14:50:25 -0300] "GET /cartaz-novo/ HTTP/1.1" 200 2639 "-" "Mozilla/5.0 (Windows NT 10.0; Win64; x64) AppleWebKit/537.36 (KHTML, like Gecko) Chrome/146.0.0.0 Safari/537.36"
190.7.186.222 - - [04/Apr/2026:14:52:02 -0300] "GET /cartaz-novo/ HTTP/1.1" 200 2639 "-" "Mozilla/5.0 (Windows NT 10.0; Win64; x64) AppleWebKit/537.36 (KHTML, like Gecko) Chrome/146.0.0.0 Safari/537.36"
201.71.128.138 - - [04/Apr/2026:14:52:15 -0300] "GET /cartaz-novo/ HTTP/1.1" 200 2639 "-" "Mozilla/5.0 (Windows NT 10.0; Win64; x64) AppleWebKit/537.36 (KHTML, like Gecko) Chrome/146.0.0.0 Safari/537.36"
201.71.128.138 - - [04/Apr/2026:14:57:02 -0300] "GET /cartaz-novo/ HTTP/1.1" 200 2639 "-" "Mozilla/5.0 (Windows NT 10.0; Win64; x64) AppleWebKit/537.36 (KHTML, like Gecko) Chrome/146.0.0.0 Safari/537.36"
201.71.162.110 - - [04/Apr/2026:14:57:40 -0300] "GET /cartaz-novo/ HTTP/1.1" 200 2639 "-" "Mozilla/5.0 (Windows NT 10.0; Win64; x64) AppleWebKit/537.36 (KHTML, like Gecko) Chrome/146.0.0.0 Safari/537.36"
201.71.162.110 - - [04/Apr/2026:14:57:48 -0300] "GET /cartaz-novo/ HTTP/1.1" 200 2639 "-" "Mozilla/5.0 (Windows NT 10.0; Win64; x64) AppleWebKit/537.36 (KHTML, like Gecko) Chrome/146.0.0.0 Safari/537.36"
66.249.88.197 - - [04/Apr/2026:14:58:46 -0300] "GET /.well-known/traffic-advice HTTP/1.1" 404 - "-" "Chrome Privacy Preserving Prefetch Proxy"
201.71.128.138 - - [04/Apr/2026:14:58:46 -0300] "GET / HTTP/1.1" 200 5811 "https://www.google.com/" "Mozilla/5.0 (Windows NT 10.0; Win64; x64) AppleWebKit/537.36 (KHTML, like Gecko) Chrome/146.0.0.0 Safari/537.36"
185.191.171.11 - - [04/Apr/2026:14:58:24 -0300] "GET /system/class.thumb.php HTTP/1.1" 404 - "-" "Mozilla/5.0 (compatible; SemrushBot/7~bl; +http://www.semrush.com/bot.html)"
201.71.162.110 - - [04/Apr/2026:14:58:23 -0300] "GET /cartaz-novo/ HTTP/1.1" 404 - "-" "Mozilla/5.0 (Windows NT 10.0; Win64; x64) AppleWebKit/537.36 (KHTML, like Gecko) Chrome/146.0.0.0 Safari/537.36"
201.71.162.110 - - [04/Apr/2026:14:58:56 -0300] "GET /cartaz-novo/ HTTP/1.1" 404 - "-" "Mozilla/5.0 (Windows NT 10.0; Win64; x64) AppleWebKit/537.36 (KHTML, like Gecko) Chrome/146.0.0.0 Safari/537.36"
201.71.162.110 - - [04/Apr/2026:14:58:27 -0300] "GET /cartaz-novo/ HTTP/1.1" 404 - "-" "Mozilla/5.0 (Windows NT 10.0; Win64; x64) AppleWebKit/537.36 (KHTML, like Gecko) Chrome/146.0.0.0 Safari/537.36"
185.191.171.11 - - [04/Apr/2026:14:59:17 -0300] "GET /system/class.thumb.php HTTP/1.1" 404 - "-" "Mozilla/5.0 (compatible; SemrushBot/7~bl; +http://www.semrush.com/bot.html)"
201.71.128.138 - - [04/Apr/2026:15:22:51 -0300] "GET /cartaz-novo/ HTTP/1.1" 404 - "-" "Mozilla/5.0 (Windows NT 10.0; Win64; x64) AppleWebKit/537.36 (KHTML, like Gecko) Chrome/146.0.0.0 Safari/537.36"
201.71.128.138 - - [04/Apr/2026:15:27:55 -0300] "GET /favicon.ico HTTP/1.1" 404 - "https://www.ffprestadora.com.br/cartaz-novo/" "Mozilla/5.0 (Windows NT 10.0; Win64; x64) AppleWebKit/537.36 (KHTML, like Gecko) Chrome/146.0.0.0 Safari/537.36"
201.71.161.14 - - [04/Apr/2026:15:22:55 -0300] "GET /cartaz-novo/ HTTP/1.1" 404 - "-" "Mozilla/5.0 (Windows NT 10.0; Win64; x64) AppleWebKit/537.36 (KHTML, like Gecko) Chrome/146.0.0.0 Safari/537.36"
200.150.118.194 - - [04/Apr/2026:15:22:56 -0300] "GET /cartaz-novo/ HTTP/1.1" 404 - "-" "Mozilla/5.0 (Windows NT 10.0; Win64; x64) AppleWebKit/537.36 (KHTML, like Gecko) Chrome/146.0.0.0 Safari/537.36"
186.195.113.149 - - [04/Apr/2026:15:22:59 -0300] "GET /cartaz-novo/ HTTP/1.1" 404 - "-" "Mozilla/5.0 (Windows NT 10.0; WOW64) AppleWebKit/537.36 (KHTML, like Gecko) Chrome/84.0.4147.135 Safari/537.36"
200.150.118.194 - - [04/Apr/2026:15:28:15 -0300] "GET /favicon.ico HTTP/1.1" 404 - "https://ffprestadora.com.br/cartaz-novo/" "Mozilla/5.0 (Windows NT 10.0; Win64; x64) AppleWebKit/537.36 (KHTML, like Gecko) Chrome/146.0.0.0 Safari/537.36"
177.66.229.22 - - [04/Apr/2026:15:23:13 -0300] "GET /cartaz-novo/ HTTP/1.1" 404 - "-" "Mozilla/5.0 (Windows NT 10.0; Win64; x64) AppleWebKit/537.36 (KHTML, like Gecko) Chrome/146.0.0.0 Safari/537.36"
147.135.252.182 - - [04/Apr/2026:15:28:44 -0300] "GET /robots.txt HTTP/1.1" 404 - "-" "Mozilla/5.0 (compatible; MJ12bot/v1.4.8; http://mj12bot.com/)"
147.135.252.182 - - [04/Apr/2026:15:28:48 -0300] "GET /%22 HTTP/1.1" 404 - "-" "Mozilla/5.0 (compatible; MJ12bot/v1.4.8; http://mj12bot.com/)"
201.71.147.76 - - [04/Apr/2026:15:24:10 -0300] "GET /cartaz-novo/ HTTP/1.1" 404 - "-" "Mozilla/5.0 (Windows NT 10.0; Win64; x64) AppleWebKit/537.36 (KHTML, like Gecko) Chrome/146.0.0.0 Safari/537.36 Edg/146.0.0.0"
177.66.229.22 - - [04/Apr/2026:15:28:04 -0300] "GET /cartaz-novo/ HTTP/1.1" 200 2639 "-" "Mozilla/5.0 (Windows NT 10.0; Win64; x64) AppleWebKit/537.36 (KHTML, like Gecko) Chrome/146.0.0.0 Safari/537.36"
177.66.224.66 - - [04/Apr/2026:15:28:19 -0300] "GET /cartaz-novo/ HTTP/1.1" 200 2639 "-" "Mozilla/5.0 (Windows NT 10.0; Win64; x64) AppleWebKit/537.36 (KHTML, like Gecko) Chrome/146.0.0.0 Safari/537.36"
147.135.252.182 - - [04/Apr/2026:15:28:49 -0300] "GET /system/PHPMailer/run.php?chm=/etc/openldap/ HTTP/1.1" 200 13 "-" "Mozilla/5.0 (compatible; MJ12bot/v1.4.8; http://mj12bot.com/)"
177.66.229.22 - - [04/Apr/2026:15:28:33 -0300] "GET /cartaz-novo/ HTTP/1.1" 200 2639 "-" "Mozilla/5.0 (Windows NT 10.0; Win64; x64) AppleWebKit/537.36 (KHTML, like Gecko) Chrome/146.0.0.0 Safari/537.36"
177.66.229.22 - - [04/Apr/2026:15:32:29 -0300] "GET /favicon.ico HTTP/1.1" 404 - "https://ffprestadora.com.br/cartaz-novo/" "Mozilla/5.0 (Windows NT 10.0; Win64; x64) AppleWebKit/537.36 (KHTML, like Gecko) Chrome/146.0.0.0 Safari/537.36"
147.135.252.182 - - [04/Apr/2026:15:29:43 -0300] "GET /system/PHPMailer/run.php?chm=/etc/proc/11597/ HTTP/1.1" 200 13 "-" "Mozilla/5.0 (compatible; MJ12bot/v1.4.8; http://mj12bot.com/)"
177.66.224.66 - - [04/Apr/2026:15:29:41 -0300] "GET /cartaz-novo/ HTTP/1.1" 200 2639 "-" "Mozilla/5.0 (Windows NT 10.0; Win64; x64) AppleWebKit/537.36 (KHTML, like Gecko) Chrome/146.0.0.0 Safari/537.36"
191.37.95.78 - - [04/Apr/2026:15:30:10 -0300] "GET /cartaz-novo/ HTTP/1.1" 200 2639 "-" "Mozilla/5.0 (Windows NT 10.0; Win64; x64) AppleWebKit/537.36 (KHTML, like Gecko) Chrome/146.0.0.0 Safari/537.36"
187.95.125.254 - - [04/Apr/2026:15:30:58 -0300] "GET /cartaz-novo/ HTTP/1.1" 200 2639 "-" "Mozilla/5.0 (Windows NT 10.0; Win64; x64) AppleWebKit/537.36 (KHTML, like Gecko) Chrome/143.0.0.0 Safari/537.36"
191.37.95.78 - - [04/Apr/2026:15:31:06 -0300] "GET /cartaz-novo/ HTTP/1.1" 200 2639 "-" "Mozilla/5.0 (Windows NT 10.0; Win64; x64) AppleWebKit/537.36 (KHTML, like Gecko) Chrome/146.0.0.0 Safari/537.36"
187.95.125.254 - - [04/Apr/2026:15:30:45 -0300] "GET /cartaz-novo/ HTTP/1.1" 200 2639 "-" "Mozilla/5.0 (Windows NT 10.0; Win64; x64) AppleWebKit/537.36 (KHTML, like Gecko) Chrome/143.0.0.0 Safari/537.36"
45.185.48.175 - - [04/Apr/2026:15:31:15 -0300] "GET /cartaz-novo/ HTTP/1.1" 200 2639 "-" "Mozilla/5.0 (Windows NT 10.0; Win64; x64) AppleWebKit/537.36 (KHTML, like Gecko) Chrome/146.0.0.0 Safari/537.36"
191.37.95.78 - - [04/Apr/2026:15:31:28 -0300] "GET /cartaz-novo/ HTTP/1.1" 200 2639 "-" "Mozilla/5.0 (Windows NT 10.0; Win64; x64) AppleWebKit/537.36 (KHTML, like Gecko) Chrome/146.0.0.0 Safari/537.36"
45.185.48.175 - - [04/Apr/2026:15:31:42 -0300] "GET /cartaz-novo/ HTTP/1.1" 200 2639 "-" "Mozilla/5.0 (Windows NT 10.0; Win64; x64) AppleWebKit/537.36 (KHTML, like Gecko) Chrome/146.0.0.0 Safari/537.36"
187.95.125.254 - - [04/Apr/2026:15:31:29 -0300] "GET /cartaz-novo/ HTTP/1.1" 200 2639 "-" "Mozilla/5.0 (Windows NT 10.0; Win64; x64) AppleWebKit/537.36 (KHTML, like Gecko) Chrome/143.0.0.0 Safari/537.36"
45.185.48.175 - - [04/Apr/2026:15:31:54 -0300] "GET /cartaz-novo/ HTTP/1.1" 200 2639 "-" "Mozilla/5.0 (Windows NT 10.0; Win64; x64) AppleWebKit/537.36 (KHTML, like Gecko) Chrome/146.0.0.0 Safari/537.36"
191.37.95.78 - - [04/Apr/2026:15:31:44 -0300] "GET /cartaz-novo/ HTTP/1.1" 200 2639 "-" "Mozilla/5.0 (Windows NT 10.0; Win64; x64) AppleWebKit/537.36 (KHTML, like Gecko) Chrome/146.0.0.0 Safari/537.36"
190.7.178.186 - - [04/Apr/2026:15:32:05 -0300] "GET /cartaz-novo/ HTTP/1.1" 200 2639 "-" "Mozilla/5.0 (Windows NT 10.0; Win64; x64) AppleWebKit/537.36 (KHTML, like Gecko) Chrome/146.0.0.0 Safari/537.36"
147.135.252.182 - - [04/Apr/2026:15:32:40 -0300] "GET /system/PHPMailer/run.php?chm=/etc/proc/11670/ HTTP/1.1" 200 13 "-" "Mozilla/5.0 (compatible; MJ12bot/v1.4.8; http://mj12bot.com/)"
190.7.178.186 - - [04/Apr/2026:15:32:33 -0300] "GET /cartaz-novo/ HTTP/1.1" 200 2639 "-" "Mozilla/5.0 (Windows NT 10.0; Win64; x64) AppleWebKit/537.36 (KHTML, like Gecko) Chrome/146.0.0.0 Safari/537.36"
45.185.48.175 - - [04/Apr/2026:15:32:25 -0300] "GET /cartaz-novo/ HTTP/1.1" 200 2639 "-" "Mozilla/5.0 (Windows NT 10.0; Win64; x64) AppleWebKit/537.36 (KHTML, like Gecko) Chrome/146.0.0.0 Safari/537.36"
191.37.95.78 - - [04/Apr/2026:15:32:46 -0300] "GET /cartaz-novo/ HTTP/1.1" 200 2639 "-" "Mozilla/5.0 (Windows NT 10.0; Win64; x64) AppleWebKit/537.36 (KHTML, like Gecko) Chrome/146.0.0.0 Safari/537.36"
191.37.95.78 - - [04/Apr/2026:15:33:32 -0300] "GET /favicon.ico HTTP/1.1" 404 - "https://ffprestadora.com.br/cartaz-novo/" "Mozilla/5.0 (Windows NT 10.0; Win64; x64) AppleWebKit/537.36 (KHTML, like Gecko) Chrome/146.0.0.0 Safari/537.36"
147.135.252.182 - - [04/Apr/2026:15:33:03 -0300] "GET /system/PHPMailer/run.php?chm=/etc/proc/11674/ HTTP/1.1" 200 13 "-" "Mozilla/5.0 (compatible; MJ12bot/v1.4.8; http://mj12bot.com/)"
45.185.48.175 - - [04/Apr/2026:15:33:05 -0300] "GET /cartaz-novo/ HTTP/1.1" 200 2639 "-" "Mozilla/5.0 (Windows NT 10.0; Win64; x64) AppleWebKit/537.36 (KHTML, like Gecko) Chrome/146.0.0.0 Safari/537.36"
138.122.107.170 - - [04/Apr/2026:15:33:07 -0300] "GET /cartaz-novo/ HTTP/1.1" 200 2639 "-" "Mozilla/5.0 (Windows NT 10.0; Win64; x64) AppleWebKit/537.36 (KHTML, like Gecko) Chrome/146.0.0.0 Safari/537.36"
45.185.48.175 - - [04/Apr/2026:15:33:15 -0300] "GET /cartaz-novo/ HTTP/1.1" 200 2639 "-" "Mozilla/5.0 (Windows NT 10.0; Win64; x64) AppleWebKit/537.36 (KHTML, like Gecko) Chrome/146.0.0.0 Safari/537.36"
190.7.178.186 - - [04/Apr/2026:15:33:35 -0300] "GET /cartaz-novo/ HTTP/1.1" 200 2639 "-" "Mozilla/5.0 (Windows NT 10.0; Win64; x64) AppleWebKit/537.36 (KHTML, like Gecko) Chrome/146.0.0.0 Safari/537.36"
45.185.48.175 - - [04/Apr/2026:15:33:53 -0300] "GET /cartaz-novo/ HTTP/1.1" 200 2639 "-" "Mozilla/5.0 (Windows NT 10.0; Win64; x64) AppleWebKit/537.36 (KHTML, like Gecko) Chrome/146.0.0.0 Safari/537.36"
45.185.48.175 - - [04/Apr/2026:15:34:37 -0300] "GET /favicon.ico HTTP/1.1" 404 - "https://ffprestadora.com.br/cartaz-novo/" "Mozilla/5.0 (Windows NT 10.0; Win64; x64) AppleWebKit/537.36 (KHTML, like Gecko) Chrome/146.0.0.0 Safari/537.36"
45.185.48.175 - - [04/Apr/2026:15:33:53 -0300] "GET /cartaz-novo/ HTTP/1.1" 200 2639 "-" "Mozilla/5.0 (Windows NT 10.0; Win64; x64) AppleWebKit/537.36 (KHTML, like Gecko) Chrome/146.0.0.0 Safari/537.36"
147.135.252.182 - - [04/Apr/2026:15:33:56 -0300] "GET /system/PHPMailer/run.php?chm=/etc/proc/11677/ HTTP/1.1" 200 13 "-" "Mozilla/5.0 (compatible; MJ12bot/v1.4.8; http://mj12bot.com/)"
177.66.224.66 - - [04/Apr/2026:15:34:06 -0300] "GET /cartaz-novo/ HTTP/1.1" 200 2639 "-" "Mozilla/5.0 (Windows NT 10.0; Win64; x64) AppleWebKit/537.36 (KHTML, like Gecko) Chrome/146.0.0.0 Safari/537.36"
147.135.252.182 - - [04/Apr/2026:15:34:24 -0300] "GET /system/PHPMailer/run.php?chm=/etc/proc/11688/ HTTP/1.1" 200 13 "-" "Mozilla/5.0 (compatible; MJ12bot/v1.4.8; http://mj12bot.com/)"
177.66.224.66 - - [04/Apr/2026:15:34:19 -0300] "GET /cartaz-novo/ HTTP/1.1" 200 2639 "-" "Mozilla/5.0 (Windows NT 10.0; Win64; x64) AppleWebKit/537.36 (KHTML, like Gecko) Chrome/146.0.0.0 Safari/537.36"
177.66.224.66 - - [04/Apr/2026:15:34:44 -0300] "GET /favicon.ico HTTP/1.1" 404 - "https://ffprestadora.com.br/cartaz-novo/" "Mozilla/5.0 (Windows NT 10.0; Win64; x64) AppleWebKit/537.36 (KHTML, like Gecko) Chrome/146.0.0.0 Safari/537.36"
190.7.178.186 - - [04/Apr/2026:15:34:26 -0300] "GET /cartaz-novo/ HTTP/1.1" 200 2639 "-" "Mozilla/5.0 (Windows NT 10.0; Win64; x64) AppleWebKit/537.36 (KHTML, like Gecko) Chrome/146.0.0.0 Safari/537.36"
45.185.48.175 - - [04/Apr/2026:15:34:28 -0300] "GET /cartaz-novo/ HTTP/1.1" 200 2639 "-" "Mozilla/5.0 (Windows NT 10.0; Win64; x64) AppleWebKit/537.36 (KHTML, like Gecko) Chrome/146.0.0.0 Safari/537.36 Edg/146.0.0.0"
147.135.252.182 - - [04/Apr/2026:15:34:45 -0300] "GET /system/PHPMailer/run.php?chm=/etc/proc/11692/ HTTP/1.1" 200 13 "-" "Mozilla/5.0 (compatible; MJ12bot/v1.4.8; http://mj12bot.com/)"
190.7.178.186 - - [04/Apr/2026:15:34:49 -0300] "GET /cartaz-novo/ HTTP/1.1" 200 2639 "-" "Mozilla/5.0 (Windows NT 10.0; Win64; x64) AppleWebKit/537.36 (KHTML, like Gecko) Chrome/146.0.0.0 Safari/537.36"
190.7.178.186 - - [04/Apr/2026:15:34:57 -0300] "GET /favicon.ico HTTP/1.1" 404 - "https://www.ffprestadora.com.br/cartaz-novo/" "Mozilla/5.0 (Windows NT 10.0; Win64; x64) AppleWebKit/537.36 (KHTML, like Gecko) Chrome/146.0.0.0 Safari/537.36"
147.135.252.182 - - [04/Apr/2026:15:34:53 -0300] "GET /system/PHPMailer/run.php?chm=/etc/proc/11696/ HTTP/1.1" 200 13 "-" "Mozilla/5.0 (compatible; MJ12bot/v1.4.8; http://mj12bot.com/)"
147.135.252.182 - - [04/Apr/2026:15:35:00 -0300] "GET /system/PHPMailer/run.php?chm=/etc/proc/11703/ HTTP/1.1" 200 13 "-" "Mozilla/5.0 (compatible; MJ12bot/v1.4.8; http://mj12bot.com/)"
147.135.252.182 - - [04/Apr/2026:15:35:02 -0300] "GET /system/PHPMailer/run.php?chm=/etc/proc/11718/ HTTP/1.1" 200 13 "-" "Mozilla/5.0 (compatible; MJ12bot/v1.4.8; http://mj12bot.com/)"
147.135.252.182 - - [04/Apr/2026:15:35:03 -0300] "GET /system/PHPMailer/run.php?chm=/etc/proc/1172/ HTTP/1.1" 200 13 "-" "Mozilla/5.0 (compatible; MJ12bot/v1.4.8; http://mj12bot.com/)"
177.126.102.181 - - [04/Apr/2026:15:35:03 -0300] "GET /cartaz-novo/ HTTP/1.1" 200 2639 "-" "Mozilla/5.0 (Windows NT 10.0; Win64; x64) AppleWebKit/537.36 (KHTML, like Gecko) Chrome/146.0.0.0 Safari/537.36 Edg/146.0.0.0"
147.135.252.182 - - [04/Apr/2026:15:35:05 -0300] "GET /system/PHPMailer/run.php?chm=/etc/proc/11732/ HTTP/1.1" 200 13 "-" "Mozilla/5.0 (compatible; MJ12bot/v1.4.8; http://mj12bot.com/)"
147.135.252.182 - - [04/Apr/2026:15:35:07 -0300] "GET /system/PHPMailer/run.php?chm=/etc/proc/11741/ HTTP/1.1" 200 13 "-" "Mozilla/5.0 (compatible; MJ12bot/v1.4.8; http://mj12bot.com/)"
147.135.252.182 - - [04/Apr/2026:15:35:09 -0300] "GET /system/PHPMailer/run.php?chm=/etc/proc/11832/ HTTP/1.1" 200 13 "-" "Mozilla/5.0 (compatible; MJ12bot/v1.4.8; http://mj12bot.com/)"
147.135.252.182 - - [04/Apr/2026:15:35:10 -0300] "GET /system/PHPMailer/run.php?chm=/etc/proc/11832/attr/ HTTP/1.1" 200 13 "-" "Mozilla/5.0 (compatible; MJ12bot/v1.4.8; http://mj12bot.com/)"
147.135.252.182 - - [04/Apr/2026:15:35:12 -0300] "GET /system/PHPMailer/run.php?chm=/etc/proc/1247/ HTTP/1.1" 200 13 "-" "Mozilla/5.0 (compatible; MJ12bot/v1.4.8; http://mj12bot.com/)"
147.135.252.182 - - [04/Apr/2026:15:35:14 -0300] "GET /system/PHPMailer/run.php?chm=/etc/proc/1247/attr/ HTTP/1.1" 200 13 "-" "Mozilla/5.0 (compatible; MJ12bot/v1.4.8; http://mj12bot.com/)"
147.135.252.182 - - [04/Apr/2026:15:35:15 -0300] "GET /system/PHPMailer/run.php?chm=/etc/proc/1247/net/ HTTP/1.1" 200 13 "-" "Mozilla/5.0 (compatible; MJ12bot/v1.4.8; http://mj12bot.com/)"
147.135.252.182 - - [04/Apr/2026:15:35:17 -0300] "GET /system/PHPMailer/run.php?chm=/etc/proc/1247/net/dev_snmp6/ HTTP/1.1" 200 13 "-" "Mozilla/5.0 (compatible; MJ12bot/v1.4.8; http://mj12bot.com/)"
147.135.252.182 - - [04/Apr/2026:15:35:19 -0300] "GET /system/PHPMailer/run.php?chm=/etc/proc/1247/net/netfilter/ HTTP/1.1" 200 13 "-" "Mozilla/5.0 (compatible; MJ12bot/v1.4.8; http://mj12bot.com/)"
147.135.252.182 - - [04/Apr/2026:15:35:20 -0300] "GET /system/PHPMailer/run.php?chm=/etc/proc/1247/net/rpc/ HTTP/1.1" 200 13 "-" "Mozilla/5.0 (compatible; MJ12bot/v1.4.8; http://mj12bot.com/)"
147.135.252.182 - - [04/Apr/2026:15:35:22 -0300] "GET /system/PHPMailer/run.php?chm=/etc/proc/1247/net/stat/ HTTP/1.1" 200 13 "-" "Mozilla/5.0 (compatible; MJ12bot/v1.4.8; http://mj12bot.com/)"
147.135.252.182 - - [04/Apr/2026:15:35:24 -0300] "GET /system/PHPMailer/run.php?chm=/etc/proc/1247/task/ HTTP/1.1" 200 13 "-" "Mozilla/5.0 (compatible; MJ12bot/v1.4.8; http://mj12bot.com/)"
147.135.252.182 - - [04/Apr/2026:15:35:25 -0300] "GET /system/PHPMailer/run.php?chm=/etc/proc/1247/task/1247/ HTTP/1.1" 200 13 "-" "Mozilla/5.0 (compatible; MJ12bot/v1.4.8; http://mj12bot.com/)"
147.135.252.182 - - [04/Apr/2026:15:35:27 -0300] "GET /system/PHPMailer/run.php?chm=/etc/proc/12472/ HTTP/1.1" 200 13 "-" "Mozilla/5.0 (compatible; MJ12bot/v1.4.8; http://mj12bot.com/)"
147.135.252.182 - - [04/Apr/2026:15:35:29 -0300] "GET /system/PHPMailer/run.php?chm=/etc/proc/12472/attr/ HTTP/1.1" 200 13 "-" "Mozilla/5.0 (compatible; MJ12bot/v1.4.8; http://mj12bot.com/)"
147.135.252.182 - - [04/Apr/2026:15:35:30 -0300] "GET /system/PHPMailer/run.php?chm=/etc/proc/12472/net/ HTTP/1.1" 200 13 "-" "Mozilla/5.0 (compatible; MJ12bot/v1.4.8; http://mj12bot.com/)"
147.135.252.182 - - [04/Apr/2026:15:35:32 -0300] "GET /system/PHPMailer/run.php?chm=/etc/proc/12472/task/ HTTP/1.1" 200 13 "-" "Mozilla/5.0 (compatible; MJ12bot/v1.4.8; http://mj12bot.com/)"
147.135.252.182 - - [04/Apr/2026:15:35:34 -0300] "GET /system/PHPMailer/run.php?chm=/etc/proc/12474/ HTTP/1.1" 200 13 "-" "Mozilla/5.0 (compatible; MJ12bot/v1.4.8; http://mj12bot.com/)"
147.135.252.182 - - [04/Apr/2026:15:35:36 -0300] "GET /system/PHPMailer/run.php?chm=/etc/proc/12474/attr/ HTTP/1.1" 200 13 "-" "Mozilla/5.0 (compatible; MJ12bot/v1.4.8; http://mj12bot.com/)"
147.135.252.182 - - [04/Apr/2026:15:35:37 -0300] "GET /system/PHPMailer/run.php?chm=/etc/proc/12476/ HTTP/1.1" 200 13 "-" "Mozilla/5.0 (compatible; MJ12bot/v1.4.8; http://mj12bot.com/)"
147.135.252.182 - - [04/Apr/2026:15:35:39 -0300] "GET /system/PHPMailer/run.php?chm=/etc/proc/12477/ HTTP/1.1" 200 13 "-" "Mozilla/5.0 (compatible; MJ12bot/v1.4.8; http://mj12bot.com/)"
147.135.252.182 - - [04/Apr/2026:15:35:41 -0300] "GET /system/PHPMailer/run.php?chm=/etc/proc/12481/ HTTP/1.1" 200 13 "-" "Mozilla/5.0 (compatible; MJ12bot/v1.4.8; http://mj12bot.com/)"
147.135.252.182 - - [04/Apr/2026:15:35:42 -0300] "GET /system/PHPMailer/run.php?chm=/etc/proc/12487/ HTTP/1.1" 200 13 "-" "Mozilla/5.0 (compatible; MJ12bot/v1.4.8; http://mj12bot.com/)"
147.135.252.182 - - [04/Apr/2026:15:35:44 -0300] "GET /system/PHPMailer/run.php?chm=/etc/proc/1249/ HTTP/1.1" 200 13 "-" "Mozilla/5.0 (compatible; MJ12bot/v1.4.8; http://mj12bot.com/)"
147.135.252.182 - - [04/Apr/2026:15:35:46 -0300] "GET /system/PHPMailer/run.php?chm=/etc/proc/12494/ HTTP/1.1" 200 13 "-" "Mozilla/5.0 (compatible; MJ12bot/v1.4.8; http://mj12bot.com/)"
147.135.252.182 - - [04/Apr/2026:15:35:48 -0300] "GET /system/PHPMailer/run.php?chm=/etc/proc/12505/ HTTP/1.1" 200 13 "-" "Mozilla/5.0 (compatible; MJ12bot/v1.4.8; http://mj12bot.com/)"
147.135.252.182 - - [04/Apr/2026:15:35:49 -0300] "GET /system/PHPMailer/run.php?chm=/etc/proc/12512/ HTTP/1.1" 200 13 "-" "Mozilla/5.0 (compatible; MJ12bot/v1.4.8; http://mj12bot.com/)"
147.135.252.182 - - [04/Apr/2026:15:35:51 -0300] "GET /system/PHPMailer/run.php?chm=/etc/proc/12513/ HTTP/1.1" 200 13 "-" "Mozilla/5.0 (compatible; MJ12bot/v1.4.8; http://mj12bot.com/)"
147.135.252.182 - - [04/Apr/2026:15:35:53 -0300] "GET /system/PHPMailer/run.php?chm=/etc/proc/12514/ HTTP/1.1" 200 13 "-" "Mozilla/5.0 (compatible; MJ12bot/v1.4.8; http://mj12bot.com/)"
147.135.252.182 - - [04/Apr/2026:15:35:54 -0300] "GET /system/PHPMailer/run.php?chm=/etc/proc/12521/ HTTP/1.1" 200 13 "-" "Mozilla/5.0 (compatible; MJ12bot/v1.4.8; http://mj12bot.com/)"
147.135.252.182 - - [04/Apr/2026:15:35:56 -0300] "GET /system/PHPMailer/run.php?chm=/etc/proc/12536/ HTTP/1.1" 200 13 "-" "Mozilla/5.0 (compatible; MJ12bot/v1.4.8; http://mj12bot.com/)"
147.135.252.182 - - [04/Apr/2026:15:35:58 -0300] "GET /system/PHPMailer/run.php?chm=/etc/proc/12538/ HTTP/1.1" 200 13 "-" "Mozilla/5.0 (compatible; MJ12bot/v1.4.8; http://mj12bot.com/)"
147.135.252.182 - - [04/Apr/2026:15:35:59 -0300] "GET /system/PHPMailer/run.php?chm=/etc/proc/12542/ HTTP/1.1" 200 13 "-" "Mozilla/5.0 (compatible; MJ12bot/v1.4.8; http://mj12bot.com/)"
147.135.252.182 - - [04/Apr/2026:15:36:01 -0300] "GET /system/PHPMailer/run.php?chm=/etc/proc/12546/ HTTP/1.1" 200 13 "-" "Mozilla/5.0 (compatible; MJ12bot/v1.4.8; http://mj12bot.com/)"
147.135.252.182 - - [04/Apr/2026:15:36:03 -0300] "GET /system/PHPMailer/run.php?chm=/etc/proc/12547/ HTTP/1.1" 200 13 "-" "Mozilla/5.0 (compatible; MJ12bot/v1.4.8; http://mj12bot.com/)"
147.135.252.182 - - [04/Apr/2026:15:36:05 -0300] "GET /system/PHPMailer/run.php?chm=/etc/proc/12554/ HTTP/1.1" 200 13 "-" "Mozilla/5.0 (compatible; MJ12bot/v1.4.8; http://mj12bot.com/)"
147.135.252.182 - - [04/Apr/2026:15:36:06 -0300] "GET /system/PHPMailer/run.php?chm=/etc/proc/12557/ HTTP/1.1" 200 13 "-" "Mozilla/5.0 (compatible; MJ12bot/v1.4.8; http://mj12bot.com/)"
147.135.252.182 - - [04/Apr/2026:15:36:08 -0300] "GET /system/PHPMailer/run.php?chm=/etc/proc/1256/ HTTP/1.1" 200 13 "-" "Mozilla/5.0 (compatible; MJ12bot/v1.4.8; http://mj12bot.com/)"
147.135.252.182 - - [04/Apr/2026:15:36:09 -0300] "GET /system/PHPMailer/run.php?chm=/etc/proc/12564/ HTTP/1.1" 200 13 "-" "Mozilla/5.0 (compatible; MJ12bot/v1.4.8; http://mj12bot.com/)"
147.135.252.182 - - [04/Apr/2026:15:36:11 -0300] "GET /system/PHPMailer/run.php?chm=/etc/proc/12565/ HTTP/1.1" 200 13 "-" "Mozilla/5.0 (compatible; MJ12bot/v1.4.8; http://mj12bot.com/)"
147.135.252.182 - - [04/Apr/2026:15:36:13 -0300] "GET /system/PHPMailer/run.php?chm=/etc/proc/12565/attr/ HTTP/1.1" 200 13 "-" "Mozilla/5.0 (compatible; MJ12bot/v1.4.8; http://mj12bot.com/)"
147.135.252.182 - - [04/Apr/2026:15:36:15 -0300] "GET /system/PHPMailer/run.php?chm=/etc/proc/12567/ HTTP/1.1" 200 13 "-" "Mozilla/5.0 (compatible; MJ12bot/v1.4.8; http://mj12bot.com/)"
147.135.252.182 - - [04/Apr/2026:15:36:16 -0300] "GET /system/PHPMailer/run.php?chm=/etc/proc/12570/ HTTP/1.1" 200 13 "-" "Mozilla/5.0 (compatible; MJ12bot/v1.4.8; http://mj12bot.com/)"
147.135.252.182 - - [04/Apr/2026:15:36:18 -0300] "GET /system/PHPMailer/run.php?chm=/etc/proc/12575/ HTTP/1.1" 200 13 "-" "Mozilla/5.0 (compatible; MJ12bot/v1.4.8; http://mj12bot.com/)"
147.135.252.182 - - [04/Apr/2026:15:36:19 -0300] "GET /system/PHPMailer/run.php?chm=/etc/proc/12582/ HTTP/1.1" 200 13 "-" "Mozilla/5.0 (compatible; MJ12bot/v1.4.8; http://mj12bot.com/)"
147.135.252.182 - - [04/Apr/2026:15:36:21 -0300] "GET /system/PHPMailer/run.php?chm=/etc/proc/12587/ HTTP/1.1" 200 13 "-" "Mozilla/5.0 (compatible; MJ12bot/v1.4.8; http://mj12bot.com/)"
147.135.252.182 - - [04/Apr/2026:15:36:23 -0300] "GET /system/PHPMailer/run.php?chm=/etc/proc/12588/ HTTP/1.1" 200 13 "-" "Mozilla/5.0 (compatible; MJ12bot/v1.4.8; http://mj12bot.com/)"
147.135.252.182 - - [04/Apr/2026:15:36:24 -0300] "GET /system/PHPMailer/run.php?chm=/etc/proc/12591/ HTTP/1.1" 200 13 "-" "Mozilla/5.0 (compatible; MJ12bot/v1.4.8; http://mj12bot.com/)"
147.135.252.182 - - [04/Apr/2026:15:36:26 -0300] "GET /system/PHPMailer/run.php?chm=/etc/proc/12591/attr/ HTTP/1.1" 200 13 "-" "Mozilla/5.0 (compatible; MJ12bot/v1.4.8; http://mj12bot.com/)"
147.135.252.182 - - [04/Apr/2026:15:36:28 -0300] "GET /system/PHPMailer/run.php?chm=/etc/proc/12591/net/ HTTP/1.1" 200 13 "-" "Mozilla/5.0 (compatible; MJ12bot/v1.4.8; http://mj12bot.com/)"
147.135.252.182 - - [04/Apr/2026:15:36:29 -0300] "GET /system/PHPMailer/run.php?chm=/etc/proc/12591/task/ HTTP/1.1" 200 13 "-" "Mozilla/5.0 (compatible; MJ12bot/v1.4.8; http://mj12bot.com/)"
147.135.252.182 - - [04/Apr/2026:15:36:31 -0300] "GET /system/PHPMailer/run.php?chm=/etc/proc/12596/ HTTP/1.1" 200 13 "-" "Mozilla/5.0 (compatible; MJ12bot/v1.4.8; http://mj12bot.com/)"
147.135.252.182 - - [04/Apr/2026:15:36:33 -0300] "GET /system/PHPMailer/run.php?chm=/etc/proc/1260/ HTTP/1.1" 200 13 "-" "Mozilla/5.0 (compatible; MJ12bot/v1.4.8; http://mj12bot.com/)"
147.135.252.182 - - [04/Apr/2026:15:36:34 -0300] "GET /system/PHPMailer/run.php?chm=/etc/proc/1260/attr/ HTTP/1.1" 200 13 "-" "Mozilla/5.0 (compatible; MJ12bot/v1.4.8; http://mj12bot.com/)"
147.135.252.182 - - [04/Apr/2026:15:36:36 -0300] "GET /system/PHPMailer/run.php?chm=/etc/proc/1260/net/ HTTP/1.1" 200 13 "-" "Mozilla/5.0 (compatible; MJ12bot/v1.4.8; http://mj12bot.com/)"
147.135.252.182 - - [04/Apr/2026:15:36:38 -0300] "GET /system/PHPMailer/run.php?chm=/etc/proc/1260/task/ HTTP/1.1" 200 13 "-" "Mozilla/5.0 (compatible; MJ12bot/v1.4.8; http://mj12bot.com/)"
147.135.252.182 - - [04/Apr/2026:15:36:39 -0300] "GET /system/PHPMailer/run.php?chm=/etc/proc/12605/ HTTP/1.1" 200 13 "-" "Mozilla/5.0 (compatible; MJ12bot/v1.4.8; http://mj12bot.com/)"
147.135.252.182 - - [04/Apr/2026:15:36:41 -0300] "GET /system/PHPMailer/run.php?chm=/etc/proc/1261/ HTTP/1.1" 200 13 "-" "Mozilla/5.0 (compatible; MJ12bot/v1.4.8; http://mj12bot.com/)"
147.135.252.182 - - [04/Apr/2026:15:36:43 -0300] "GET /system/PHPMailer/run.php?chm=/etc/proc/1261/attr/ HTTP/1.1" 200 13 "-" "Mozilla/5.0 (compatible; MJ12bot/v1.4.8; http://mj12bot.com/)"
147.135.252.182 - - [04/Apr/2026:15:36:44 -0300] "GET /system/PHPMailer/run.php?chm=/etc/proc/12613/ HTTP/1.1" 200 13 "-" "Mozilla/5.0 (compatible; MJ12bot/v1.4.8; http://mj12bot.com/)"
147.135.252.182 - - [04/Apr/2026:15:36:46 -0300] "GET /system/PHPMailer/run.php?chm=/etc/proc/12613/attr/ HTTP/1.1" 200 13 "-" "Mozilla/5.0 (compatible; MJ12bot/v1.4.8; http://mj12bot.com/)"
147.135.252.182 - - [04/Apr/2026:15:36:48 -0300] "GET /system/PHPMailer/run.php?chm=/etc/proc/12613/net/ HTTP/1.1" 200 13 "-" "Mozilla/5.0 (compatible; MJ12bot/v1.4.8; http://mj12bot.com/)"
147.135.252.182 - - [04/Apr/2026:15:36:49 -0300] "GET /system/PHPMailer/run.php?chm=/etc/proc/12613/task/ HTTP/1.1" 200 13 "-" "Mozilla/5.0 (compatible; MJ12bot/v1.4.8; http://mj12bot.com/)"
147.135.252.182 - - [04/Apr/2026:15:36:51 -0300] "GET /system/PHPMailer/run.php?chm=/etc/proc/12624/ HTTP/1.1" 200 13 "-" "Mozilla/5.0 (compatible; MJ12bot/v1.4.8; http://mj12bot.com/)"
147.135.252.182 - - [04/Apr/2026:15:36:53 -0300] "GET /system/PHPMailer/run.php?chm=/etc/proc/12624/attr/ HTTP/1.1" 200 13 "-" "Mozilla/5.0 (compatible; MJ12bot/v1.4.8; http://mj12bot.com/)"
147.135.252.182 - - [04/Apr/2026:15:36:54 -0300] "GET /system/PHPMailer/run.php?chm=/etc/proc/12624/net/ HTTP/1.1" 200 13 "-" "Mozilla/5.0 (compatible; MJ12bot/v1.4.8; http://mj12bot.com/)"
147.135.252.182 - - [04/Apr/2026:15:36:56 -0300] "GET /system/PHPMailer/run.php?chm=/etc/proc/12631/ HTTP/1.1" 200 13 "-" "Mozilla/5.0 (compatible; MJ12bot/v1.4.8; http://mj12bot.com/)"
147.135.252.182 - - [04/Apr/2026:15:36:58 -0300] "GET /system/PHPMailer/run.php?chm=/etc/proc/12752/ HTTP/1.1" 200 13 "-" "Mozilla/5.0 (compatible; MJ12bot/v1.4.8; http://mj12bot.com/)"
147.135.252.182 - - [04/Apr/2026:15:36:59 -0300] "GET /system/PHPMailer/run.php?chm=/etc/proc/12767/ HTTP/1.1" 200 13 "-" "Mozilla/5.0 (compatible; MJ12bot/v1.4.8; http://mj12bot.com/)"
147.135.252.182 - - [04/Apr/2026:15:37:01 -0300] "GET /system/PHPMailer/run.php?chm=/etc/proc/12852/ HTTP/1.1" 200 13 "-" "Mozilla/5.0 (compatible; MJ12bot/v1.4.8; http://mj12bot.com/)"
147.135.252.182 - - [04/Apr/2026:15:37:03 -0300] "GET /system/PHPMailer/run.php?d=%22%20.%20urlencode(cleanPath($d,$isLinux))%20.%20%22&hldb=1 HTTP/1.1" 200 27 "-" "Mozilla/5.0 (compatible; MJ12bot/v1.4.8; http://mj12bot.com/)"
147.135.252.182 - - [04/Apr/2026:15:37:04 -0300] "GET /system/PHPMailer/run.php?d=//../../../lost%20found HTTP/1.1" 200 27 "-" "Mozilla/5.0 (compatible; MJ12bot/v1.4.8; http://mj12bot.com/)"
147.135.252.182 - - [04/Apr/2026:15:37:06 -0300] "GET /system/PHPMailer/run.php?d=//../../../run/../../../../../../../../../../lost%20found HTTP/1.1" 200 27 "-" "Mozilla/5.0 (compatible; MJ12bot/v1.4.8; http://mj12bot.com/)"
147.135.252.182 - - [04/Apr/2026:15:37:08 -0300] "GET /system/PHPMailer/run.php?d=//../../../run/../../../../../../../../.././lost%20found HTTP/1.1" 200 27 "-" "Mozilla/5.0 (compatible; MJ12bot/v1.4.8; http://mj12bot.com/)"
147.135.252.182 - - [04/Apr/2026:15:37:16 -0300] "GET /system/PHPMailer/run.php?d=//../../../run/../../../../../../../../../boot/lost%20found HTTP/1.1" 200 27 "-" "Mozilla/5.0 (compatible; MJ12bot/v1.4.8; http://mj12bot.com/)"
147.135.252.182 - - [04/Apr/2026:15:37:20 -0300] "GET /system/PHPMailer/run.php?d=//../../../run/../../../../../../../../../etc/ld.so.conf.d/../../../../../../../../lost%20found HTTP/1.1" 200 27 "-" "Mozilla/5.0 (compatible; MJ12bot/v1.4.8; http://mj12bot.com/)"
147.135.252.182 - - [04/Apr/2026:15:37:22 -0300] "GET /system/PHPMailer/run.php?d=//../../../run/../../../../../../../../../etc/ld.so.conf.d/../../../../../../.././lost%20found HTTP/1.1" 200 27 "-" "Mozilla/5.0 (compatible; MJ12bot/v1.4.8; http://mj12bot.com/)"
147.135.252.182 - - [04/Apr/2026:15:37:23 -0300] "GET /system/PHPMailer/run.php?d=//../../../run/../../../../../../../../../etc/ld.so.conf.d/../../../../../../.././proc/11832/../. HTTP/1.1" 200 27 "-" "Mozilla/5.0 (compatible; MJ12bot/v1.4.8; http://mj12bot.com/)"
147.135.252.182 - - [04/Apr/2026:15:37:25 -0300] "GET /system/PHPMailer/run.php?d=//../../../run/../../../../../../../../../etc/ld.so.conf.d/../../../../../../.././proc/11832/../.. HTTP/1.1" 200 27 "-" "Mozilla/5.0 (compatible; MJ12bot/v1.4.8; http://mj12bot.com/)"
147.135.252.182 - - [04/Apr/2026:15:37:27 -0300] "GET /system/PHPMailer/run.php?d=//../../../run/../../../../../../../../../etc/ld.so.conf.d/../../../../../../.././proc/11832/../1 HTTP/1.1" 200 27 "-" "Mozilla/5.0 (compatible; MJ12bot/v1.4.8; http://mj12bot.com/)"
147.135.252.182 - - [04/Apr/2026:15:37:28 -0300] "GET /system/PHPMailer/run.php?d=//../../../run/../../../../../../../../../etc/ld.so.conf.d/../../../../../../.././proc/11832/../10 HTTP/1.1" 200 27 "-" "Mozilla/5.0 (compatible; MJ12bot/v1.4.8; http://mj12bot.com/)"
147.135.252.182 - - [04/Apr/2026:15:37:32 -0300] "GET /system/PHPMailer/run.php?d=//../../../run/../../../../../../../../../etc/ld.so.conf.d/../../../../../../.././proc/11832/../10032 HTTP/1.1" 200 27 "-" "Mozilla/5.0 (compatible; MJ12bot/v1.4.8; http://mj12bot.com/)"
147.135.252.182 - - [04/Apr/2026:15:37:34 -0300] "GET /system/PHPMailer/run.php?d=//../../../run/../../../../../../../../../etc/ld.so.conf.d/../../../../../../.././proc/11832/../1008 HTTP/1.1" 200 27 "-" "Mozilla/5.0 (compatible; MJ12bot/v1.4.8; http://mj12bot.com/)"
147.135.252.182 - - [04/Apr/2026:15:37:35 -0300] "GET /system/PHPMailer/run.php?d=//../../../run/../../../../../../../../../etc/ld.so.conf.d/../../../../../../.././proc/11832/../10158 HTTP/1.1" 200 27 "-" "Mozilla/5.0 (compatible; MJ12bot/v1.4.8; http://mj12bot.com/)"
147.135.252.182 - - [04/Apr/2026:15:37:40 -0300] "GET /system/PHPMailer/run.php?d=//../../../run/../../../../../../../../../etc/ld.so.conf.d/../../../../../../.././proc/11832/../10160 HTTP/1.1" 200 27 "-" "Mozilla/5.0 (compatible; MJ12bot/v1.4.8; http://mj12bot.com/)"
147.135.252.182 - - [04/Apr/2026:15:37:41 -0300] "GET /system/PHPMailer/run.php?d=//../../../run/../../../../../../../../../etc/ld.so.conf.d/../../../../../../.././proc/11832/../10161 HTTP/1.1" 200 27 "-" "Mozilla/5.0 (compatible; MJ12bot/v1.4.8; http://mj12bot.com/)"
147.135.252.182 - - [04/Apr/2026:15:37:43 -0300] "GET /system/PHPMailer/run.php?d=//../../../run/../../../../../../../../../etc/ld.so.conf.d/../../../../../../.././proc/11832/../10207 HTTP/1.1" 200 27 "-" "Mozilla/5.0 (compatible; MJ12bot/v1.4.8; http://mj12bot.com/)"
147.135.252.182 - - [04/Apr/2026:15:37:45 -0300] "GET /system/PHPMailer/run.php?d=//../../../run/../../../../../../../../../etc/ld.so.conf.d/../../../../../../.././proc/11832/../10209 HTTP/1.1" 200 27 "-" "Mozilla/5.0 (compatible; MJ12bot/v1.4.8; http://mj12bot.com/)"
147.135.252.182 - - [04/Apr/2026:15:37:46 -0300] "GET /system/PHPMailer/run.php?d=//../../../run/../../../../../../../../../etc/ld.so.conf.d/../../../../../../.././proc/11832/../10210 HTTP/1.1" 200 27 "-" "Mozilla/5.0 (compatible; MJ12bot/v1.4.8; http://mj12bot.com/)"
147.135.252.182 - - [04/Apr/2026:15:37:48 -0300] "GET /system/PHPMailer/run.php?d=//../../../run/../../../../../../../../../etc/ld.so.conf.d/../../../../../../.././proc/11832/../10221 HTTP/1.1" 200 27 "-" "Mozilla/5.0 (compatible; MJ12bot/v1.4.8; http://mj12bot.com/)"
147.135.252.182 - - [04/Apr/2026:15:37:50 -0300] "GET /system/PHPMailer/run.php?d=//../../../run/../../../../../../../../../etc/ld.so.conf.d/../../../../../../.././proc/11832/../1039 HTTP/1.1" 200 27 "-" "Mozilla/5.0 (compatible; MJ12bot/v1.4.8; http://mj12bot.com/)"
147.135.252.182 - - [04/Apr/2026:15:37:51 -0300] "GET /system/PHPMailer/run.php?d=//../../../run/../../../../../../../../../etc/ld.so.conf.d/../../../../../../.././proc/11832/../10397 HTTP/1.1" 200 27 "-" "Mozilla/5.0 (compatible; MJ12bot/v1.4.8; http://mj12bot.com/)"
147.135.252.182 - - [04/Apr/2026:15:37:53 -0300] "GET /system/PHPMailer/run.php?d=//../../../run/../../../../../../../../../etc/ld.so.conf.d/../../../../../../.././proc/11832/../1041 HTTP/1.1" 200 27 "-" "Mozilla/5.0 (compatible; MJ12bot/v1.4.8; http://mj12bot.com/)"
147.135.252.182 - - [04/Apr/2026:15:37:55 -0300] "GET /system/PHPMailer/run.php?d=//../../../run/../../../../../../../../../etc/ld.so.conf.d/../../../../../../.././proc/11832/../1045 HTTP/1.1" 200 27 "-" "Mozilla/5.0 (compatible; MJ12bot/v1.4.8; http://mj12bot.com/)"
147.135.252.182 - - [04/Apr/2026:15:37:56 -0300] "GET /system/PHPMailer/run.php?d=//../../../run/../../../../../../../../../etc/ld.so.conf.d/../../../../../../.././proc/11832/../1059 HTTP/1.1" 200 27 "-" "Mozilla/5.0 (compatible; MJ12bot/v1.4.8; http://mj12bot.com/)"
45.232.9.126 - - [04/Apr/2026:15:37:56 -0300] "GET /cartaz-novo/ HTTP/1.1" 200 2639 "-" "Mozilla/5.0 (Windows NT 10.0; Win64; x64) AppleWebKit/537.36 (KHTML, like Gecko) Chrome/146.0.0.0 Safari/537.36"
45.232.9.126 - - [04/Apr/2026:15:38:01 -0300] "GET /favicon.ico HTTP/1.1" 404 - "https://www.ffprestadora.com.br/cartaz-novo/" "Mozilla/5.0 (Windows NT 10.0; Win64; x64) AppleWebKit/537.36 (KHTML, like Gecko) Chrome/146.0.0.0 Safari/537.36"
147.135.252.182 - - [04/Apr/2026:15:38:05 -0300] "GET /system/PHPMailer/run.php?d=//../../../run/../../../../../../../../../etc/ld.so.conf.d/../../../../../../.././proc/11832/../10641 HTTP/1.1" 200 27 "-" "Mozilla/5.0 (compatible; MJ12bot/v1.4.8; http://mj12bot.com/)"
147.135.252.182 - - [04/Apr/2026:15:38:19 -0300] "GET /system/PHPMailer/run.php?d=//../../../run/../../../../../../../../../etc/ld.so.conf.d/../../../../../../.././proc/11832/../10672 HTTP/1.1" 200 27 "-" "Mozilla/5.0 (compatible; MJ12bot/v1.4.8; http://mj12bot.com/)"
147.135.252.182 - - [04/Apr/2026:15:38:21 -0300] "GET /system/PHPMailer/run.php?d=//../../../run/../../../../../../../../../etc/ld.so.conf.d/../../../../../../.././proc/11832/../1068 HTTP/1.1" 200 27 "-" "Mozilla/5.0 (compatible; MJ12bot/v1.4.8; http://mj12bot.com/)"
147.135.252.182 - - [04/Apr/2026:15:38:23 -0300] "GET /system/PHPMailer/run.php?d=//../../../run/../../../../../../../../../etc/ld.so.conf.d/../../../../../../.././proc/11832/../1069 HTTP/1.1" 200 27 "-" "Mozilla/5.0 (compatible; MJ12bot/v1.4.8; http://mj12bot.com/)"
147.135.252.182 - - [04/Apr/2026:15:38:24 -0300] "GET /system/PHPMailer/run.php?d=//../../../run/../../../../../../../../../etc/ld.so.conf.d/../../../../../../.././proc/11832/../10692 HTTP/1.1" 200 27 "-" "Mozilla/5.0 (compatible; MJ12bot/v1.4.8; http://mj12bot.com/)"
147.135.252.182 - - [04/Apr/2026:15:38:26 -0300] "GET /system/PHPMailer/run.php?d=//../../../run/../../../../../../../../../etc/ld.so.conf.d/../../../../../../.././proc/11832/../10712 HTTP/1.1" 200 27 "-" "Mozilla/5.0 (compatible; MJ12bot/v1.4.8; http://mj12bot.com/)"
147.135.252.182 - - [04/Apr/2026:15:38:28 -0300] "GET /system/PHPMailer/run.php?d=//../../../run/../../../../../../../../../etc/ld.so.conf.d/../../../../../../.././proc/11832/../1072 HTTP/1.1" 200 27 "-" "Mozilla/5.0 (compatible; MJ12bot/v1.4.8; http://mj12bot.com/)"
147.135.252.182 - - [04/Apr/2026:15:38:29 -0300] "GET /system/PHPMailer/run.php?d=//../../../run/../../../../../../../../../etc/ld.so.conf.d/../../../../../../.././proc/11832/../1073 HTTP/1.1" 200 27 "-" "Mozilla/5.0 (compatible; MJ12bot/v1.4.8; http://mj12bot.com/)"
147.135.252.182 - - [04/Apr/2026:15:38:31 -0300] "GET /system/PHPMailer/run.php?d=//../../../run/../../../../../../../../../etc/ld.so.conf.d/../../../../../../.././proc/11832/../1074 HTTP/1.1" 200 27 "-" "Mozilla/5.0 (compatible; MJ12bot/v1.4.8; http://mj12bot.com/)"
147.135.252.182 - - [04/Apr/2026:15:38:32 -0300] "GET /system/PHPMailer/run.php?d=//../../../run/../../../../../../../../../etc/ld.so.conf.d/../../../../../../.././proc/11832/../10751 HTTP/1.1" 200 27 "-" "Mozilla/5.0 (compatible; MJ12bot/v1.4.8; http://mj12bot.com/)"
147.135.252.182 - - [04/Apr/2026:15:38:34 -0300] "GET /system/PHPMailer/run.php?d=//../../../run/../../../../../../../../../etc/ld.so.conf.d/../../../../../../.././proc/11832/../10770 HTTP/1.1" 200 27 "-" "Mozilla/5.0 (compatible; MJ12bot/v1.4.8; http://mj12bot.com/)"
147.135.252.182 - - [04/Apr/2026:15:38:36 -0300] "GET /system/PHPMailer/run.php?d=//../../../run/../../../../../../../../../etc/ld.so.conf.d/../../../../../../.././proc/11832/../1078 HTTP/1.1" 200 27 "-" "Mozilla/5.0 (compatible; MJ12bot/v1.4.8; http://mj12bot.com/)"
147.135.252.182 - - [04/Apr/2026:15:38:37 -0300] "GET /system/PHPMailer/run.php?d=//../../../run/../../../../../../../../../etc/ld.so.conf.d/../../../../../../.././proc/11832/../10783 HTTP/1.1" 200 27 "-" "Mozilla/5.0 (compatible; MJ12bot/v1.4.8; http://mj12bot.com/)"
147.135.252.182 - - [04/Apr/2026:15:38:39 -0300] "GET /system/PHPMailer/run.php?d=//../../../run/../../../../../../../../../etc/ld.so.conf.d/../../../../../../.././proc/11832/../10795 HTTP/1.1" 200 27 "-" "Mozilla/5.0 (compatible; MJ12bot/v1.4.8; http://mj12bot.com/)"
147.135.252.182 - - [04/Apr/2026:15:38:41 -0300] "GET /system/PHPMailer/run.php?d=//../../../run/../../../../../../../../../etc/ld.so.conf.d/../../../../../../.././proc/11832/../10799 HTTP/1.1" 200 27 "-" "Mozilla/5.0 (compatible; MJ12bot/v1.4.8; http://mj12bot.com/)"
147.135.252.182 - - [04/Apr/2026:15:38:42 -0300] "GET /system/PHPMailer/run.php?d=//../../../run/../../../../../../../../../etc/ld.so.conf.d/../../../../../../.././proc/11832/../1080 HTTP/1.1" 200 27 "-" "Mozilla/5.0 (compatible; MJ12bot/v1.4.8; http://mj12bot.com/)"
147.135.252.182 - - [04/Apr/2026:15:38:44 -0300] "GET /system/PHPMailer/run.php?d=//../../../run/../../../../../../../../../etc/ld.so.conf.d/../../../../../../.././proc/11832/../10808 HTTP/1.1" 200 27 "-" "Mozilla/5.0 (compatible; MJ12bot/v1.4.8; http://mj12bot.com/)"
147.135.252.182 - - [04/Apr/2026:15:38:46 -0300] "GET /system/PHPMailer/run.php?d=//../../../run/../../../../../../../../../etc/ld.so.conf.d/../../../../../../.././proc/11832/../1081 HTTP/1.1" 200 27 "-" "Mozilla/5.0 (compatible; MJ12bot/v1.4.8; http://mj12bot.com/)"
147.135.252.182 - - [04/Apr/2026:15:38:47 -0300] "GET /system/PHPMailer/run.php?d=//../../../run/../../../../../../../../../etc/ld.so.conf.d/../../../../../../.././proc/11832/../1082 HTTP/1.1" 200 27 "-" "Mozilla/5.0 (compatible; MJ12bot/v1.4.8; http://mj12bot.com/)"
147.135.252.182 - - [04/Apr/2026:15:38:49 -0300] "GET /system/PHPMailer/run.php?d=//../../../run/../../../../../../../../../etc/ld.so.conf.d/../../../../../../.././proc/11832/../10827 HTTP/1.1" 200 27 "-" "Mozilla/5.0 (compatible; MJ12bot/v1.4.8; http://mj12bot.com/)"
147.135.252.182 - - [04/Apr/2026:15:38:51 -0300] "GET /system/PHPMailer/run.php?d=//../../../run/../../../../../../../../../etc/ld.so.conf.d/../../../../../../.././proc/11832/../1083 HTTP/1.1" 200 27 "-" "Mozilla/5.0 (compatible; MJ12bot/v1.4.8; http://mj12bot.com/)"
147.135.252.182 - - [04/Apr/2026:15:38:52 -0300] "GET /system/PHPMailer/run.php?d=//../../../run/../../../../../../../../../etc/ld.so.conf.d/../../../../../../.././proc/11832/../1084 HTTP/1.1" 200 27 "-" "Mozilla/5.0 (compatible; MJ12bot/v1.4.8; http://mj12bot.com/)"
147.135.252.182 - - [04/Apr/2026:15:38:54 -0300] "GET /system/PHPMailer/run.php?d=//../../../run/../../../../../../../../../etc/ld.so.conf.d/../../../../../../.././proc/11832/../10841 HTTP/1.1" 200 27 "-" "Mozilla/5.0 (compatible; MJ12bot/v1.4.8; http://mj12bot.com/)"
147.135.252.182 - - [04/Apr/2026:15:38:56 -0300] "GET /system/PHPMailer/run.php?d=//../../../run/../../../../../../../../../etc/ld.so.conf.d/../../../../../../.././proc/11832/../1085 HTTP/1.1" 200 17574 "-" "Mozilla/5.0 (compatible; MJ12bot/v1.4.8; http://mj12bot.com/)"
147.135.252.182 - - [04/Apr/2026:15:38:58 -0300] "GET /system/PHPMailer/run.php?d=//../../../run/../../../../../../../../../etc/ld.so.conf.d/../../../../../../.././proc/11832/../10852 HTTP/1.1" 200 17758 "-" "Mozilla/5.0 (compatible; MJ12bot/v1.4.8; http://mj12bot.com/)"
147.135.252.182 - - [04/Apr/2026:15:39:00 -0300] "GET /system/PHPMailer/run.php?d=//../../../run/../../../../../../../../../etc/ld.so.conf.d/../../../../../../.././proc/11832/../10858 HTTP/1.1" 200 17758 "-" "Mozilla/5.0 (compatible; MJ12bot/v1.4.8; http://mj12bot.com/)"
147.135.252.182 - - [04/Apr/2026:15:39:01 -0300] "GET /system/PHPMailer/run.php?d=//../../../run/../../../../../../../../../etc/ld.so.conf.d/../../../../../../.././proc/11832/../10880 HTTP/1.1" 200 27 "-" "Mozilla/5.0 (compatible; MJ12bot/v1.4.8; http://mj12bot.com/)"
147.135.252.182 - - [04/Apr/2026:15:39:03 -0300] "GET /system/PHPMailer/run.php?d=//../../../run/../../../../../../../../../etc/ld.so.conf.d/../../../../../../.././proc/11832/../10911 HTTP/1.1" 200 27 "-" "Mozilla/5.0 (compatible; MJ12bot/v1.4.8; http://mj12bot.com/)"
