177.66.229.22 - - [07/Apr/2026:10:32:23 -0300] "GET /cartaz-novo/ HTTP/1.1" 404 - "-" "Mozilla/5.0 (Windows NT 10.0; WOW64) AppleWebKit/537.36 (KHTML, like Gecko) Chrome/84.0.4147.135 Safari/537.36"
177.66.229.22 - - [07/Apr/2026:10:32:23 -0300] "GET /favicon.ico HTTP/1.1" 404 - "https://ffprestadora.com.br/cartaz-novo/" "Mozilla/5.0 (Windows NT 10.0; WOW64) AppleWebKit/537.36 (KHTML, like Gecko) Chrome/84.0.4147.135 Safari/537.36"
177.66.229.22 - - [07/Apr/2026:10:32:29 -0300] "GET /cartaz-novo/ HTTP/1.1" 404 - "-" "Mozilla/5.0 (Windows NT 10.0; WOW64) AppleWebKit/537.36 (KHTML, like Gecko) Chrome/84.0.4147.135 Safari/537.36"
177.66.229.22 - - [07/Apr/2026:10:32:31 -0300] "GET /cartaz/ HTTP/1.1" 200 703 "-" "Mozilla/5.0 (Windows NT 10.0; WOW64) AppleWebKit/537.36 (KHTML, like Gecko) Chrome/84.0.4147.135 Safari/537.36"
177.66.229.22 - - [07/Apr/2026:10:32:31 -0300] "GET /cartaz/main.js HTTP/1.1" 200 903 "https://ffprestadora.com.br/cartaz/" "Mozilla/5.0 (Windows NT 10.0; WOW64) AppleWebKit/537.36 (KHTML, like Gecko) Chrome/84.0.4147.135 Safari/537.36"
177.66.229.22 - - [07/Apr/2026:10:32:31 -0300] "GET /cartaz/style.css HTTP/1.1" 200 221 "https://ffprestadora.com.br/cartaz/" "Mozilla/5.0 (Windows NT 10.0; WOW64) AppleWebKit/537.36 (KHTML, like Gecko) Chrome/84.0.4147.135 Safari/537.36"
177.66.229.22 - - [07/Apr/2026:10:32:31 -0300] "GET /cartaz/canvasRenderer.js HTTP/1.1" 200 949 "https://ffprestadora.com.br/cartaz/main.js" "Mozilla/5.0 (Windows NT 10.0; WOW64) AppleWebKit/537.36 (KHTML, like Gecko) Chrome/84.0.4147.135 Safari/537.36"
177.66.229.22 - - [07/Apr/2026:10:32:31 -0300] "GET /cartaz/formatter.js HTTP/1.1" 200 354 "https://ffprestadora.com.br/cartaz/main.js" "Mozilla/5.0 (Windows NT 10.0; WOW64) AppleWebKit/537.36 (KHTML, like Gecko) Chrome/84.0.4147.135 Safari/537.36"
177.66.229.22 - - [07/Apr/2026:10:32:31 -0300] "GET /cartaz/assets/imagens/fundo_etiqueta.png HTTP/1.1" 404 - "https://ffprestadora.com.br/cartaz/" "Mozilla/5.0 (Windows NT 10.0; WOW64) AppleWebKit/537.36 (KHTML, like Gecko) Chrome/84.0.4147.135 Safari/537.36"
177.66.229.22 - - [07/Apr/2026:10:32:34 -0300] "GET /cartaz-novo/ HTTP/1.1" 404 - "-" "Mozilla/5.0 (Windows NT 10.0; WOW64) AppleWebKit/537.36 (KHTML, like Gecko) Chrome/84.0.4147.135 Safari/537.36"
189.76.71.206 - - [07/Apr/2026:10:32:43 -0300] "GET /cartaz-novo/ HTTP/1.1" 404 - "-" "Mozilla/5.0 (Windows NT 10.0; Win64; x64) AppleWebKit/537.36 (KHTML, like Gecko) Chrome/146.0.0.0 Safari/537.36"
189.76.71.206 - - [07/Apr/2026:10:32:43 -0300] "GET /cartaz-novo/ HTTP/1.1" 404 - "-" "Mozilla/5.0 (Windows NT 10.0; Win64; x64) AppleWebKit/537.36 (KHTML, like Gecko) Chrome/146.0.0.0 Safari/537.36"
189.76.71.206 - - [07/Apr/2026:10:32:44 -0300] "GET /favicon.ico HTTP/1.1" 404 - "https://ffprestadora.com.br/cartaz-novo/" "Mozilla/5.0 (Windows NT 10.0; Win64; x64) AppleWebKit/537.36 (KHTML, like Gecko) Chrome/146.0.0.0 Safari/537.36"
177.66.229.22 - - [07/Apr/2026:10:32:47 -0300] "GET /cartaz-novo/ HTTP/1.1" 404 - "-" "Mozilla/5.0 (Windows NT 10.0; WOW64) AppleWebKit/537.36 (KHTML, like Gecko) Chrome/84.0.4147.135 Safari/537.36"
177.66.229.22 - - [07/Apr/2026:10:32:47 -0300] "GET /cartaz-novo/ HTTP/1.1" 404 - "-" "Mozilla/5.0 (Windows NT 10.0; WOW64) AppleWebKit/537.36 (KHTML, like Gecko) Chrome/84.0.4147.135 Safari/537.36"
177.66.229.22 - - [07/Apr/2026:10:32:47 -0300] "GET /cartaz-novo/ HTTP/1.1" 404 - "-" "Mozilla/5.0 (Windows NT 10.0; WOW64) AppleWebKit/537.36 (KHTML, like Gecko) Chrome/84.0.4147.135 Safari/537.36"
177.66.229.22 - - [07/Apr/2026:10:32:47 -0300] "GET /cartaz-novo/ HTTP/1.1" 404 - "-" "Mozilla/5.0 (Windows NT 10.0; WOW64) AppleWebKit/537.36 (KHTML, like Gecko) Chrome/84.0.4147.135 Safari/537.36"
177.66.229.22 - - [07/Apr/2026:10:32:48 -0300] "GET /cartaz-novo/ HTTP/1.1" 404 - "-" "Mozilla/5.0 (Windows NT 10.0; WOW64) AppleWebKit/537.36 (KHTML, like Gecko) Chrome/84.0.4147.135 Safari/537.36"
177.66.229.22 - - [07/Apr/2026:10:32:48 -0300] "GET /cartaz-novo/ HTTP/1.1" 404 - "-" "Mozilla/5.0 (Windows NT 10.0; WOW64) AppleWebKit/537.36 (KHTML, like Gecko) Chrome/84.0.4147.135 Safari/537.36"
177.66.229.22 - - [07/Apr/2026:10:32:48 -0300] "GET /cartaz-novo/ HTTP/1.1" 404 - "-" "Mozilla/5.0 (Windows NT 10.0; WOW64) AppleWebKit/537.36 (KHTML, like Gecko) Chrome/84.0.4147.135 Safari/537.36"
177.66.229.22 - - [07/Apr/2026:10:32:48 -0300] "GET /cartaz-novo/ HTTP/1.1" 404 - "-" "Mozilla/5.0 (Windows NT 10.0; WOW64) AppleWebKit/537.36 (KHTML, like Gecko) Chrome/84.0.4147.135 Safari/537.36"
189.76.71.206 - - [07/Apr/2026:10:32:50 -0300] "GET /cartaz-novo/ HTTP/1.1" 404 - "-" "Mozilla/5.0 (Windows NT 10.0; Win64; x64) AppleWebKit/537.36 (KHTML, like Gecko) Chrome/146.0.0.0 Safari/537.36"
189.76.71.206 - - [07/Apr/2026:10:32:51 -0300] "GET /cartaz-novo/ HTTP/1.1" 404 - "-" "Mozilla/5.0 (Windows NT 10.0; Win64; x64) AppleWebKit/537.36 (KHTML, like Gecko) Chrome/146.0.0.0 Safari/537.36"
189.76.71.206 - - [07/Apr/2026:10:32:51 -0300] "GET /cartaz-novo/ HTTP/1.1" 404 - "-" "Mozilla/5.0 (Windows NT 10.0; Win64; x64) AppleWebKit/537.36 (KHTML, like Gecko) Chrome/146.0.0.0 Safari/537.36"
177.66.229.22 - - [07/Apr/2026:10:32:54 -0300] "GET /cartaz-novo/ HTTP/1.1" 404 - "-" "Mozilla/5.0 (Windows NT 10.0; WOW64) AppleWebKit/537.36 (KHTML, like Gecko) Chrome/84.0.4147.135 Safari/537.36"
177.66.229.22 - - [07/Apr/2026:10:32:56 -0300] "GET /cartaz-novo/ HTTP/1.1" 404 - "-" "Mozilla/5.0 (Windows NT 10.0; WOW64) AppleWebKit/537.36 (KHTML, like Gecko) Chrome/84.0.4147.135 Safari/537.36"
189.76.71.206 - - [07/Apr/2026:10:32:56 -0300] "GET /cartaz-novo/ HTTP/1.1" 404 - "-" "Mozilla/5.0 (Windows NT 10.0; Win64; x64) AppleWebKit/537.36 (KHTML, like Gecko) Chrome/146.0.0.0 Safari/537.36"
189.76.71.206 - - [07/Apr/2026:10:32:56 -0300] "GET /cartaz-novo/ HTTP/1.1" 404 - "-" "Mozilla/5.0 (Windows NT 10.0; Win64; x64) AppleWebKit/537.36 (KHTML, like Gecko) Chrome/146.0.0.0 Safari/537.36"
186.193.69.190 - - [07/Apr/2026:10:32:57 -0300] "GET /cartaz-novo/ HTTP/1.1" 404 - "-" "Mozilla/5.0 (Windows NT 10.0; Win64; x64) AppleWebKit/537.36 (KHTML, like Gecko) Chrome/146.0.0.0 Safari/537.36"
186.193.69.190 - - [07/Apr/2026:10:32:57 -0300] "GET /favicon.ico HTTP/1.1" 404 - "https://www.ffprestadora.com.br/cartaz-novo/" "Mozilla/5.0 (Windows NT 10.0; Win64; x64) AppleWebKit/537.36 (KHTML, like Gecko) Chrome/146.0.0.0 Safari/537.36"
186.193.69.190 - - [07/Apr/2026:10:32:59 -0300] "GET /cartaz-novo/ HTTP/1.1" 404 - "-" "Mozilla/5.0 (Windows NT 10.0; Win64; x64) AppleWebKit/537.36 (KHTML, like Gecko) Chrome/146.0.0.0 Safari/537.36"
186.193.69.190 - - [07/Apr/2026:10:33:00 -0300] "GET /cartaz-novo/ HTTP/1.1" 404 - "-" "Mozilla/5.0 (Windows NT 10.0; Win64; x64) AppleWebKit/537.36 (KHTML, like Gecko) Chrome/146.0.0.0 Safari/537.36"
186.193.69.190 - - [07/Apr/2026:10:33:00 -0300] "GET /cartaz-novo/ HTTP/1.1" 404 - "-" "Mozilla/5.0 (Windows NT 10.0; Win64; x64) AppleWebKit/537.36 (KHTML, like Gecko) Chrome/146.0.0.0 Safari/537.36"
186.193.69.190 - - [07/Apr/2026:10:33:01 -0300] "GET /cartaz-novo/ HTTP/1.1" 404 - "-" "Mozilla/5.0 (Windows NT 10.0; Win64; x64) AppleWebKit/537.36 (KHTML, like Gecko) Chrome/146.0.0.0 Safari/537.36"
186.193.69.190 - - [07/Apr/2026:10:33:01 -0300] "GET /cartaz-novo/ HTTP/1.1" 404 - "-" "Mozilla/5.0 (Windows NT 10.0; Win64; x64) AppleWebKit/537.36 (KHTML, like Gecko) Chrome/146.0.0.0 Safari/537.36"
186.193.69.190 - - [07/Apr/2026:10:33:01 -0300] "GET /cartaz-novo/ HTTP/1.1" 404 - "-" "Mozilla/5.0 (Windows NT 10.0; Win64; x64) AppleWebKit/537.36 (KHTML, like Gecko) Chrome/146.0.0.0 Safari/537.36"
186.193.69.190 - - [07/Apr/2026:10:33:01 -0300] "GET /cartaz-novo/ HTTP/1.1" 404 - "-" "Mozilla/5.0 (Windows NT 10.0; Win64; x64) AppleWebKit/537.36 (KHTML, like Gecko) Chrome/146.0.0.0 Safari/537.36"
186.193.69.190 - - [07/Apr/2026:10:33:02 -0300] "GET /cartaz-novo/ HTTP/1.1" 404 - "-" "Mozilla/5.0 (Windows NT 10.0; Win64; x64) AppleWebKit/537.36 (KHTML, like Gecko) Chrome/146.0.0.0 Safari/537.36"
186.193.69.190 - - [07/Apr/2026:10:33:02 -0300] "GET /cartaz-novo/ HTTP/1.1" 404 - "-" "Mozilla/5.0 (Windows NT 10.0; Win64; x64) AppleWebKit/537.36 (KHTML, like Gecko) Chrome/146.0.0.0 Safari/537.36"
186.193.69.190 - - [07/Apr/2026:10:33:02 -0300] "GET /cartaz-novo/ HTTP/1.1" 404 - "-" "Mozilla/5.0 (Windows NT 10.0; Win64; x64) AppleWebKit/537.36 (KHTML, like Gecko) Chrome/146.0.0.0 Safari/537.36"
186.193.69.190 - - [07/Apr/2026:10:33:02 -0300] "GET /cartaz-novo/ HTTP/1.1" 404 - "-" "Mozilla/5.0 (Windows NT 10.0; Win64; x64) AppleWebKit/537.36 (KHTML, like Gecko) Chrome/146.0.0.0 Safari/537.36"
186.193.69.190 - - [07/Apr/2026:10:33:02 -0300] "GET /cartaz-novo/ HTTP/1.1" 404 - "-" "Mozilla/5.0 (Windows NT 10.0; Win64; x64) AppleWebKit/537.36 (KHTML, like Gecko) Chrome/146.0.0.0 Safari/537.36"
186.193.69.190 - - [07/Apr/2026:10:33:02 -0300] "GET /cartaz-novo/ HTTP/1.1" 404 - "-" "Mozilla/5.0 (Windows NT 10.0; Win64; x64) AppleWebKit/537.36 (KHTML, like Gecko) Chrome/146.0.0.0 Safari/537.36"
186.193.69.190 - - [07/Apr/2026:10:33:03 -0300] "GET /cartaz-novo/ HTTP/1.1" 404 - "-" "Mozilla/5.0 (Windows NT 10.0; Win64; x64) AppleWebKit/537.36 (KHTML, like Gecko) Chrome/146.0.0.0 Safari/537.36"
186.193.69.190 - - [07/Apr/2026:10:33:03 -0300] "GET /cartaz-novo/ HTTP/1.1" 404 - "-" "Mozilla/5.0 (Windows NT 10.0; Win64; x64) AppleWebKit/537.36 (KHTML, like Gecko) Chrome/146.0.0.0 Safari/537.36"
177.66.229.22 - - [07/Apr/2026:10:33:03 -0300] "GET /cartaz-novo/ HTTP/1.1" 404 - "-" "Mozilla/5.0 (Windows NT 10.0; WOW64) AppleWebKit/537.36 (KHTML, like Gecko) Chrome/84.0.4147.135 Safari/537.36"
186.193.69.190 - - [07/Apr/2026:10:33:03 -0300] "GET /cartaz-novo/ HTTP/1.1" 404 - "-" "Mozilla/5.0 (Windows NT 10.0; Win64; x64) AppleWebKit/537.36 (KHTML, like Gecko) Chrome/146.0.0.0 Safari/537.36"
177.66.229.22 - - [07/Apr/2026:10:33:03 -0300] "GET /cartaz-novo/ HTTP/1.1" 404 - "-" "Mozilla/5.0 (Windows NT 10.0; WOW64) AppleWebKit/537.36 (KHTML, like Gecko) Chrome/84.0.4147.135 Safari/537.36"
177.66.229.22 - - [07/Apr/2026:10:33:03 -0300] "GET /cartaz-novo/ HTTP/1.1" 404 - "-" "Mozilla/5.0 (Windows NT 10.0; WOW64) AppleWebKit/537.36 (KHTML, like Gecko) Chrome/84.0.4147.135 Safari/537.36"
186.193.69.190 - - [07/Apr/2026:10:33:03 -0300] "GET /cartaz-novo/ HTTP/1.1" 404 - "-" "Mozilla/5.0 (Windows NT 10.0; Win64; x64) AppleWebKit/537.36 (KHTML, like Gecko) Chrome/146.0.0.0 Safari/537.36"
177.66.229.22 - - [07/Apr/2026:10:33:03 -0300] "GET /cartaz-novo/ HTTP/1.1" 404 - "-" "Mozilla/5.0 (Windows NT 10.0; WOW64) AppleWebKit/537.36 (KHTML, like Gecko) Chrome/84.0.4147.135 Safari/537.36"
186.193.69.190 - - [07/Apr/2026:10:33:03 -0300] "GET /cartaz-novo/ HTTP/1.1" 404 - "-" "Mozilla/5.0 (Windows NT 10.0; Win64; x64) AppleWebKit/537.36 (KHTML, like Gecko) Chrome/146.0.0.0 Safari/537.36"
177.66.229.22 - - [07/Apr/2026:10:33:03 -0300] "GET /cartaz-novo/ HTTP/1.1" 404 - "-" "Mozilla/5.0 (Windows NT 10.0; WOW64) AppleWebKit/537.36 (KHTML, like Gecko) Chrome/84.0.4147.135 Safari/537.36"
186.193.69.190 - - [07/Apr/2026:10:33:03 -0300] "GET /cartaz-novo/ HTTP/1.1" 404 - "-" "Mozilla/5.0 (Windows NT 10.0; Win64; x64) AppleWebKit/537.36 (KHTML, like Gecko) Chrome/146.0.0.0 Safari/537.36"
177.66.229.22 - - [07/Apr/2026:10:33:04 -0300] "GET /cartaz-novo/ HTTP/1.1" 404 - "-" "Mozilla/5.0 (Windows NT 10.0; WOW64) AppleWebKit/537.36 (KHTML, like Gecko) Chrome/84.0.4147.135 Safari/537.36"
186.193.69.190 - - [07/Apr/2026:10:33:04 -0300] "GET /cartaz-novo/ HTTP/1.1" 404 - "-" "Mozilla/5.0 (Windows NT 10.0; Win64; x64) AppleWebKit/537.36 (KHTML, like Gecko) Chrome/146.0.0.0 Safari/537.36"
177.66.229.22 - - [07/Apr/2026:10:33:04 -0300] "GET /cartaz-novo/ HTTP/1.1" 404 - "-" "Mozilla/5.0 (Windows NT 10.0; WOW64) AppleWebKit/537.36 (KHTML, like Gecko) Chrome/84.0.4147.135 Safari/537.36"
186.193.69.190 - - [07/Apr/2026:10:33:04 -0300] "GET /cartaz-novo/ HTTP/1.1" 404 - "-" "Mozilla/5.0 (Windows NT 10.0; Win64; x64) AppleWebKit/537.36 (KHTML, like Gecko) Chrome/146.0.0.0 Safari/537.36"
177.66.229.22 - - [07/Apr/2026:10:33:04 -0300] "GET /cartaz-novo/ HTTP/1.1" 404 - "-" "Mozilla/5.0 (Windows NT 10.0; WOW64) AppleWebKit/537.36 (KHTML, like Gecko) Chrome/84.0.4147.135 Safari/537.36"
186.193.69.190 - - [07/Apr/2026:10:33:04 -0300] "GET /cartaz-novo/ HTTP/1.1" 404 - "-" "Mozilla/5.0 (Windows NT 10.0; Win64; x64) AppleWebKit/537.36 (KHTML, like Gecko) Chrome/146.0.0.0 Safari/537.36"
177.66.229.22 - - [07/Apr/2026:10:33:04 -0300] "GET /cartaz-novo/ HTTP/1.1" 404 - "-" "Mozilla/5.0 (Windows NT 10.0; WOW64) AppleWebKit/537.36 (KHTML, like Gecko) Chrome/84.0.4147.135 Safari/537.36"
186.193.69.190 - - [07/Apr/2026:10:33:04 -0300] "GET /cartaz-novo/ HTTP/1.1" 404 - "-" "Mozilla/5.0 (Windows NT 10.0; Win64; x64) AppleWebKit/537.36 (KHTML, like Gecko) Chrome/146.0.0.0 Safari/537.36"
177.66.229.22 - - [07/Apr/2026:10:33:04 -0300] "GET /cartaz-novo/ HTTP/1.1" 404 - "-" "Mozilla/5.0 (Windows NT 10.0; WOW64) AppleWebKit/537.36 (KHTML, like Gecko) Chrome/84.0.4147.135 Safari/537.36"
186.193.69.190 - - [07/Apr/2026:10:33:04 -0300] "GET /cartaz-novo/ HTTP/1.1" 404 - "-" "Mozilla/5.0 (Windows NT 10.0; Win64; x64) AppleWebKit/537.36 (KHTML, like Gecko) Chrome/146.0.0.0 Safari/537.36"
177.66.229.22 - - [07/Apr/2026:10:33:05 -0300] "GET /cartaz-novo/ HTTP/1.1" 404 - "-" "Mozilla/5.0 (Windows NT 10.0; WOW64) AppleWebKit/537.36 (KHTML, like Gecko) Chrome/84.0.4147.135 Safari/537.36"
186.193.69.190 - - [07/Apr/2026:10:33:05 -0300] "GET /cartaz-novo/ HTTP/1.1" 404 - "-" "Mozilla/5.0 (Windows NT 10.0; Win64; x64) AppleWebKit/537.36 (KHTML, like Gecko) Chrome/146.0.0.0 Safari/537.36"
177.66.229.22 - - [07/Apr/2026:10:33:05 -0300] "GET /cartaz-novo/ HTTP/1.1" 404 - "-" "Mozilla/5.0 (Windows NT 10.0; WOW64) AppleWebKit/537.36 (KHTML, like Gecko) Chrome/84.0.4147.135 Safari/537.36"
186.193.69.190 - - [07/Apr/2026:10:33:05 -0300] "GET /cartaz-novo/ HTTP/1.1" 404 - "-" "Mozilla/5.0 (Windows NT 10.0; Win64; x64) AppleWebKit/537.36 (KHTML, like Gecko) Chrome/146.0.0.0 Safari/537.36"
177.66.229.22 - - [07/Apr/2026:10:33:05 -0300] "GET /cartaz-novo/ HTTP/1.1" 404 - "-" "Mozilla/5.0 (Windows NT 10.0; WOW64) AppleWebKit/537.36 (KHTML, like Gecko) Chrome/84.0.4147.135 Safari/537.36"
186.193.69.190 - - [07/Apr/2026:10:33:05 -0300] "GET /cartaz-novo/ HTTP/1.1" 404 - "-" "Mozilla/5.0 (Windows NT 10.0; Win64; x64) AppleWebKit/537.36 (KHTML, like Gecko) Chrome/146.0.0.0 Safari/537.36"
177.66.229.22 - - [07/Apr/2026:10:33:05 -0300] "GET /cartaz-novo/ HTTP/1.1" 404 - "-" "Mozilla/5.0 (Windows NT 10.0; WOW64) AppleWebKit/537.36 (KHTML, like Gecko) Chrome/84.0.4147.135 Safari/537.36"
186.193.69.190 - - [07/Apr/2026:10:33:05 -0300] "GET /cartaz-novo/ HTTP/1.1" 404 - "-" "Mozilla/5.0 (Windows NT 10.0; Win64; x64) AppleWebKit/537.36 (KHTML, like Gecko) Chrome/146.0.0.0 Safari/537.36"
186.193.69.190 - - [07/Apr/2026:10:33:06 -0300] "GET /cartaz-novo/ HTTP/1.1" 404 - "-" "Mozilla/5.0 (Windows NT 10.0; Win64; x64) AppleWebKit/537.36 (KHTML, like Gecko) Chrome/146.0.0.0 Safari/537.36"
186.193.69.190 - - [07/Apr/2026:10:33:06 -0300] "GET /cartaz-novo/ HTTP/1.1" 404 - "-" "Mozilla/5.0 (Windows NT 10.0; Win64; x64) AppleWebKit/537.36 (KHTML, like Gecko) Chrome/146.0.0.0 Safari/537.36"
186.193.69.190 - - [07/Apr/2026:10:33:06 -0300] "GET /cartaz-novo/ HTTP/1.1" 404 - "-" "Mozilla/5.0 (Windows NT 10.0; Win64; x64) AppleWebKit/537.36 (KHTML, like Gecko) Chrome/146.0.0.0 Safari/537.36"
186.193.69.190 - - [07/Apr/2026:10:33:06 -0300] "GET /cartaz-novo/ HTTP/1.1" 404 - "-" "Mozilla/5.0 (Windows NT 10.0; Win64; x64) AppleWebKit/537.36 (KHTML, like Gecko) Chrome/146.0.0.0 Safari/537.36"
186.193.69.190 - - [07/Apr/2026:10:33:06 -0300] "GET /cartaz-novo/ HTTP/1.1" 404 - "-" "Mozilla/5.0 (Windows NT 10.0; Win64; x64) AppleWebKit/537.36 (KHTML, like Gecko) Chrome/146.0.0.0 Safari/537.36"
186.193.69.190 - - [07/Apr/2026:10:33:07 -0300] "GET /cartaz-novo/ HTTP/1.1" 404 - "-" "Mozilla/5.0 (Windows NT 10.0; Win64; x64) AppleWebKit/537.36 (KHTML, like Gecko) Chrome/146.0.0.0 Safari/537.36"
186.193.69.190 - - [07/Apr/2026:10:33:07 -0300] "GET /cartaz-novo/ HTTP/1.1" 404 - "-" "Mozilla/5.0 (Windows NT 10.0; Win64; x64) AppleWebKit/537.36 (KHTML, like Gecko) Chrome/146.0.0.0 Safari/537.36"
177.66.229.22 - - [07/Apr/2026:10:33:07 -0300] "GET /cartaz/assets/imagens/fundo_etiqueta.png HTTP/1.1" 404 - "https://ffprestadora.com.br/cartaz/" "Mozilla/5.0 (Windows NT 10.0; WOW64) AppleWebKit/537.36 (KHTML, like Gecko) Chrome/84.0.4147.135 Safari/537.36"
186.193.69.190 - - [07/Apr/2026:10:33:07 -0300] "GET /cartaz-novo/ HTTP/1.1" 404 - "-" "Mozilla/5.0 (Windows NT 10.0; Win64; x64) AppleWebKit/537.36 (KHTML, like Gecko) Chrome/146.0.0.0 Safari/537.36"
186.193.69.190 - - [07/Apr/2026:10:33:07 -0300] "GET /cartaz-novo/ HTTP/1.1" 404 - "-" "Mozilla/5.0 (Windows NT 10.0; Win64; x64) AppleWebKit/537.36 (KHTML, like Gecko) Chrome/146.0.0.0 Safari/537.36"
186.193.69.190 - - [07/Apr/2026:10:33:07 -0300] "GET /cartaz-novo/ HTTP/1.1" 404 - "-" "Mozilla/5.0 (Windows NT 10.0; Win64; x64) AppleWebKit/537.36 (KHTML, like Gecko) Chrome/146.0.0.0 Safari/537.36"
186.193.69.190 - - [07/Apr/2026:10:33:08 -0300] "GET /cartaz-novo/ HTTP/1.1" 404 - "-" "Mozilla/5.0 (Windows NT 10.0; Win64; x64) AppleWebKit/537.36 (KHTML, like Gecko) Chrome/146.0.0.0 Safari/537.36"
186.193.69.190 - - [07/Apr/2026:10:33:08 -0300] "GET /cartaz-novo/ HTTP/1.1" 404 - "-" "Mozilla/5.0 (Windows NT 10.0; Win64; x64) AppleWebKit/537.36 (KHTML, like Gecko) Chrome/146.0.0.0 Safari/537.36"
186.193.69.190 - - [07/Apr/2026:10:33:08 -0300] "GET /cartaz-novo/ HTTP/1.1" 404 - "-" "Mozilla/5.0 (Windows NT 10.0; Win64; x64) AppleWebKit/537.36 (KHTML, like Gecko) Chrome/146.0.0.0 Safari/537.36"
186.193.69.190 - - [07/Apr/2026:10:33:09 -0300] "GET /cartaz-novo/ HTTP/1.1" 404 - "-" "Mozilla/5.0 (Windows NT 10.0; Win64; x64) AppleWebKit/537.36 (KHTML, like Gecko) Chrome/146.0.0.0 Safari/537.36"
186.193.69.190 - - [07/Apr/2026:10:33:09 -0300] "GET /cartaz-novo/ HTTP/1.1" 404 - "-" "Mozilla/5.0 (Windows NT 10.0; Win64; x64) AppleWebKit/537.36 (KHTML, like Gecko) Chrome/146.0.0.0 Safari/537.36"
186.193.69.190 - - [07/Apr/2026:10:33:09 -0300] "GET /cartaz-novo/ HTTP/1.1" 404 - "-" "Mozilla/5.0 (Windows NT 10.0; Win64; x64) AppleWebKit/537.36 (KHTML, like Gecko) Chrome/146.0.0.0 Safari/537.36"
186.193.69.190 - - [07/Apr/2026:10:33:10 -0300] "GET /cartaz-novo/ HTTP/1.1" 404 - "-" "Mozilla/5.0 (Windows NT 10.0; Win64; x64) AppleWebKit/537.36 (KHTML, like Gecko) Chrome/146.0.0.0 Safari/537.36"
186.193.69.190 - - [07/Apr/2026:10:33:10 -0300] "GET /cartaz-novo/ HTTP/1.1" 404 - "-" "Mozilla/5.0 (Windows NT 10.0; Win64; x64) AppleWebKit/537.36 (KHTML, like Gecko) Chrome/146.0.0.0 Safari/537.36"
186.193.69.190 - - [07/Apr/2026:10:33:10 -0300] "GET /cartaz-novo/ HTTP/1.1" 404 - "-" "Mozilla/5.0 (Windows NT 10.0; Win64; x64) AppleWebKit/537.36 (KHTML, like Gecko) Chrome/146.0.0.0 Safari/537.36"
186.193.69.190 - - [07/Apr/2026:10:33:10 -0300] "GET /cartaz-novo/ HTTP/1.1" 404 - "-" "Mozilla/5.0 (Windows NT 10.0; Win64; x64) AppleWebKit/537.36 (KHTML, like Gecko) Chrome/146.0.0.0 Safari/537.36"
177.66.229.22 - - [07/Apr/2026:10:33:17 -0300] "GET /cartaz-novo/ HTTP/1.1" 404 - "-" "Mozilla/5.0 (Windows NT 10.0; Win64; x64) AppleWebKit/537.36 (KHTML, like Gecko) Chrome/146.0.0.0 Safari/537.36"
177.66.229.22 - - [07/Apr/2026:10:33:17 -0300] "GET /cartaz-novo/ HTTP/1.1" 404 - "-" "Mozilla/5.0 (Windows NT 10.0; Win64; x64) AppleWebKit/537.36 (KHTML, like Gecko) Chrome/146.0.0.0 Safari/537.36"
177.66.229.22 - - [07/Apr/2026:10:33:17 -0300] "GET /favicon.ico HTTP/1.1" 404 - "https://ffprestadora.com.br/cartaz-novo/" "Mozilla/5.0 (Windows NT 10.0; Win64; x64) AppleWebKit/537.36 (KHTML, like Gecko) Chrome/146.0.0.0 Safari/537.36"
177.126.102.181 - - [07/Apr/2026:10:33:34 -0300] "GET /cartaz-novo/ HTTP/1.1" 404 - "-" "Mozilla/5.0 (Windows NT 10.0; Win64; x64) AppleWebKit/537.36 (KHTML, like Gecko) Chrome/146.0.0.0 Safari/537.36 Edg/146.0.0.0"
177.126.102.181 - - [07/Apr/2026:10:33:34 -0300] "GET /favicon.ico HTTP/1.1" 404 - "https://www.ffprestadora.com.br/cartaz-novo/" "Mozilla/5.0 (Windows NT 10.0; Win64; x64) AppleWebKit/537.36 (KHTML, like Gecko) Chrome/146.0.0.0 Safari/537.36 Edg/146.0.0.0"
177.126.102.181 - - [07/Apr/2026:10:33:43 -0300] "GET /cartaz-novo/ HTTP/1.1" 404 - "-" "Mozilla/5.0 (Windows NT 10.0; Win64; x64) AppleWebKit/537.36 (KHTML, like Gecko) Chrome/146.0.0.0 Safari/537.36 Edg/146.0.0.0"
177.126.102.181 - - [07/Apr/2026:10:33:43 -0300] "GET /favicon.ico HTTP/1.1" 404 - "https://www.ffprestadora.com.br/cartaz-novo/" "Mozilla/5.0 (Windows NT 10.0; Win64; x64) AppleWebKit/537.36 (KHTML, like Gecko) Chrome/146.0.0.0 Safari/537.36 Edg/146.0.0.0"
85.208.96.195 - - [07/Apr/2026:10:33:49 -0300] "GET /pdf/web/cmaps/HKdlb-B5-H.bcmap HTTP/1.1" 200 2414 "-" "Mozilla/5.0 (compatible; SemrushBot/7~bl; +http://www.semrush.com/bot.html)"
177.126.102.181 - - [07/Apr/2026:10:33:53 -0300] "GET /cartaz-novo/ HTTP/1.1" 404 - "-" "Mozilla/5.0 (Windows NT 10.0; Win64; x64) AppleWebKit/537.36 (KHTML, like Gecko) Chrome/146.0.0.0 Safari/537.36 Edg/146.0.0.0"
177.126.102.181 - - [07/Apr/2026:10:33:53 -0300] "GET /favicon.ico HTTP/1.1" 404 - "https://www.ffprestadora.com.br/cartaz-novo/" "Mozilla/5.0 (Windows NT 10.0; Win64; x64) AppleWebKit/537.36 (KHTML, like Gecko) Chrome/146.0.0.0 Safari/537.36 Edg/146.0.0.0"
177.126.102.181 - - [07/Apr/2026:10:33:57 -0300] "GET /cartaz-novo/ HTTP/1.1" 404 - "-" "Mozilla/5.0 (Windows NT 10.0; Win64; x64) AppleWebKit/537.36 (KHTML, like Gecko) Chrome/146.0.0.0 Safari/537.36 Edg/146.0.0.0"
177.126.102.181 - - [07/Apr/2026:10:33:57 -0300] "GET /favicon.ico HTTP/1.1" 404 - "https://www.ffprestadora.com.br/cartaz-novo/" "Mozilla/5.0 (Windows NT 10.0; Win64; x64) AppleWebKit/537.36 (KHTML, like Gecko) Chrome/146.0.0.0 Safari/537.36 Edg/146.0.0.0"
177.126.102.181 - - [07/Apr/2026:10:34:14 -0300] "GET /cartaz-novo/ HTTP/1.1" 404 - "-" "Mozilla/5.0 (Windows NT 10.0; Win64; x64) AppleWebKit/537.36 (KHTML, like Gecko) Chrome/142.0.0.0 Safari/537.36"
177.126.102.181 - - [07/Apr/2026:10:34:14 -0300] "GET /favicon.ico HTTP/1.1" 404 - "https://www.ffprestadora.com.br/cartaz-novo/" "Mozilla/5.0 (Windows NT 10.0; Win64; x64) AppleWebKit/537.36 (KHTML, like Gecko) Chrome/142.0.0.0 Safari/537.36"
186.193.69.190 - - [07/Apr/2026:10:34:16 -0300] "GET /cartaz-novo/ HTTP/1.1" 404 - "-" "Mozilla/5.0 (Windows NT 10.0; Win64; x64) AppleWebKit/537.36 (KHTML, like Gecko) Chrome/146.0.0.0 Safari/537.36"
186.193.69.190 - - [07/Apr/2026:10:34:17 -0300] "GET /favicon.ico HTTP/1.1" 404 - "https://www.ffprestadora.com.br/cartaz-novo/" "Mozilla/5.0 (Windows NT 10.0; Win64; x64) AppleWebKit/537.36 (KHTML, like Gecko) Chrome/146.0.0.0 Safari/537.36"
186.193.69.190 - - [07/Apr/2026:10:34:17 -0300] "GET /cartaz-novo/ HTTP/1.1" 404 - "-" "Mozilla/5.0 (Windows NT 10.0; Win64; x64) AppleWebKit/537.36 (KHTML, like Gecko) Chrome/146.0.0.0 Safari/537.36"
186.193.69.190 - - [07/Apr/2026:10:34:18 -0300] "GET /cartaz-novo/ HTTP/1.1" 404 - "-" "Mozilla/5.0 (Windows NT 10.0; Win64; x64) AppleWebKit/537.36 (KHTML, like Gecko) Chrome/146.0.0.0 Safari/537.36"
186.193.69.190 - - [07/Apr/2026:10:34:18 -0300] "GET /cartaz-novo/ HTTP/1.1" 404 - "-" "Mozilla/5.0 (Windows NT 10.0; Win64; x64) AppleWebKit/537.36 (KHTML, like Gecko) Chrome/146.0.0.0 Safari/537.36"
186.193.69.190 - - [07/Apr/2026:10:34:18 -0300] "GET /cartaz-novo/ HTTP/1.1" 404 - "-" "Mozilla/5.0 (Windows NT 10.0; Win64; x64) AppleWebKit/537.36 (KHTML, like Gecko) Chrome/146.0.0.0 Safari/537.36"
186.193.69.190 - - [07/Apr/2026:10:34:18 -0300] "GET /cartaz-novo/ HTTP/1.1" 404 - "-" "Mozilla/5.0 (Windows NT 10.0; Win64; x64) AppleWebKit/537.36 (KHTML, like Gecko) Chrome/146.0.0.0 Safari/537.36"
177.66.229.22 - - [07/Apr/2026:10:34:26 -0300] "GET /cartaz-novo/ HTTP/1.1" 404 - "-" "Mozilla/5.0 (Windows NT 10.0; Win64; x64) AppleWebKit/537.36 (KHTML, like Gecko) Chrome/146.0.0.0 Safari/537.36"
177.66.229.22 - - [07/Apr/2026:10:34:27 -0300] "GET /cartaz-novo/ HTTP/1.1" 404 - "-" "Mozilla/5.0 (Windows NT 10.0; Win64; x64) AppleWebKit/537.36 (KHTML, like Gecko) Chrome/146.0.0.0 Safari/537.36"
177.66.229.22 - - [07/Apr/2026:10:34:27 -0300] "GET /cartaz-novo/ HTTP/1.1" 404 - "-" "Mozilla/5.0 (Windows NT 10.0; Win64; x64) AppleWebKit/537.36 (KHTML, like Gecko) Chrome/146.0.0.0 Safari/537.36"
177.66.229.22 - - [07/Apr/2026:10:34:27 -0300] "GET /cartaz-novo/ HTTP/1.1" 404 - "-" "Mozilla/5.0 (Windows NT 10.0; Win64; x64) AppleWebKit/537.36 (KHTML, like Gecko) Chrome/146.0.0.0 Safari/537.36"
45.185.48.175 - - [07/Apr/2026:10:35:07 -0300] "GET /cartaz-novo/ HTTP/1.1" 404 - "-" "Mozilla/5.0 (Windows NT 10.0; Win64; x64) AppleWebKit/537.36 (KHTML, like Gecko) Chrome/146.0.0.0 Safari/537.36"
45.185.48.175 - - [07/Apr/2026:10:35:08 -0300] "GET /cartaz-novo/ HTTP/1.1" 404 - "-" "Mozilla/5.0 (Windows NT 10.0; Win64; x64) AppleWebKit/537.36 (KHTML, like Gecko) Chrome/146.0.0.0 Safari/537.36"
45.185.48.175 - - [07/Apr/2026:10:35:08 -0300] "GET /favicon.ico HTTP/1.1" 404 - "https://ffprestadora.com.br/cartaz-novo/" "Mozilla/5.0 (Windows NT 10.0; Win64; x64) AppleWebKit/537.36 (KHTML, like Gecko) Chrome/146.0.0.0 Safari/537.36"
45.185.48.175 - - [07/Apr/2026:10:35:09 -0300] "GET /cartaz-novo/ HTTP/1.1" 404 - "-" "Mozilla/5.0 (Windows NT 10.0; Win64; x64) AppleWebKit/537.36 (KHTML, like Gecko) Chrome/146.0.0.0 Safari/537.36"
177.126.102.181 - - [07/Apr/2026:10:35:15 -0300] "GET /cartaz-novo/ HTTP/1.1" 404 - "-" "Mozilla/5.0 (Windows NT 10.0; Win64; x64) AppleWebKit/537.36 (KHTML, like Gecko) Chrome/142.0.0.0 Safari/537.36"
177.126.102.181 - - [07/Apr/2026:10:35:16 -0300] "GET /favicon.ico HTTP/1.1" 404 - "https://www.ffprestadora.com.br/cartaz-novo/" "Mozilla/5.0 (Windows NT 10.0; Win64; x64) AppleWebKit/537.36 (KHTML, like Gecko) Chrome/142.0.0.0 Safari/537.36"
45.185.48.175 - - [07/Apr/2026:10:35:16 -0300] "GET /cartaz-novo/ HTTP/1.1" 404 - "-" "Mozilla/5.0 (Windows NT 10.0; Win64; x64) AppleWebKit/537.36 (KHTML, like Gecko) Chrome/146.0.0.0 Safari/537.36"
45.185.48.175 - - [07/Apr/2026:10:35:16 -0300] "GET /cartaz-novo/ HTTP/1.1" 404 - "-" "Mozilla/5.0 (Windows NT 10.0; Win64; x64) AppleWebKit/537.36 (KHTML, like Gecko) Chrome/146.0.0.0 Safari/537.36"
45.185.48.175 - - [07/Apr/2026:10:35:16 -0300] "GET /favicon.ico HTTP/1.1" 404 - "https://ffprestadora.com.br/cartaz-novo/" "Mozilla/5.0 (Windows NT 10.0; Win64; x64) AppleWebKit/537.36 (KHTML, like Gecko) Chrome/146.0.0.0 Safari/537.36"
45.185.48.175 - - [07/Apr/2026:10:35:28 -0300] "GET /cartaz-novo/ HTTP/1.1" 404 - "-" "Mozilla/5.0 (Windows NT 10.0; Win64; x64) AppleWebKit/537.36 (KHTML, like Gecko) Chrome/146.0.0.0 Safari/537.36"
185.191.171.16 - - [07/Apr/2026:10:35:29 -0300] "GET /pdf/web/cmaps/RKSJ-H.bcmap HTTP/1.1" 200 534 "-" "Mozilla/5.0 (compatible; SemrushBot/7~bl; +http://www.semrush.com/bot.html)"
45.185.48.175 - - [07/Apr/2026:10:35:29 -0300] "GET /cartaz-novo/ HTTP/1.1" 404 - "-" "Mozilla/5.0 (Windows NT 10.0; Win64; x64) AppleWebKit/537.36 (KHTML, like Gecko) Chrome/146.0.0.0 Safari/537.36"
45.185.48.175 - - [07/Apr/2026:10:35:29 -0300] "GET /cartaz-novo/ HTTP/1.1" 404 - "-" "Mozilla/5.0 (Windows NT 10.0; Win64; x64) AppleWebKit/537.36 (KHTML, like Gecko) Chrome/146.0.0.0 Safari/537.36"
45.185.48.175 - - [07/Apr/2026:10:35:29 -0300] "GET /cartaz-novo/ HTTP/1.1" 404 - "-" "Mozilla/5.0 (Windows NT 10.0; Win64; x64) AppleWebKit/537.36 (KHTML, like Gecko) Chrome/146.0.0.0 Safari/537.36"
45.185.48.175 - - [07/Apr/2026:10:35:30 -0300] "GET /cartaz-novo/ HTTP/1.1" 404 - "-" "Mozilla/5.0 (Windows NT 10.0; Win64; x64) AppleWebKit/537.36 (KHTML, like Gecko) Chrome/146.0.0.0 Safari/537.36"
45.185.48.175 - - [07/Apr/2026:10:35:30 -0300] "GET /cartaz-novo/ HTTP/1.1" 404 - "-" "Mozilla/5.0 (Windows NT 10.0; Win64; x64) AppleWebKit/537.36 (KHTML, like Gecko) Chrome/146.0.0.0 Safari/537.36"
45.185.48.175 - - [07/Apr/2026:10:35:30 -0300] "GET /cartaz-novo/ HTTP/1.1" 404 - "-" "Mozilla/5.0 (Windows NT 10.0; Win64; x64) AppleWebKit/537.36 (KHTML, like Gecko) Chrome/146.0.0.0 Safari/537.36"
45.185.48.175 - - [07/Apr/2026:10:35:30 -0300] "GET /cartaz-novo/ HTTP/1.1" 404 - "-" "Mozilla/5.0 (Windows NT 10.0; Win64; x64) AppleWebKit/537.36 (KHTML, like Gecko) Chrome/146.0.0.0 Safari/537.36"
45.185.48.175 - - [07/Apr/2026:10:35:30 -0300] "GET /cartaz-novo/ HTTP/1.1" 404 - "-" "Mozilla/5.0 (Windows NT 10.0; Win64; x64) AppleWebKit/537.36 (KHTML, like Gecko) Chrome/146.0.0.0 Safari/537.36"
45.185.48.175 - - [07/Apr/2026:10:35:31 -0300] "GET /cartaz-novo/ HTTP/1.1" 404 - "-" "Mozilla/5.0 (Windows NT 10.0; Win64; x64) AppleWebKit/537.36 (KHTML, like Gecko) Chrome/146.0.0.0 Safari/537.36"
45.185.48.175 - - [07/Apr/2026:10:35:31 -0300] "GET /cartaz-novo/ HTTP/1.1" 404 - "-" "Mozilla/5.0 (Windows NT 10.0; Win64; x64) AppleWebKit/537.36 (KHTML, like Gecko) Chrome/146.0.0.0 Safari/537.36"
45.185.48.175 - - [07/Apr/2026:10:35:31 -0300] "GET /cartaz-novo/ HTTP/1.1" 404 - "-" "Mozilla/5.0 (Windows NT 10.0; Win64; x64) AppleWebKit/537.36 (KHTML, like Gecko) Chrome/146.0.0.0 Safari/537.36"
45.185.48.175 - - [07/Apr/2026:10:35:38 -0300] "GET /cartaz-novo/ HTTP/1.1" 404 - "-" "Mozilla/5.0 (Windows NT 10.0; Win64; x64) AppleWebKit/537.36 (KHTML, like Gecko) Chrome/146.0.0.0 Safari/537.36"
45.185.48.175 - - [07/Apr/2026:10:35:38 -0300] "GET /cartaz-novo/ HTTP/1.1" 404 - "-" "Mozilla/5.0 (Windows NT 10.0; Win64; x64) AppleWebKit/537.36 (KHTML, like Gecko) Chrome/146.0.0.0 Safari/537.36"
45.185.48.175 - - [07/Apr/2026:10:35:38 -0300] "GET /favicon.ico HTTP/1.1" 404 - "https://ffprestadora.com.br/cartaz-novo/" "Mozilla/5.0 (Windows NT 10.0; Win64; x64) AppleWebKit/537.36 (KHTML, like Gecko) Chrome/146.0.0.0 Safari/537.36"
177.66.229.22 - - [07/Apr/2026:10:36:02 -0300] "GET /cartaz-novo/ HTTP/1.1" 404 - "-" "Mozilla/5.0 (Windows NT 10.0; Win64; x64) AppleWebKit/537.36 (KHTML, like Gecko) Chrome/146.0.0.0 Safari/537.36"
177.66.229.22 - - [07/Apr/2026:10:36:03 -0300] "GET /cartaz-novo/ HTTP/1.1" 404 - "-" "Mozilla/5.0 (Windows NT 10.0; Win64; x64) AppleWebKit/537.36 (KHTML, like Gecko) Chrome/146.0.0.0 Safari/537.36"
177.66.229.22 - - [07/Apr/2026:10:36:03 -0300] "GET /cartaz-novo/ HTTP/1.1" 404 - "-" "Mozilla/5.0 (Windows NT 10.0; Win64; x64) AppleWebKit/537.36 (KHTML, like Gecko) Chrome/146.0.0.0 Safari/537.36"
177.66.229.22 - - [07/Apr/2026:10:36:03 -0300] "GET /cartaz-novo/ HTTP/1.1" 404 - "-" "Mozilla/5.0 (Windows NT 10.0; Win64; x64) AppleWebKit/537.36 (KHTML, like Gecko) Chrome/146.0.0.0 Safari/537.36"
185.191.171.13 - - [07/Apr/2026:10:36:32 -0300] "GET /pdf/web/cmaps/CNS1-V.bcmap HTTP/1.1" 200 143 "-" "Mozilla/5.0 (compatible; SemrushBot/7~bl; +http://www.semrush.com/bot.html)"
177.43.37.1 - - [07/Apr/2026:10:37:52 -0300] "GET /cartaz-novo/ HTTP/1.1" 404 - "-" "Mozilla/5.0 (Windows NT 10.0; Win64; x64) AppleWebKit/537.36 (KHTML, like Gecko) Chrome/146.0.0.0 Safari/537.36"
177.43.37.1 - - [07/Apr/2026:10:37:56 -0300] "GET /favicon.ico HTTP/1.1" 404 - "https://ffprestadora.com.br/cartaz-novo/" "Mozilla/5.0 (Windows NT 10.0; Win64; x64) AppleWebKit/537.36 (KHTML, like Gecko) Chrome/146.0.0.0 Safari/537.36"
85.208.96.205 - - [07/Apr/2026:10:37:59 -0300] "GET /pdf/web/cmaps/UniKS-UTF16-H.bcmap HTTP/1.1" 200 26327 "-" "Mozilla/5.0 (compatible; SemrushBot/7~bl; +http://www.semrush.com/bot.html)"
85.208.96.199 - - [07/Apr/2026:10:39:10 -0300] "GET /pdf/web/cmaps/UniJISPro-UCS2-HW-V.bcmap HTTP/1.1" 200 705 "-" "Mozilla/5.0 (compatible; SemrushBot/7~bl; +http://www.semrush.com/bot.html)"
177.43.37.1 - - [07/Apr/2026:10:40:07 -0300] "GET /cartaz-novo/ HTTP/1.1" 404 - "-" "Mozilla/5.0 (Windows NT 10.0; Win64; x64) AppleWebKit/537.36 (KHTML, like Gecko) Chrome/146.0.0.0 Safari/537.36"
85.208.96.204 - - [07/Apr/2026:10:40:13 -0300] "GET /pdf/web/cmaps/GBTpc-EUC-H.bcmap HTTP/1.1" 200 7298 "-" "Mozilla/5.0 (compatible; SemrushBot/7~bl; +http://www.semrush.com/bot.html)"
161.118.195.210 - - [07/Apr/2026:10:43:34 -0300] "GET /wp-login.php HTTP/1.1" 404 - "-" "Mozilla/5.0 (Windows NT 10.0; Win64; x64) AppleWebKit/605.1.15 (KHTML, like Gecko) Version/15.0 Safari/605.1.15"
161.118.195.210 - - [07/Apr/2026:10:43:35 -0300] "GET /wp-admin/ HTTP/1.1" 404 - "-" "Mozilla/5.0 (Macintosh; Intel Mac OS X 10_15_7) AppleWebKit/537.36 (KHTML, like Gecko) Chrome/91.0.4472.124 Safari/537.36"
161.118.195.210 - - [07/Apr/2026:10:43:35 -0300] "GET / HTTP/1.1" 200 5811 "-" "Mozilla/5.0 (Windows NT 6.1; Win64; x64; rv:89.0) Gecko/20100101 Firefox/89.0.2"
161.118.195.210 - - [07/Apr/2026:10:43:36 -0300] "GET /wp-admin/admin-ajax.php HTTP/1.1" 404 - "-" "Mozilla/5.0 (Windows NT 10.0; Win64; x64) AppleWebKit/537.36 (KHTML, like Gecko) Chrome/93.0.4577.63 Safari/537.36"
161.118.195.210 - - [07/Apr/2026:10:43:36 -0300] "GET /wp-admin/load-scripts.php HTTP/1.1" 404 - "-" "Mozilla/5.0 (Windows NT 6.1; Win64; x64) AppleWebKit/537.36 (KHTML, like Gecko) Chrome/93.0.4577.63 Safari/537.36"
161.118.195.210 - - [07/Apr/2026:10:43:36 -0300] "GET /wp-admin/load-styles.php HTTP/1.1" 404 - "-" "Mozilla/5.0 (X11; Linux x86_64) AppleWebKit/537.36 (KHTML, like Gecko) Chrome/92.0.4515.131 Safari/537.36"
161.118.195.210 - - [07/Apr/2026:10:43:37 -0300] "GET /wp-includes/js/jquery/jquery.js HTTP/1.1" 404 - "-" "Mozilla/5.0 (Windows NT 10.0; Win64; x64; rv:91.0) Gecko/20100101 Firefox/91.0"
161.118.195.210 - - [07/Apr/2026:10:43:37 -0300] "GET /wp-includes/css/dashicons.css HTTP/1.1" 404 - "-" "Mozilla/5.0 (Macintosh; Intel Mac OS X 10_15_7; rv:91.0) Gecko/20100101 Firefox/91.0"
161.118.195.210 - - [07/Apr/2026:10:43:38 -0300] "GET /wp-content/themes/ HTTP/1.1" 404 - "-" "Mozilla/5.0 (Windows NT 6.1; Win64; x64) AppleWebKit/537.36 (KHTML, like Gecko) Chrome/90.0.4430.212 Safari/537.36"
161.118.195.210 - - [07/Apr/2026:10:43:38 -0300] "GET /wp-content/plugins/ HTTP/1.1" 404 - "-" "Mozilla/5.0 (X11; Linux x86_64) AppleWebKit/537.36 (KHTML, like Gecko) Chrome/92.0.4515.131 Safari/537.36"
161.118.195.210 - - [07/Apr/2026:10:43:38 -0300] "GET /wp-includes/version.php HTTP/1.1" 404 - "-" "Mozilla/5.0 (Macintosh; Intel Mac OS X 10_15_7) AppleWebKit/605.1.15 (KHTML, like Gecko) Version/14.0.3 Safari/605.1.15"
161.118.195.210 - - [07/Apr/2026:10:43:39 -0300] "GET /wp-includes/functions.php HTTP/1.1" 404 - "-" "Mozilla/5.0 (Windows NT 10.0; Win64; x64) AppleWebKit/605.1.15 (KHTML, like Gecko) Version/15.0 Safari/605.1.15"
161.118.195.210 - - [07/Apr/2026:10:43:39 -0300] "GET /wp-includes/class-wp.php HTTP/1.1" 404 - "-" "Mozilla/5.0 (Windows NT 10.0; Win64; x64) AppleWebKit/537.36 (KHTML, like Gecko) Chrome/90.0.4430.212 Safari/537.36"
161.118.195.210 - - [07/Apr/2026:10:43:39 -0300] "GET /wp-includes/option.php HTTP/1.1" 404 - "-" "Mozilla/5.0 (Macintosh; Intel Mac OS X 10_15_7) AppleWebKit/605.1.15 (KHTML, like Gecko) Version/14.1.1 Safari/605.1.15"
161.118.195.210 - - [07/Apr/2026:10:43:40 -0300] "GET /wp-includes/post.php HTTP/1.1" 404 - "-" "Mozilla/5.0 (Windows NT 10.0; Win64; x64; rv:93.0) Gecko/20100101 Firefox/93.0"
161.118.195.210 - - [07/Apr/2026:10:43:40 -0300] "GET /wp-includes/user.php HTTP/1.1" 404 - "-" "Mozilla/5.0 (Windows NT 10.0; Win64; x64) AppleWebKit/605.1.15 (KHTML, like Gecko) Version/15.0 Safari/605.1.15"
161.118.195.210 - - [07/Apr/2026:10:43:41 -0300] "GET /wp-json/ HTTP/1.1" 404 - "-" "Mozilla/5.0 (Macintosh; Intel Mac OS X 10_15_7) AppleWebKit/537.36 (KHTML, like Gecko) Chrome/92.0.4515.131 Safari/537.36"
161.118.195.210 - - [07/Apr/2026:10:43:41 -0300] "GET /wp-json/wp/v2/ HTTP/1.1" 404 - "-" "Mozilla/5.0 (Macintosh; Intel Mac OS X 10_15_7) AppleWebKit/605.1.15 (KHTML, like Gecko) Version/14.1 Safari/605.1.15"
161.118.195.210 - - [07/Apr/2026:10:43:41 -0300] "GET /wp-json/oembed/1.0/embed HTTP/1.1" 404 - "-" "Mozilla/5.0 (Macintosh; Intel Mac OS X 10_15_7) AppleWebKit/605.1.15 (KHTML, like Gecko) Version/14.1.1 Safari/605.1.15"
161.118.195.210 - - [07/Apr/2026:10:43:42 -0300] "GET /?rest_route=/ HTTP/1.1" 200 5811 "-" "Mozilla/5.0 (Windows NT 6.1; Win64; x64) AppleWebKit/537.36 (KHTML, like Gecko) Chrome/93.0.4577.63 Safari/537.36"
161.118.195.210 - - [07/Apr/2026:10:43:42 -0300] "GET /wp-json/wp/v2/posts HTTP/1.1" 404 - "-" "Mozilla/5.0 (Windows NT 6.1; Win64; x64) AppleWebKit/537.36 (KHTML, like Gecko) Chrome/94.0.4606.71 Safari/537.36"
161.118.195.210 - - [07/Apr/2026:10:43:42 -0300] "GET /wp-json/wp/v2/pages HTTP/1.1" 404 - "-" "Mozilla/5.0 (X11; Linux x86_64; rv:90.0) Gecko/20100101 Firefox/90.0.1"
161.118.195.210 - - [07/Apr/2026:10:43:43 -0300] "GET /wp-json/wp/v2/media HTTP/1.1" 404 - "-" "Mozilla/5.0 (Macintosh; Intel Mac OS X 10_15_7) AppleWebKit/605.1.15 (KHTML, like Gecko) Version/14.1.1 Safari/605.1.15"
161.118.195.210 - - [07/Apr/2026:10:43:43 -0300] "GET /wp-json/wp/v2/categories HTTP/1.1" 404 - "-" "Mozilla/5.0 (Macintosh; Intel Mac OS X 10_15_7) AppleWebKit/605.1.15 (KHTML, like Gecko) Version/14.1 Safari/605.1.15"
161.118.195.210 - - [07/Apr/2026:10:43:43 -0300] "GET /wp-json/wp/v2/tags HTTP/1.1" 404 - "-" "Mozilla/5.0 (Macintosh; Intel Mac OS X 10_15_7) AppleWebKit/537.36 (KHTML, like Gecko) Chrome/94.0.4606.71 Safari/537.36"
161.118.195.210 - - [07/Apr/2026:10:43:44 -0300] "GET / HTTP/1.1" 200 5811 "-" "Mozilla/5.0 (X11; Linux x86_64) AppleWebKit/537.36 (KHTML, like Gecko) Chrome/93.0.4577.63 Safari/537.36"
161.118.195.210 - - [07/Apr/2026:10:43:44 -0300] "GET /wp-content/uploads/ HTTP/1.1" 404 - "-" "Mozilla/5.0 (Macintosh; Intel Mac OS X 10_15_7) AppleWebKit/537.36 (KHTML, like Gecko) Chrome/93.0.4577.63 Safari/537.36"
161.118.195.210 - - [07/Apr/2026:10:43:45 -0300] "GET /wp-content/themes/twentytwenty/ HTTP/1.1" 404 - "-" "Mozilla/5.0 (X11; Linux x86_64) AppleWebKit/537.36 (KHTML, like Gecko) Chrome/92.0.4515.131 Safari/537.36"
161.118.195.210 - - [07/Apr/2026:10:43:45 -0300] "GET /wp-content/themes/twentytwentyone/ HTTP/1.1" 404 - "-" "Mozilla/5.0 (Windows NT 10.0; Win64; x64) AppleWebKit/605.1.15 (KHTML, like Gecko) Version/14.1.2 Safari/605.1.15"
161.118.195.210 - - [07/Apr/2026:10:43:45 -0300] "GET /wp-content/themes/twentytwentytwo/ HTTP/1.1" 404 - "-" "Mozilla/5.0 (Windows NT 6.1; Win64; x64; rv:91.0) Gecko/20100101 Firefox/91.0"
161.118.195.210 - - [07/Apr/2026:10:43:46 -0300] "GET /wp-content/themes/twentytwentythree/ HTTP/1.1" 404 - "-" "Mozilla/5.0 (X11; Linux x86_64) AppleWebKit/537.36 (KHTML, like Gecko) Chrome/93.0.4577.63 Safari/537.36"
161.118.195.210 - - [07/Apr/2026:10:43:46 -0300] "GET /wp-content/plugins/hello.php HTTP/1.1" 404 - "-" "Mozilla/5.0 (Windows NT 6.1; Win64; x64) AppleWebKit/537.36 (KHTML, like Gecko) Chrome/93.0.4577.63 Safari/537.36"
161.118.195.210 - - [07/Apr/2026:10:43:46 -0300] "GET /wp-content/plugins/akismet/ HTTP/1.1" 404 - "-" "Mozilla/5.0 (X11; Linux x86_64) AppleWebKit/537.36 (KHTML, like Gecko) Chrome/94.0.4606.71 Safari/537.36"
161.118.195.210 - - [07/Apr/2026:10:43:47 -0300] "GET /wp-includes/images/w-logo-blue.png HTTP/1.1" 404 - "-" "Mozilla/5.0 (Macintosh; Intel Mac OS X 10_15_7) AppleWebKit/605.1.15 (KHTML, like Gecko) Version/15.0 Safari/605.1.15"
161.118.195.210 - - [07/Apr/2026:10:43:47 -0300] "GET /robots.txt HTTP/1.1" 404 - "-" "Mozilla/5.0 (X11; Linux x86_64) AppleWebKit/537.36 (KHTML, like Gecko) Chrome/90.0.4430.212 Safari/537.36"
161.118.195.210 - - [07/Apr/2026:10:43:48 -0300] "GET /sitemap.xml HTTP/1.1" 404 - "-" "Mozilla/5.0 (Macintosh; Intel Mac OS X 10_15_7) AppleWebKit/537.36 (KHTML, like Gecko) Chrome/92.0.4515.131 Safari/537.36"
161.118.195.210 - - [07/Apr/2026:10:43:48 -0300] "GET /feed/ HTTP/1.1" 404 - "-" "Mozilla/5.0 (Macintosh; Intel Mac OS X 10_15_7) AppleWebKit/605.1.15 (KHTML, like Gecko) Version/14.1 Safari/605.1.15"
161.118.195.210 - - [07/Apr/2026:10:43:48 -0300] "GET /feed/rss/ HTTP/1.1" 404 - "-" "Mozilla/5.0 (Macintosh; Intel Mac OS X 10_15_7) AppleWebKit/605.1.15 (KHTML, like Gecko) Version/14.1 Safari/605.1.15"
161.118.195.210 - - [07/Apr/2026:10:43:49 -0300] "GET /feed/rss2/ HTTP/1.1" 404 - "-" "Mozilla/5.0 (Macintosh; Intel Mac OS X 10_15_7) AppleWebKit/605.1.15 (KHTML, like Gecko) Version/14.1.2 Safari/605.1.15"
161.118.195.210 - - [07/Apr/2026:10:43:49 -0300] "GET /feed/atom/ HTTP/1.1" 404 - "-" "Mozilla/5.0 (Macintosh; Intel Mac OS X 10_15_7; rv:93.0) Gecko/20100101 Firefox/93.0"
161.118.195.210 - - [07/Apr/2026:10:43:49 -0300] "GET /?feed=rss2 HTTP/1.1" 200 5811 "-" "Mozilla/5.0 (Macintosh; Intel Mac OS X 10_15_7) AppleWebKit/537.36 (KHTML, like Gecko) Chrome/93.0.4577.63 Safari/537.36"
161.118.195.210 - - [07/Apr/2026:10:43:50 -0300] "GET /?feed=rss HTTP/1.1" 200 5811 "-" "Mozilla/5.0 (Windows NT 10.0; Win64; x64) AppleWebKit/605.1.15 (KHTML, like Gecko) Version/14.1.2 Safari/605.1.15"
161.118.195.210 - - [07/Apr/2026:10:43:50 -0300] "GET /?feed=atom HTTP/1.1" 200 5811 "-" "Mozilla/5.0 (Macintosh; Intel Mac OS X 10_15_7) AppleWebKit/605.1.15 (KHTML, like Gecko) Version/14.1.2 Safari/605.1.15"
186.193.69.190 - - [07/Apr/2026:10:44:24 -0300] "GET /cartaz-novo/ HTTP/1.1" 404 - "-" "Mozilla/5.0 (Windows NT 10.0; Win64; x64) AppleWebKit/537.36 (KHTML, like Gecko) Chrome/146.0.0.0 Safari/537.36 Edg/146.0.0.0"
186.193.69.190 - - [07/Apr/2026:10:44:24 -0300] "GET /favicon.ico HTTP/1.1" 404 - "https://ffprestadora.com.br/cartaz-novo/" "Mozilla/5.0 (Windows NT 10.0; Win64; x64) AppleWebKit/537.36 (KHTML, like Gecko) Chrome/146.0.0.0 Safari/537.36 Edg/146.0.0.0"
185.191.171.1 - - [07/Apr/2026:10:44:54 -0300] "GET /pdf/web/cmaps/GBT-EUC-H.bcmap HTTP/1.1" 200 7290 "-" "Mozilla/5.0 (compatible; SemrushBot/7~bl; +http://www.semrush.com/bot.html)"
186.233.189.179 - - [07/Apr/2026:10:45:20 -0300] "GET /cartaz-novo/ HTTP/1.1" 404 - "-" "Mozilla/5.0 (Windows NT 10.0; Win64; x64) AppleWebKit/537.36 (KHTML, like Gecko) Chrome/146.0.0.0 Safari/537.36"
186.233.189.179 - - [07/Apr/2026:10:45:21 -0300] "GET /favicon.ico HTTP/1.1" 404 - "https://www.ffprestadora.com.br/cartaz-novo/" "Mozilla/5.0 (Windows NT 10.0; Win64; x64) AppleWebKit/537.36 (KHTML, like Gecko) Chrome/146.0.0.0 Safari/537.36"
186.233.189.179 - - [07/Apr/2026:10:45:27 -0300] "GET /cartaz-novo/ HTTP/1.1" 404 - "-" "Mozilla/5.0 (Windows NT 10.0; Win64; x64) AppleWebKit/537.36 (KHTML, like Gecko) Chrome/146.0.0.0 Safari/537.36 Edg/146.0.0.0"
177.126.102.181 - - [07/Apr/2026:10:45:58 -0300] "GET /cartaz-novo/ HTTP/1.1" 404 - "-" "Mozilla/5.0 (Windows NT 10.0; Win64; x64) AppleWebKit/537.36 (KHTML, like Gecko) Chrome/146.0.0.0 Safari/537.36 Edg/146.0.0.0"
177.126.102.181 - - [07/Apr/2026:10:45:58 -0300] "GET /favicon.ico HTTP/1.1" 404 - "https://www.ffprestadora.com.br/cartaz-novo/" "Mozilla/5.0 (Windows NT 10.0; Win64; x64) AppleWebKit/537.36 (KHTML, like Gecko) Chrome/146.0.0.0 Safari/537.36 Edg/146.0.0.0"
186.233.191.141 - - [07/Apr/2026:10:46:19 -0300] "GET /cartaz-novo/ HTTP/1.1" 404 - "-" "Mozilla/5.0 (Windows NT 10.0; Win64; x64) AppleWebKit/537.36 (KHTML, like Gecko) Chrome/146.0.0.0 Safari/537.36"
186.233.191.141 - - [07/Apr/2026:10:46:19 -0300] "GET /cartaz-novo/ HTTP/1.1" 404 - "-" "Mozilla/5.0 (Windows NT 10.0; Win64; x64) AppleWebKit/537.36 (KHTML, like Gecko) Chrome/146.0.0.0 Safari/537.36"
186.233.191.141 - - [07/Apr/2026:10:46:19 -0300] "GET /favicon.ico HTTP/1.1" 404 - "https://www.ffprestadora.com.br/cartaz-novo/" "Mozilla/5.0 (Windows NT 10.0; Win64; x64) AppleWebKit/537.36 (KHTML, like Gecko) Chrome/146.0.0.0 Safari/537.36"
186.233.191.141 - - [07/Apr/2026:10:46:21 -0300] "GET /cartaz-novo/ HTTP/1.1" 404 - "-" "Mozilla/5.0 (Windows NT 10.0; Win64; x64) AppleWebKit/537.36 (KHTML, like Gecko) Chrome/146.0.0.0 Safari/537.36"
186.233.191.141 - - [07/Apr/2026:10:46:23 -0300] "GET /cartaz-novo/ HTTP/1.1" 404 - "-" "Mozilla/5.0 (Windows NT 10.0; Win64; x64) AppleWebKit/537.36 (KHTML, like Gecko) Chrome/146.0.0.0 Safari/537.36"
186.233.191.141 - - [07/Apr/2026:10:46:23 -0300] "GET /cartaz-novo/ HTTP/1.1" 404 - "-" "Mozilla/5.0 (Windows NT 10.0; Win64; x64) AppleWebKit/537.36 (KHTML, like Gecko) Chrome/146.0.0.0 Safari/537.36"
186.233.191.141 - - [07/Apr/2026:10:46:24 -0300] "GET /cartaz-novo/ HTTP/1.1" 404 - "-" "Mozilla/5.0 (Windows NT 10.0; Win64; x64) AppleWebKit/537.36 (KHTML, like Gecko) Chrome/146.0.0.0 Safari/537.36"
186.233.191.141 - - [07/Apr/2026:10:46:25 -0300] "GET /cartaz-novo/ HTTP/1.1" 404 - "-" "Mozilla/5.0 (Windows NT 10.0; Win64; x64) AppleWebKit/537.36 (KHTML, like Gecko) Chrome/146.0.0.0 Safari/537.36"
186.233.191.141 - - [07/Apr/2026:10:46:28 -0300] "GET /cartaz-novo/ HTTP/1.1" 404 - "-" "Mozilla/5.0 (Windows NT 10.0; Win64; x64) AppleWebKit/537.36 (KHTML, like Gecko) Chrome/146.0.0.0 Safari/537.36"
186.233.191.141 - - [07/Apr/2026:10:46:30 -0300] "GET /cartaz-novo/ HTTP/1.1" 404 - "-" "Mozilla/5.0 (Windows NT 10.0; Win64; x64) AppleWebKit/537.36 (KHTML, like Gecko) Chrome/146.0.0.0 Safari/537.36"
186.233.191.141 - - [07/Apr/2026:10:46:31 -0300] "GET /cartaz-novo/ HTTP/1.1" 404 - "-" "Mozilla/5.0 (Windows NT 10.0; Win64; x64) AppleWebKit/537.36 (KHTML, like Gecko) Chrome/146.0.0.0 Safari/537.36"
186.233.191.141 - - [07/Apr/2026:10:46:31 -0300] "GET /cartaz-novo/ HTTP/1.1" 404 - "-" "Mozilla/5.0 (Windows NT 10.0; Win64; x64) AppleWebKit/537.36 (KHTML, like Gecko) Chrome/146.0.0.0 Safari/537.36"
186.233.191.141 - - [07/Apr/2026:10:46:32 -0300] "GET /cartaz-novo/ HTTP/1.1" 404 - "-" "Mozilla/5.0 (Windows NT 10.0; Win64; x64) AppleWebKit/537.36 (KHTML, like Gecko) Chrome/146.0.0.0 Safari/537.36"
177.220.133.178 - - [07/Apr/2026:10:46:41 -0300] "GET /cartaz-novo/ HTTP/1.1" 404 - "-" "Mozilla/5.0 (Windows NT 10.0; Win64; x64) AppleWebKit/537.36 (KHTML, like Gecko) Chrome/146.0.0.0 Safari/537.36"
177.220.133.178 - - [07/Apr/2026:10:46:43 -0300] "GET /cartaz-novo/ HTTP/1.1" 404 - "-" "Mozilla/5.0 (Windows NT 10.0; Win64; x64) AppleWebKit/537.36 (KHTML, like Gecko) Chrome/146.0.0.0 Safari/537.36"
85.208.96.204 - - [07/Apr/2026:10:46:44 -0300] "GET /pdf/web/viewer.html HTTP/1.1" 200 22148 "-" "Mozilla/5.0 (compatible; SemrushBot/7~bl; +http://www.semrush.com/bot.html)"
177.220.133.178 - - [07/Apr/2026:10:46:44 -0300] "GET /favicon.ico HTTP/1.1" 404 - "https://ffprestadora.com.br/cartaz-novo/" "Mozilla/5.0 (Windows NT 10.0; Win64; x64) AppleWebKit/537.36 (KHTML, like Gecko) Chrome/146.0.0.0 Safari/537.36"
177.220.133.178 - - [07/Apr/2026:10:46:46 -0300] "GET /cartaz-novo/ HTTP/1.1" 404 - "-" "Mozilla/5.0 (Windows NT 10.0; Win64; x64) AppleWebKit/537.36 (KHTML, like Gecko) Chrome/146.0.0.0 Safari/537.36"
186.233.191.141 - - [07/Apr/2026:10:46:47 -0300] "GET /cartaz-novo/ HTTP/1.1" 404 - "-" "Mozilla/5.0 (Windows NT 10.0; Win64; x64) AppleWebKit/537.36 (KHTML, like Gecko) Chrome/146.0.0.0 Safari/537.36"
186.233.191.141 - - [07/Apr/2026:10:46:48 -0300] "GET /cartaz-novo/ HTTP/1.1" 404 - "-" "Mozilla/5.0 (Windows NT 10.0; Win64; x64) AppleWebKit/537.36 (KHTML, like Gecko) Chrome/146.0.0.0 Safari/537.36"
186.233.191.141 - - [07/Apr/2026:10:46:48 -0300] "GET /favicon.ico HTTP/1.1" 404 - "https://www.ffprestadora.com.br/cartaz-novo/" "Mozilla/5.0 (Windows NT 10.0; Win64; x64) AppleWebKit/537.36 (KHTML, like Gecko) Chrome/146.0.0.0 Safari/537.36"
186.233.191.141 - - [07/Apr/2026:10:46:51 -0300] "GET /cartaz-novo/ HTTP/1.1" 404 - "-" "Mozilla/5.0 (Windows NT 10.0; Win64; x64) AppleWebKit/537.36 (KHTML, like Gecko) Chrome/146.0.0.0 Safari/537.36"
186.233.191.141 - - [07/Apr/2026:10:47:08 -0300] "GET /cartaz-novo/ HTTP/1.1" 404 - "-" "Mozilla/5.0 (Windows NT 10.0; Win64; x64) AppleWebKit/537.36 (KHTML, like Gecko) Chrome/146.0.0.0 Safari/537.36"
177.220.133.178 - - [07/Apr/2026:10:47:14 -0300] "GET /cartaz-novo/ HTTP/1.1" 404 - "-" "Mozilla/5.0 (Windows NT 10.0; Win64; x64) AppleWebKit/537.36 (KHTML, like Gecko) Chrome/146.0.0.0 Safari/537.36"
177.220.133.178 - - [07/Apr/2026:10:47:15 -0300] "GET /cartaz-novo/ HTTP/1.1" 404 - "-" "Mozilla/5.0 (Windows NT 10.0; Win64; x64) AppleWebKit/537.36 (KHTML, like Gecko) Chrome/146.0.0.0 Safari/537.36"
177.220.133.178 - - [07/Apr/2026:10:47:16 -0300] "GET /favicon.ico HTTP/1.1" 404 - "https://ffprestadora.com.br/cartaz-novo/" "Mozilla/5.0 (Windows NT 10.0; Win64; x64) AppleWebKit/537.36 (KHTML, like Gecko) Chrome/146.0.0.0 Safari/537.36"
177.220.133.178 - - [07/Apr/2026:10:47:20 -0300] "GET /cartaz-novo/ HTTP/1.1" 404 - "-" "Mozilla/5.0 (Windows NT 10.0; Win64; x64) AppleWebKit/537.36 (KHTML, like Gecko) Chrome/146.0.0.0 Safari/537.36"
177.220.133.178 - - [07/Apr/2026:10:47:32 -0300] "GET /cartaz-novo/ HTTP/1.1" 404 - "-" "Mozilla/5.0 (Windows NT 10.0; Win64; x64) AppleWebKit/537.36 (KHTML, like Gecko) Chrome/146.0.0.0 Safari/537.36"
177.220.133.178 - - [07/Apr/2026:10:47:53 -0300] "GET /cartaz-novo/ HTTP/1.1" 404 - "-" "Mozilla/5.0 (Windows NT 10.0; Win64; x64) AppleWebKit/537.36 (KHTML, like Gecko) Chrome/146.0.0.0 Safari/537.36"
189.76.71.206 - - [07/Apr/2026:10:48:19 -0300] "GET /cartaz-novo/ HTTP/1.1" 404 - "-" "Mozilla/5.0 (Windows NT 10.0; Win64; x64) AppleWebKit/537.36 (KHTML, like Gecko) Chrome/146.0.0.0 Safari/537.36"
189.76.71.206 - - [07/Apr/2026:10:48:20 -0300] "GET /cartaz-novo/ HTTP/1.1" 404 - "-" "Mozilla/5.0 (Windows NT 10.0; Win64; x64) AppleWebKit/537.36 (KHTML, like Gecko) Chrome/146.0.0.0 Safari/537.36"
189.76.71.206 - - [07/Apr/2026:10:48:20 -0300] "GET /cartaz-novo/ HTTP/1.1" 404 - "-" "Mozilla/5.0 (Windows NT 10.0; Win64; x64) AppleWebKit/537.36 (KHTML, like Gecko) Chrome/146.0.0.0 Safari/537.36"
189.76.71.206 - - [07/Apr/2026:10:48:36 -0300] "GET /cartaz-novo/ HTTP/1.1" 404 - "-" "Mozilla/5.0 (Windows NT 10.0; Win64; x64) AppleWebKit/537.36 (KHTML, like Gecko) Chrome/146.0.0.0 Safari/537.36"
189.76.71.206 - - [07/Apr/2026:10:48:38 -0300] "GET /cartaz-novo/ HTTP/1.1" 404 - "-" "Mozilla/5.0 (Windows NT 10.0; Win64; x64) AppleWebKit/537.36 (KHTML, like Gecko) Chrome/146.0.0.0 Safari/537.36"
189.76.71.206 - - [07/Apr/2026:10:48:38 -0300] "GET /cartaz-novo/ HTTP/1.1" 404 - "-" "Mozilla/5.0 (Windows NT 10.0; Win64; x64) AppleWebKit/537.36 (KHTML, like Gecko) Chrome/146.0.0.0 Safari/537.36"
189.76.71.206 - - [07/Apr/2026:10:48:38 -0300] "GET /cartaz-novo/ HTTP/1.1" 404 - "-" "Mozilla/5.0 (Windows NT 10.0; Win64; x64) AppleWebKit/537.36 (KHTML, like Gecko) Chrome/146.0.0.0 Safari/537.36"
